000
CXUS54 KLUB 010830
CF6LBB
PRELIMINARY LOCAL CLIMATOLOGICAL DATA (WS FORM: F-6)
STATION: LUBBOCK
MONTH: JANUARY
YEAR: 2022
LATITUDE: 33 39 N
LONGITUDE: 101 49 W
TEMPERATURE IN F: :PCPN: SNOW: WIND :SUNSHINE: SKY :PK WND
================================================================================
1 2 3 4 5 6A 6B 7 8 9 10 11 12 13 14 15 16 17 18
12Z AVG MX 2MIN
DY MAX MIN AVG DEP HDD CDD WTR SNW DPTH SPD SPD DIR MIN PSBL S-S WX SPD DR
================================================================================
1 53 14 34 -6 31 0 0.17 0.8 0 17.8 32 180 M M 7 1289 45 170
2 38 8 23 -17 42 0 0.00 0.0 1 10.1 23 330 M M 0 30 340
3 52 19 36 -4 29 0 0.00 0.0 T 9.1 21 210 M M 1 27 210
4 68 27 48 8 17 0 0.00 0.0 0 16.3 39 270 M M 3 54 270
5 53 30 42 2 23 0 0.00 0.0 0 9.6 17 230 M M 1 24 30
6 44 15 30 -10 35 0 0.00 0.0 0 12.1 25 10 M M 5 37 40
7 53 17 35 -5 30 0 0.00 0.0 0 12.1 20 190 M M 1 24 190
8 74 32 53 13 12 0 0.00 0.0 0 12.4 23 270 M M 2 34 340
9 54 27 41 1 24 0 0.00 0.0 0 14.5 28 40 M M 7 38 10
10 55 20 38 -2 27 0 0.00 0.0 0 5.5 10 280 M M 3 12 240
11 56 25 41 0 24 0 0.00 0.0 0 11.2 22 210 M M 5 30 200
12 68 24 46 5 19 0 0.00 0.0 0 6.7 13 30 M M 3 16 230
13 70 27 49 8 16 0 0.00 0.0 0 5.9 12 180 M M 2 14 170
14 73 35 54 13 11 0 0.00 0.0 0 18.0 39 360 M M 7 8 59 20
15 45 21 33 -8 32 0 0.00 0.0 0 21.0 37 360 M M 3 8 53 360
16 68 19 44 3 21 0 0.00 0.0 0 9.2 17 290 M M 1 22 360
17 63 22 43 2 22 0 0.00 0.0 0 7.9 18 190 M M 4 24 190
18 71 37 54 13 11 0 0.00 0.0 0 15.5 33 280 M M 2 42 290
19 47 26 37 -4 28 0 0.00 0.0 0 15.3 30 30 M M 5 40 20
20 28 19 24 -17 41 0 0.00 0.0 0 10.5 21 30 M M 9 26 20
21 47 16 32 -9 33 0 0.00 0.0 0 10.9 21 180 M M 2 27 170
22 49 18 34 -8 31 0 0.00 0.0 0 6.6 13 180 M M 1 17 190
23 57 20 39 -3 26 0 0.00 0.0 0 5.6 13 310 M M 1 16 310
24 64 24 44 2 21 0 0.00 0.0 0 8.3 15 300 M M 1 20 300
25 52 25 39 -3 26 0 0.00 0.0 0 16.0 28 110 M M 3 37 70
26 30 23 27 -15 38 0 0.03 0.2 0 9.4 23 60 M M 10 1456 30 60
27 50 21 36 -6 29 0 0.00 0.0 T 11.1 20 30 M M 5 18 26 10
28 53 19 36 -6 29 0 0.00 0.0 0 10.2 20 280 M M 0 26 280
29 64 19 42 0 23 0 0.00 0.0 0 10.6 18 250 M M 1 24 240
30 60 18 39 -3 26 0 T 0.0 0 5.0 10 260 M M 6 12 200
31 66 28 47 4 18 0 0.00 0.0 0 8.2 17 210 M M 3 22 240
================================================================================
SM 1725 695 795 0 0.20 1.0 342.6 M 104
================================================================================
AV 55.6 22.4 11.1 FASTST M M 3 MAX(MPH)
MISC ----> # 39 270 59 20
================================================================================
NOTES:
# LAST OF SEVERAL OCCURRENCES
COLUMN 17 PEAK WIND IN M.P.H.
PRELIMINARY LOCAL CLIMATOLOGICAL DATA (WS FORM: F-6) , PAGE 2
STATION: LUBBOCK
MONTH: JANUARY
YEAR: 2022
LATITUDE: 33 39 N
LONGITUDE: 101 49 W
[TEMPERATURE DATA] [PRECIPITATION DATA] SYMBOLS USED IN COLUMN 16
AVERAGE MONTHLY: 39.0 TOTAL FOR MONTH: 0.20 1 = FOG OR MIST
DPTR FM NORMAL: -2.1 DPTR FM NORMAL: -0.45 2 = FOG REDUCING VISIBILITY
HIGHEST: 74 ON 8 GRTST 24HR 0.25 ON 31- 1 TO 1/4 MILE OR LESS
LOWEST: 8 ON 2 3 = THUNDER
SNOW, ICE PELLETS, HAIL 4 = ICE PELLETS
TOTAL MONTH: 1.0 INCH 5 = HAIL
GRTST 24HR 0.8 ON 1- 1 6 = FREEZING RAIN OR DRIZZLE
GRTST DEPTH: 1 ON 2 7 = DUSTSTORM OR SANDSTORM:
VSBY 1/2 MILE OR LESS
8 = SMOKE OR HAZE
[NO. OF DAYS WITH] [WEATHER - DAYS WITH] 9 = BLOWING SNOW
X = TORNADO
MAX 32 OR BELOW: 2 0.01 INCH OR MORE: 2
MAX 90 OR ABOVE: 0 0.10 INCH OR MORE: 1
MIN 32 OR BELOW: 29 0.50 INCH OR MORE: 0
MIN 0 OR BELOW: 0 1.00 INCH OR MORE: 0
[HDD (BASE 65) ]
TOTAL THIS MO. 795 CLEAR (SCALE 0-3) 18
DPTR FM NORMAL 54 PTCLDY (SCALE 4-7) 11
TOTAL FM JUL 1 1657 CLOUDY (SCALE 8-10) 2
DPTR FM NORMAL -439
[CDD (BASE 65) ]
TOTAL THIS MO. 0
DPTR FM NORMAL 0 [PRESSURE DATA]
TOTAL FM JAN 1 0 HIGHEST SLP 30.71 ON 10
DPTR FM NORMAL 0 LOWEST SLP 29.49 ON 1
[REMARKS]
#FINAL-01-22#