000
CXUS54 KLUB 021405
CF6LBB
PRELIMINARY LOCAL CLIMATOLOGICAL DATA (WS FORM: F-6)
STATION: LUBBOCK
MONTH: DECEMBER
YEAR: 2023
LATITUDE: 33 39 N
LONGITUDE: 101 49 W
TEMPERATURE IN F: :PCPN: SNOW: WIND :SUNSHINE: SKY :PK WND
================================================================================
1 2 3 4 5 6A 6B 7 8 9 10 11 12 13 14 15 16 17 18
12Z AVG MX 2MIN
DY MAX MIN AVG DEP HDD CDD WTR SNW DPTH SPD SPD DIR MIN PSBL S-S WX SPD DR
================================================================================
1 64 30 47 2 18 0 0.00 0.0 0 9.0 24 260 M M 4 32 250
2 60 36 48 4 17 0 0.00 0.0 0 16.8 43 290 M M 2 8 61 300
3 67 34 51 7 14 0 0.00 0.0 0 18.1 38 280 M M 1 8 51 270
4 63 25 44 0 21 0 0.00 0.0 0 8.1 18 220 M M 3 24 230
5 66 32 49 5 16 0 0.00 0.0 0 8.4 18 10 M M 0 25 10
6 68 31 50 7 15 0 0.00 0.0 0 10.0 22 210 M M 3 29 200
7 78 46 62 19 3 0 0.00 0.0 0 15.1 23 210 M M 4 1 32 210
8 73 37 55 12 10 0 0.00 0.0 0 11.1 24 240 M M 1 30 250
9 47 26 37 -6 28 0 0.00 0.0 0 12.0 26 360 M M 2 33 360
10 55 19 37 -5 28 0 0.00 0.0 0 12.6 31 240 M M 3 43 250
11 62 27 45 3 20 0 0.00 0.0 0 9.0 16 110 M M 6 22 100
12 56 31 44 2 21 0 0.09 0.0 0 11.3 23 150 M M 9 13 28 160
13 49 42 46 4 19 0 0.32 0.0 0 17.0 26 100 M M 10 1 31 110
14 42 37 40 -2 25 0 0.45 0.0 0 12.9 22 100 M M 10 13 28 110
15 54 34 44 3 21 0 0.00 0.0 0 11.1 22 340 M M 6 1 22 340
16 63 31 47 6 18 0 0.00 0.0 0 8.3 16 250 M M 1 16 250
17 71 31 51 10 14 0 0.00 0.0 0 5.4 14 20 M M 3 14 20
18 56 30 43 2 22 0 0.00 0.0 0 7.9 15 110 M M 4 15 110
19 61 39 50 9 15 0 0.00 0.0 0 11.5 21 210 M M 7 24 190
20 61 36 49 8 16 0 0.00 0.0 0 8.8 17 200 M M 5 22 190
21 62 46 54 13 11 0 T 0.0 0 8.2 15 170 M M 6 1 15 170
22 68 37 53 12 12 0 0.00 0.0 0 6.6 10 160 M M 1 10 160
23 61 43 52 12 13 0 0.42 0.0 0 14.8 20 180 M M 7 13 29 180
24 50 31 41 1 24 0 0.00 0.0 0 14.9 28 350 M M 3 33 350
25 43 26 35 -5 30 0 0.00 0.0 0 10.3 17 340 M M 1 17 340
26 47 27 37 -3 28 0 0.00 0.0 0 7.3 16 340 M M 2 16 340
27 53 26 40 0 25 0 0.00 0.0 0 8.6 21 330 M M 2 29 330
28 53 25 39 -1 26 0 0.00 0.0 0 9.5 21 330 M M 2 29 330
29 59 24 42 2 23 0 0.00 0.0 0 10.1 17 310 M M 0 22 320
30 67 25 46 6 19 0 0.00 0.0 0 7.2 16 240 M M 2 21 250
31 54 31 43 3 22 0 0.00 0.0 0 8.9 18 60 M M 5 24 70
================================================================================
SM 1833 995 594 0 1.28 0.0 330.8 M 115
================================================================================
AV 59.1 32.1 10.7 FASTST M M 4 MAX(MPH)
MISC ----> 43 290 61 300
================================================================================
NOTES:
# LAST OF SEVERAL OCCURRENCES
COLUMN 17 PEAK WIND IN M.P.H.
PRELIMINARY LOCAL CLIMATOLOGICAL DATA (WS FORM: F-6) , PAGE 2
STATION: LUBBOCK
MONTH: DECEMBER
YEAR: 2023
LATITUDE: 33 39 N
LONGITUDE: 101 49 W
[TEMPERATURE DATA] [PRECIPITATION DATA] SYMBOLS USED IN COLUMN 16
AVERAGE MONTHLY: 45.6 TOTAL FOR MONTH: 1.28 1 = FOG OR MIST
DPTR FM NORMAL: 3.9 DPTR FM NORMAL: 0.53 2 = FOG REDUCING VISIBILITY
HIGHEST: 78 ON 7 GRTST 24HR 0.45 ON 14-14 TO 1/4 MILE OR LESS
LOWEST: 19 ON 10 3 = THUNDER
SNOW, ICE PELLETS, HAIL 4 = ICE PELLETS
TOTAL MONTH: 0.0 INCH 5 = HAIL
GRTST 24HR 0.0 6 = FREEZING RAIN OR DRIZZLE
GRTST DEPTH: 0 7 = DUSTSTORM OR SANDSTORM:
VSBY 1/2 MILE OR LESS
8 = SMOKE OR HAZE
[NO. OF DAYS WITH] [WEATHER - DAYS WITH] 9 = BLOWING SNOW
X = TORNADO
MAX 32 OR BELOW: 0 0.01 INCH OR MORE: 4
MAX 90 OR ABOVE: 0 0.10 INCH OR MORE: 3
MIN 32 OR BELOW: 19 0.50 INCH OR MORE: 0
MIN 0 OR BELOW: 0 1.00 INCH OR MORE: 0
[HDD (BASE 65) ]
TOTAL THIS MO. 594 CLEAR (SCALE 0-3) 17
DPTR FM NORMAL -128 PTCLDY (SCALE 4-7) 11
TOTAL FM JUL 1 1135 CLOUDY (SCALE 8-10) 3
DPTR FM NORMAL -221
[CDD (BASE 65) ]
TOTAL THIS MO. 0
DPTR FM NORMAL 0 [PRESSURE DATA]
TOTAL FM JAN 1 2436 HIGHEST SLP 30.49 ON 10
DPTR FM NORMAL 488 LOWEST SLP 29.61 ON 8
[REMARKS]
#FINAL-12-23#