000
CXUS54 KHGX 021411
CF6LBX
PRELIMINARY LOCAL CLIMATOLOGICAL DATA (WS FORM: F-6)
STATION: ANGLETON/LAKE_JACKS
MONTH: MARCH
YEAR: 2022
LATITUDE: 29 6 N
LONGITUDE: 95 28 W
TEMPERATURE IN F: :PCPN: SNOW: WIND :SUNSHINE: SKY :PK WND
================================================================================
1 2 3 4 5 6A 6B 7 8 9 10 11 12 13 14 15 16 17 18
12Z AVG MX 2MIN
DY MAX MIN AVG DEP HDD CDD WTR SNW DPTH SPD SPD DIR MIN PSBL S-S WX SPD DR
================================================================================
1 71 33 52 -10 13 0 0.00 0.0 0 3.3 14 180 M M 0 18 18 170
2 73 36 55 -7 10 0 0.00 0.0 0 4.2 15 170 M M 0 128 21 190
3 76 50 63 1 2 0 0.00 0.0 0 5.2 15 160 M M 4 12 20 150
4 79 61 70 8 0 5 0.00 0.0 0 10.3 21 150 M M 9 28 160
5 81 68 75 13 0 10 T 0.0 0 15.8 29 170 M M 9 36 180
6 82 69 76 14 0 11 0.00 0.0 0 15.5 30 170 M M 9 1 38 170
7 72 55 64 1 1 0 T 0.0 0 13.1 26 10 M M 10 1 37 20
8 55 45 50 -13 15 0 0.04 0.0 0 11.5 20 10 M M 10 26 10
9 61 42 52 -11 13 0 T 0.0 0 7.5 21 10 M M 6 3 26 10
10 71 38 55 -8 10 0 0.00 0.0 0 6.9 16 150 M M 2 18 22 40
11 69 41 55 -8 10 0 T 0.0 0 12.6 31 350 M M 10 46 330
12 59 29 44 -20 21 0 0.00 0.0 0 7.7 26 10 M M 0 36 360
13 64 30 47 -17 18 0 0.00 0.0 0 6.0 18 140 M M 5 25 160
14 79 58 69 5 0 4 0.26 0.0 0 11.6 25 200 M M 8 13 37 200
15 76 53 65 1 0 0 0.40 0.0 0 7.2 21 330 M M 2 1 37 330
16 76 45 61 -3 4 0 0.00 0.0 0 5.0 17 180 M M 0 1 22 190
17 77 47 62 -2 3 0 0.02 0.0 0 13.0 26 160 M M 6 1 39 160
18 74 54 64 0 1 0 0.00 0.0 0 10.2 23 340 M M 5 18 37 330
19 77 43 60 -5 5 0 0.00 0.0 0 6.1 17 30 M M 0 24 40
20 73 43 58 -7 7 0 0.00 0.0 0 9.0 21 130 M M 1 1 31 140
21 77 67 72 7 0 7 0.05 0.0 0 18.2 32 150 M M 10 18 45 180
22 75 53 64 -1 1 0 0.56 0.0 0 11.0 22 340 M M 4 13 33 340
23 70 43 57 -8 8 0 0.00 0.0 0 5.5 18 350 M M 0 27 350
24 71 45 58 -8 7 0 0.00 0.0 0 6.0 20 330 M M 0 28 310
25 85 42 64 -2 1 0 0.00 0.0 0 2.5 15 180 M M 0 18 18 180
26 85 49 67 1 0 2 0.00 0.0 0 7.8 21 170 M M 1 128 25 210
27 81 58 70 4 0 5 0.00 0.0 0 10.4 20 180 M M 0 28 170
28 86 61 74 8 0 9 0.00 0.0 0 12.9 25 190 M M 5 8 34 170
29 80 70 75 9 0 10 0.00 0.0 0 19.3 30 170 M M 9 39 160
30 86 57 72 5 0 7 0.40 0.0 0 12.0 33 160 M M 5 18 45 150
31 78 46 62 -5 3 0 0.00 0.0 0 5.0 15 30 M M 0 22 40
================================================================================
SM 2319 1531 153 70 1.73 0.0 292.3 M 130
================================================================================
AV 74.8 49.4 9.4 FASTST M M 4 MAX(MPH)
MISC ----> 33 160 46 330
================================================================================
NOTES:
# LAST OF SEVERAL OCCURRENCES
COLUMN 17 PEAK WIND IN M.P.H.
PRELIMINARY LOCAL CLIMATOLOGICAL DATA (WS FORM: F-6) , PAGE 2
STATION: ANGLETON/LAKE_JACKS
MONTH: MARCH
YEAR: 2022
LATITUDE: 29 6 N
LONGITUDE: 95 28 W
[TEMPERATURE DATA] [PRECIPITATION DATA] SYMBOLS USED IN COLUMN 16
AVERAGE MONTHLY: 62.1 TOTAL FOR MONTH: 1.73 1 = FOG OR MIST
DPTR FM NORMAL: -2.1 DPTR FM NORMAL: -1.33 2 = FOG REDUCING VISIBILITY
HIGHEST: 86 ON 30,28 GRTST 24HR 0.66 ON 14-15 TO 1/4 MILE OR LESS
LOWEST: 29 ON 12 3 = THUNDER
SNOW, ICE PELLETS, HAIL 4 = ICE PELLETS
TOTAL MONTH: 0.0 INCH 5 = HAIL
GRTST 24HR 0.0 6 = FREEZING RAIN OR DRIZZLE
GRTST DEPTH: 0 7 = DUSTSTORM OR SANDSTORM:
VSBY 1/2 MILE OR LESS
8 = SMOKE OR HAZE
[NO. OF DAYS WITH] [WEATHER - DAYS WITH] 9 = BLOWING SNOW
X = TORNADO
MAX 32 OR BELOW: 0 0.01 INCH OR MORE: 7
MAX 90 OR ABOVE: 0 0.10 INCH OR MORE: 4
MIN 32 OR BELOW: 2 0.50 INCH OR MORE: 1
MIN 0 OR BELOW: 0 1.00 INCH OR MORE: 0
[HDD (BASE 65) ]
TOTAL THIS MO. 153 CLEAR (SCALE 0-3) 14
DPTR FM NORMAL 39 PTCLDY (SCALE 4-7) 9
TOTAL FM JUL 1 1025 CLOUDY (SCALE 8-10) 8
DPTR FM NORMAL -70
[CDD (BASE 65) ]
TOTAL THIS MO. 70
DPTR FM NORMAL -18 [PRESSURE DATA]
TOTAL FM JAN 1 120 HIGHEST SLP 30.53 ON 12
DPTR FM NORMAL -30 LOWEST SLP 29.54 ON 30
[REMARKS]
#FINAL-03-22#