000
CDUS43 KLMK 170630
CLILEX


CLIMATE REPORT
NATIONAL WEATHER SERVICE LOUISVILLE KY
227 AM EDT TUE APR 17 2018


...................................

...THE LEXINGTON KY CLIMATE SUMMARY FOR APRIL 16 2018...

CLIMATE NORMAL PERIOD 1981 TO 2010
CLIMATE RECORD PERIOD 1872 TO 2018


WEATHER ITEM   OBSERVED TIME   RECORD YEAR NORMAL DEPARTURE LAST
                VALUE   (LST)  VALUE       VALUE  FROM      YEAR
                                                  NORMAL
..................................................................
TEMPERATURE (F)
 YESTERDAY
  MAXIMUM         42    126 AM  85    1896  66    -24       76
  MINIMUM         30    203 PM  20    1875  45    -15       61
  AVERAGE         36                        56    -20       69

PRECIPITATION (IN)
  YESTERDAY        0.04          1.99 1954   0.11  -0.07     0.42
  MONTH TO DATE    2.82                      1.80   1.02     1.22
  SINCE MAR 1      8.14                      5.87   2.27     4.50
  SINCE JAN 1     20.36                     12.27   8.09    12.60

SNOWFALL (IN)
  YESTERDAY        T             0.8  1905   0.0    0.0      0.0
  MONTH TO DATE    1.4                       0.3    1.1      0.0
  SINCE MAR 1     13.6                       1.7   11.9       T
  SINCE JUL 1     21.2                      13.0    8.2      3.4
  SNOW DEPTH       0

DEGREE DAYS
 HEATING
  YESTERDAY       29                        10     19        0
  MONTH TO DATE  267                       198     69       89
  SINCE MAR 1    942                       803    139      619
  SINCE JUL 1   4254                      4374   -120     3329

 COOLING
  YESTERDAY        0                         1     -1        4
  MONTH TO DATE    8                         7      1       20
  SINCE MAR 1      8                         9     -1       25
  SINCE JAN 1     15                         9      6       29
..................................................................


WIND (MPH)
  HIGHEST WIND SPEED    32   HIGHEST WIND DIRECTION     W (270)
  HIGHEST GUST SPEED    48   HIGHEST GUST DIRECTION     W (270)
  AVERAGE WIND SPEED    14.7


SKY COVER
  POSSIBLE SUNSHINE  MM
  AVERAGE SKY COVER 1.0


WEATHER CONDITIONS
 THE FOLLOWING WEATHER WAS RECORDED YESTERDAY.
  LIGHT RAIN
  SNOW
  LIGHT SNOW
  FOG
  FOG W/VISIBILITY <= 1/4 MILE
  HAZE


RELATIVE HUMIDITY (PERCENT)
 HIGHEST    89           700 AM
 LOWEST     69           700 PM
 AVERAGE    79

..........................................................


THE LEXINGTON KY CLIMATE NORMALS FOR TODAY
                         NORMAL    RECORD    YEAR
 MAXIMUM TEMPERATURE (F)   66        87      1891
 MINIMUM TEMPERATURE (F)   45        17      1875


SUNRISE AND SUNSET
APRIL 17 2018.........SUNRISE   700 AM EDT   SUNSET   816 PM EDT
APRIL 18 2018.........SUNRISE   659 AM EDT   SUNSET   817 PM EDT


-  INDICATES NEGATIVE NUMBERS.
R  INDICATES RECORD WAS SET OR TIED.
MM INDICATES DATA IS MISSING.
T  INDICATES TRACE AMOUNT.

$$

BJS
