000
CDUS43 KLMK 200628
CLILEX


CLIMATE REPORT
NATIONAL WEATHER SERVICE LOUISVILLE KY
227 AM EDT FRI APR 20 2018


...................................

...THE LEXINGTON KY CLIMATE SUMMARY FOR APRIL 19 2018...

CLIMATE NORMAL PERIOD 1981 TO 2010
CLIMATE RECORD PERIOD 1872 TO 2018


WEATHER ITEM   OBSERVED TIME   RECORD YEAR NORMAL DEPARTURE LAST
                VALUE   (LST)  VALUE       VALUE  FROM      YEAR
                                                  NORMAL
..................................................................
TEMPERATURE (F)
 YESTERDAY
  MAXIMUM         52    439 PM  86    1941  67    -15       81
  MINIMUM         38    801 AM  25    1983  46     -8       62
  AVERAGE         45                        56    -11       72

PRECIPITATION (IN)
  YESTERDAY        0.00          2.06 1901   0.12  -0.12     0.03
  MONTH TO DATE    2.94                      2.15   0.79     1.28
  SINCE MAR 1      8.26                      6.22   2.04     4.56
  SINCE JAN 1     20.48                     12.62   7.86    12.66

SNOWFALL (IN)
  YESTERDAY        0.0           2.0  1901   0.0    0.0      0.0
  MONTH TO DATE    1.4                       0.3    1.1      0.0
  SINCE MAR 1     13.6                       1.7   11.9       T
  SINCE JUL 1     21.2                      13.0    8.2      3.4
  SNOW DEPTH       0

DEGREE DAYS
 HEATING
  YESTERDAY       20                         9     11        0
  MONTH TO DATE  314                       227     87       89
  SINCE MAR 1    989                       832    157      619
  SINCE JUL 1   4301                      4403   -102     3329

 COOLING
  YESTERDAY        0                         1     -1        7
  MONTH TO DATE    8                        10     -2       32
  SINCE MAR 1      8                        12     -4       37
  SINCE JAN 1     15                        12      3       41
..................................................................


WIND (MPH)
  HIGHEST WIND SPEED    23   HIGHEST WIND DIRECTION    NW (300)
  HIGHEST GUST SPEED    35   HIGHEST GUST DIRECTION    NW (300)
  AVERAGE WIND SPEED    11.0


SKY COVER
  POSSIBLE SUNSHINE  MM
  AVERAGE SKY COVER 0.7


WEATHER CONDITIONS
 THE FOLLOWING WEATHER WAS RECORDED YESTERDAY.
  NO SIGNIFICANT WEATHER WAS OBSERVED.


RELATIVE HUMIDITY (PERCENT)
 HIGHEST    65           100 AM
 LOWEST     50           500 PM
 AVERAGE    58

..........................................................


THE LEXINGTON KY CLIMATE NORMALS FOR TODAY
                         NORMAL    RECORD    YEAR
 MAXIMUM TEMPERATURE (F)   67        85      1957
                                             1915
                                             1896
 MINIMUM TEMPERATURE (F)   46        25      1983


SUNRISE AND SUNSET
APRIL 20 2018.........SUNRISE   656 AM EDT   SUNSET   819 PM EDT
APRIL 21 2018.........SUNRISE   655 AM EDT   SUNSET   820 PM EDT


-  INDICATES NEGATIVE NUMBERS.
R  INDICATES RECORD WAS SET OR TIED.
MM INDICATES DATA IS MISSING.
T  INDICATES TRACE AMOUNT.

$$

SCHOETTMER
