377
CDUS43 KLMK 220627
CLILEX


CLIMATE REPORT
NATIONAL WEATHER SERVICE LOUISVILLE KY
227 AM EDT SUN APR 22 2018


...................................

...THE LEXINGTON KY CLIMATE SUMMARY FOR APRIL 21 2018...

CLIMATE NORMAL PERIOD 1981 TO 2010
CLIMATE RECORD PERIOD 1872 TO 2018


WEATHER ITEM   OBSERVED TIME   RECORD YEAR NORMAL DEPARTURE LAST
                VALUE   (LST)  VALUE       VALUE  FROM      YEAR
                                                  NORMAL
..................................................................
TEMPERATURE (F)
 YESTERDAY
  MAXIMUM         68    402 PM  86    1963  68      0       69
  MINIMUM         41    537 AM  26    1875  46     -5       54
  AVERAGE         55                        57     -2       62

PRECIPITATION (IN)
  YESTERDAY        0.00          2.50 1972   0.12  -0.12     0.07
  MONTH TO DATE    2.94                      2.40   0.54     1.35
  SINCE MAR 1      8.26                      6.47   1.79     4.63
  SINCE JAN 1     20.48                     12.87   7.61    12.73

SNOWFALL (IN)
  YESTERDAY        0.0           1.0  1901   0.0    0.0      0.0
  MONTH TO DATE    1.4                       0.3    1.1      0.0
  SINCE MAR 1     13.6                       1.7   11.9       T
  SINCE JUL 1     21.2                      13.0    8.2      3.4
  SNOW DEPTH       0

DEGREE DAYS
 HEATING
  YESTERDAY       10                         9      1        3
  MONTH TO DATE  341                       245     96       92
  SINCE MAR 1   1016                       850    166      622
  SINCE JUL 1   4328                      4421    -93     3332

 COOLING
  YESTERDAY        0                         1     -1        0
  MONTH TO DATE    8                        12     -4       40
  SINCE MAR 1      8                        14     -6       45
  SINCE JAN 1     15                        14      1       49
..................................................................


WIND (MPH)
  HIGHEST WIND SPEED    15   HIGHEST WIND DIRECTION    NE (40)
  HIGHEST GUST SPEED    20   HIGHEST GUST DIRECTION    NE (60)
  AVERAGE WIND SPEED     9.6


SKY COVER
  POSSIBLE SUNSHINE  MM
  AVERAGE SKY COVER 0.0


WEATHER CONDITIONS
 THE FOLLOWING WEATHER WAS RECORDED YESTERDAY.
  NO SIGNIFICANT WEATHER WAS OBSERVED.


RELATIVE HUMIDITY (PERCENT)
 HIGHEST    55           500 AM
 LOWEST     26           500 PM
 AVERAGE    41

..........................................................


THE LEXINGTON KY CLIMATE NORMALS FOR TODAY
                         NORMAL    RECORD    YEAR
 MAXIMUM TEMPERATURE (F)   68        85      1987
                                             1985
                                             1944
 MINIMUM TEMPERATURE (F)   47        26      1875


SUNRISE AND SUNSET
APRIL 22 2018.........SUNRISE   653 AM EDT   SUNSET   821 PM EDT
APRIL 23 2018.........SUNRISE   652 AM EDT   SUNSET   822 PM EDT


-  INDICATES NEGATIVE NUMBERS.
R  INDICATES RECORD WAS SET OR TIED.
MM INDICATES DATA IS MISSING.
T  INDICATES TRACE AMOUNT.




$$
