940
CDUS43 KLMK 150639
CLILEX


CLIMATE REPORT
NATIONAL WEATHER SERVICE LOUISVILLE KY
239 AM EDT TUE MAY 15 2018


...................................

...THE LEXINGTON KY CLIMATE SUMMARY FOR MAY 14 2018...

CLIMATE NORMAL PERIOD 1981 TO 2010
CLIMATE RECORD PERIOD 1872 TO 2018


WEATHER ITEM   OBSERVED TIME   RECORD YEAR NORMAL DEPARTURE LAST
                VALUE   (LST)  VALUE       VALUE  FROM      YEAR
                                                  NORMAL
..................................................................
TEMPERATURE (F)
 YESTERDAY
  MAXIMUM         90R   305 PM  88    1962  74     16       82
  MINIMUM         66    512 AM  33    1895  53     13       54
  AVERAGE         78                        64     14       68

PRECIPITATION (IN)
  YESTERDAY        0.00          2.09 2014   0.18  -0.18     0.00
  MONTH TO DATE    2.31                      2.35  -0.04     3.18
  SINCE MAR 1     11.97                     10.02   1.95     8.30
  SINCE JAN 1     24.19                     16.42   7.77    16.40

SNOWFALL (IN)
  YESTERDAY        0.0          MM      MM   0.0    0.0      0.0
  MONTH TO DATE    0.0                       0.0    0.0      0.0
  SINCE MAR 1     13.6                       1.7   11.9       T
  SINCE JUL 1     21.2                      13.0    8.2      3.4
  SNOW DEPTH       0

DEGREE DAYS
 HEATING
  YESTERDAY        0                         4     -4        0
  MONTH TO DATE    6                        68    -62       89
  SINCE MAR 1   1104                       986    118      751
  SINCE JUL 1   4416                      4557   -141     3461

 COOLING
  YESTERDAY       13                         2     11        3
  MONTH TO DATE   87                        21     66       20
  SINCE MAR 1     95                        43     52       91
  SINCE JAN 1    102                        43     59       95
..................................................................


WIND (MPH)
  HIGHEST WIND SPEED    14   HIGHEST WIND DIRECTION     W (260)
  HIGHEST GUST SPEED    19   HIGHEST GUST DIRECTION     W (280)
  AVERAGE WIND SPEED     6.8


SKY COVER
  POSSIBLE SUNSHINE  MM
  AVERAGE SKY COVER 0.1


WEATHER CONDITIONS
 THE FOLLOWING WEATHER WAS RECORDED YESTERDAY.
  NO SIGNIFICANT WEATHER WAS OBSERVED.


RELATIVE HUMIDITY (PERCENT)
 HIGHEST    81           500 AM
 LOWEST     43           100 PM
 AVERAGE    62

..........................................................


THE LEXINGTON KY CLIMATE NORMALS FOR TODAY
                         NORMAL    RECORD    YEAR
 MAXIMUM TEMPERATURE (F)   74        89      1962
 MINIMUM TEMPERATURE (F)   54        34      1888


SUNRISE AND SUNSET
MAY 15 2018...........SUNRISE   628 AM EDT   SUNSET   842 PM EDT
MAY 16 2018...........SUNRISE   627 AM EDT   SUNSET   843 PM EDT


-  INDICATES NEGATIVE NUMBERS.
R  INDICATES RECORD WAS SET OR TIED.
MM INDICATES DATA IS MISSING.
T  INDICATES TRACE AMOUNT.




$$
