472
CDUS43 KLMK 152032
CLILEX


CLIMATE REPORT
NATIONAL WEATHER SERVICE LOUISVILLE KY
432 PM EDT SUN APR 15 2018


...................................

...THE LEXINGTON KY CLIMATE SUMMARY FOR APRIL 15 2018...
VALID TODAY AS OF 0400 PM LOCAL TIME.

CLIMATE NORMAL PERIOD 1981 TO 2010
CLIMATE RECORD PERIOD 1872 TO 2018


WEATHER ITEM   OBSERVED TIME   RECORD YEAR NORMAL DEPARTURE LAST
                VALUE   (LST)  VALUE       VALUE  FROM      YEAR
                                                  NORMAL
..................................................................
TEMPERATURE (F)
 TODAY
  MAXIMUM         63    826 AM  84    2010  66     -3       83
  MINIMUM         51    259 PM  25    1943  45      6       64
  AVERAGE         57                        55      2       74

PRECIPITATION (IN)
  TODAY            0.97          1.22 1994   0.12   0.85     0.00
  MONTH TO DATE    2.77                      1.69   1.08     0.80
  SINCE MAR 1      8.09                      5.76   2.33     4.08
  SINCE JAN 1     20.31                     12.16   8.15    12.18

SNOWFALL (IN)
  TODAY            0.0           0.3  2014   0.0    0.0      0.0
                                      1980
  MONTH TO DATE    1.4                       0.3    1.1      0.0
  SINCE MAR 1     13.6                       1.7   11.9       T
  SINCE JUL 1     21.2                      13.0    8.2      3.4
  SNOW DEPTH       0

DEGREE DAYS
 HEATING
  TODAY            8                        10     -2        0
  MONTH TO DATE  234                       188     46       89
  SINCE MAR 1    909                       793    116      619
  SINCE JUL 1   4221                      4364   -143     3329

 COOLING
  TODAY            0                         1     -1        9
  MONTH TO DATE    8                         6      2       16
  SINCE MAR 1      8                         8      0       21
  SINCE JAN 1     15                         8      7       25
..................................................................


WIND (MPH)
  HIGHEST WIND SPEED    23   HIGHEST WIND DIRECTION    SW (240)
  HIGHEST GUST SPEED    32   HIGHEST GUST DIRECTION    SW (230)
  AVERAGE WIND SPEED    11.2


SKY COVER
  POSSIBLE SUNSHINE  MM
  AVERAGE SKY COVER 0.9


WEATHER CONDITIONS
 THE FOLLOWING WEATHER WAS RECORDED TODAY.
  HEAVY RAIN
  RAIN
  LIGHT RAIN
  FOG


RELATIVE HUMIDITY (PERCENT)
 HIGHEST    90          1200 AM
 LOWEST     84           700 AM
 AVERAGE    87

..........................................................


THE LEXINGTON KY CLIMATE NORMALS FOR TOMORROW
                         NORMAL    RECORD    YEAR
 MAXIMUM TEMPERATURE (F)   66        85      1896
 MINIMUM TEMPERATURE (F)   45        20      1875


SUNRISE AND SUNSET
APRIL 15 2018.........SUNRISE   703 AM EDT   SUNSET   814 PM EDT
APRIL 16 2018.........SUNRISE   702 AM EDT   SUNSET   815 PM EDT


-  INDICATES NEGATIVE NUMBERS.
R  INDICATES RECORD WAS SET OR TIED.
MM INDICATES DATA IS MISSING.
T  INDICATES TRACE AMOUNT.




$$
