000
CDUS43 KLMK 040628
CLILEX


CLIMATE REPORT
NATIONAL WEATHER SERVICE LOUISVILLE KY
228 AM EDT WED APR 4 2018


...................................

...THE LEXINGTON KY CLIMATE SUMMARY FOR APRIL 3 2018...

CLIMATE NORMAL PERIOD 1981 TO 2010
CLIMATE RECORD PERIOD 1872 TO 2018


WEATHER ITEM   OBSERVED TIME   RECORD YEAR NORMAL DEPARTURE LAST
                VALUE   (LST)  VALUE       VALUE  FROM      YEAR
                                                  NORMAL
..................................................................
TEMPERATURE (F)
 YESTERDAY
  MAXIMUM         78    405 PM  84    1934  62     16       70
  MINIMUM         48    217 AM  24    1992  41      7       59
                                      1943
  AVERAGE         63                        51     12       65

PRECIPITATION (IN)
  YESTERDAY        0.52          5.17 2015   0.11   0.41     0.08
  MONTH TO DATE    1.19                      0.35   0.84     0.08
  SINCE MAR 1      6.51                      4.42   2.09     3.36
  SINCE JAN 1     18.73                     10.82   7.91    11.46

SNOWFALL (IN)
  YESTERDAY        0.0           0.5  1936   0.0    0.0      0.0
  MONTH TO DATE    0.0                       0.1   -0.1      0.0
  SINCE MAR 1     12.2                       1.5   10.7       T
  SINCE JUL 1     19.8                      12.8    7.0      3.4
  SNOW DEPTH       0

DEGREE DAYS
 HEATING
  YESTERDAY        2                        14    -12        0
  MONTH TO DATE   44                        43      1       28
  SINCE MAR 1    719                       648     71      558
  SINCE JUL 1   4031                      4219   -188     3268

 COOLING
  YESTERDAY        0                         0      0        0
  MONTH TO DATE    0                         0      0        0
  SINCE MAR 1      0                         2     -2        5
  SINCE JAN 1      7                         2      5        9
..................................................................


WIND (MPH)
  HIGHEST WIND SPEED    37   HIGHEST WIND DIRECTION     W (260)
  HIGHEST GUST SPEED    56   HIGHEST GUST DIRECTION     W (280)
  AVERAGE WIND SPEED    16.5


SKY COVER
  POSSIBLE SUNSHINE  MM
  AVERAGE SKY COVER 0.6


WEATHER CONDITIONS
 THE FOLLOWING WEATHER WAS RECORDED YESTERDAY.
  THUNDERSTORM
  HEAVY RAIN
  RAIN
  LIGHT RAIN
  FOG


RELATIVE HUMIDITY (PERCENT)
 HIGHEST    90          1100 PM
 LOWEST     46           500 PM
 AVERAGE    68

..........................................................


THE LEXINGTON KY CLIMATE NORMALS FOR TODAY
                         NORMAL    RECORD    YEAR
 MAXIMUM TEMPERATURE (F)   62        86      1934
 MINIMUM TEMPERATURE (F)   41        23      1944


SUNRISE AND SUNSET
APRIL  4 2018.........SUNRISE   719 AM EDT   SUNSET   804 PM EDT
APRIL  5 2018.........SUNRISE   718 AM EDT   SUNSET   805 PM EDT


-  INDICATES NEGATIVE NUMBERS.
R  INDICATES RECORD WAS SET OR TIED.
MM INDICATES DATA IS MISSING.
T  INDICATES TRACE AMOUNT.




$$
