000
CDUS43 KLMK 090627
CLILEX


CLIMATE REPORT
NATIONAL WEATHER SERVICE LOUISVILLE KY
227 AM EDT MON APR 9 2018


...................................

...THE LEXINGTON KY CLIMATE SUMMARY FOR APRIL 8 2018...

CLIMATE NORMAL PERIOD 1981 TO 2010
CLIMATE RECORD PERIOD 1872 TO 2018


WEATHER ITEM   OBSERVED TIME   RECORD YEAR NORMAL DEPARTURE LAST
                VALUE   (LST)  VALUE       VALUE  FROM      YEAR
                                                  NORMAL
..................................................................
TEMPERATURE (F)
 YESTERDAY
  MAXIMUM         46    240 PM  83    2001  64    -18       63
  MINIMUM         26    635 AM  21    1936  42    -16       34
  AVERAGE         36                        53    -17       49

PRECIPITATION (IN)
  YESTERDAY        0.00          1.22 1897   0.12  -0.12     0.00
  MONTH TO DATE    1.33                      0.90   0.43     0.53
  SINCE MAR 1      6.65                      4.97   1.68     3.81
  SINCE JAN 1     18.87                     11.37   7.50    11.91

SNOWFALL (IN)
  YESTERDAY        0.0           2.4  1916   0.1   -0.1      0.0
  MONTH TO DATE    0.6                       0.2    0.4      0.0
  SINCE MAR 1     12.8                       1.6   11.2       T
  SINCE JUL 1     20.4                      12.9    7.5      3.4
  SNOW DEPTH       0

DEGREE DAYS
 HEATING
  YESTERDAY       29                        13     16       16
  MONTH TO DATE  162                       109     53       80
  SINCE MAR 1    837                       714    123      610
  SINCE JUL 1   4149                      4285   -136     3320

 COOLING
  YESTERDAY        0                         0      0        0
  MONTH TO DATE    0                         0      0        1
  SINCE MAR 1      0                         2     -2        6
  SINCE JAN 1      7                         2      5       10
..................................................................


WIND (MPH)
  HIGHEST WIND SPEED    12   HIGHEST WIND DIRECTION     E (80)
  HIGHEST GUST SPEED    15   HIGHEST GUST DIRECTION     E (80)
  AVERAGE WIND SPEED     5.1


SKY COVER
  POSSIBLE SUNSHINE  MM
  AVERAGE SKY COVER 0.2


WEATHER CONDITIONS
 THE FOLLOWING WEATHER WAS RECORDED YESTERDAY.
  NO SIGNIFICANT WEATHER WAS OBSERVED.


RELATIVE HUMIDITY (PERCENT)
 HIGHEST    69           200 AM
 LOWEST     37           300 PM
 AVERAGE    53

..........................................................


THE LEXINGTON KY CLIMATE NORMALS FOR TODAY
                         NORMAL    RECORD    YEAR
 MAXIMUM TEMPERATURE (F)   64        84      1919
 MINIMUM TEMPERATURE (F)   43        21      1997


SUNRISE AND SUNSET
APRIL  9 2018.........SUNRISE   712 AM EDT   SUNSET   809 PM EDT
APRIL 10 2018.........SUNRISE   710 AM EDT   SUNSET   810 PM EDT


-  INDICATES NEGATIVE NUMBERS.
R  INDICATES RECORD WAS SET OR TIED.
MM INDICATES DATA IS MISSING.
T  INDICATES TRACE AMOUNT.




$$
