000
CDUS43 KLMK 060627
CLILEX


CLIMATE REPORT
NATIONAL WEATHER SERVICE LOUISVILLE KY
227 AM EDT FRI APR 6 2018


...................................

...THE LEXINGTON KY CLIMATE SUMMARY FOR APRIL 5 2018...

CLIMATE NORMAL PERIOD 1981 TO 2010
CLIMATE RECORD PERIOD 1872 TO 2018


WEATHER ITEM   OBSERVED TIME   RECORD YEAR NORMAL DEPARTURE LAST
                VALUE   (LST)  VALUE       VALUE  FROM      YEAR
                                                  NORMAL
..................................................................
TEMPERATURE (F)
 YESTERDAY
  MAXIMUM         53    414 PM  88    1934  63    -10       81
  MINIMUM         25    638 AM  20    1944  41    -16       50
  AVERAGE         39                        52    -13       66

PRECIPITATION (IN)
  YESTERDAY        0.00          2.15 1936   0.11  -0.11     0.30
  MONTH TO DATE    1.19                      0.56   0.63     0.38
  SINCE MAR 1      6.51                      4.63   1.88     3.66
  SINCE JAN 1     18.73                     11.03   7.70    11.76

SNOWFALL (IN)
  YESTERDAY        0.0           3.0  1898   0.0    0.0      0.0
  MONTH TO DATE    0.0                       0.1   -0.1      0.0
  SINCE MAR 1     12.2                       1.5   10.7       T
  SINCE JUL 1     19.8                      12.8    7.0      3.4
  SNOW DEPTH       0

DEGREE DAYS
 HEATING
  YESTERDAY       26                        13     13        0
  MONTH TO DATE   89                        70     19       30
  SINCE MAR 1    764                       675     89      560
  SINCE JUL 1   4076                      4246   -170     3270

 COOLING
  YESTERDAY        0                         0      0        1
  MONTH TO DATE    0                         0      0        1
  SINCE MAR 1      0                         2     -2        6
  SINCE JAN 1      7                         2      5       10
..................................................................


WIND (MPH)
  HIGHEST WIND SPEED    12   HIGHEST WIND DIRECTION     S (190)
  HIGHEST GUST SPEED    17   HIGHEST GUST DIRECTION     S (170)
  AVERAGE WIND SPEED     3.7


SKY COVER
  POSSIBLE SUNSHINE  MM
  AVERAGE SKY COVER 0.0


WEATHER CONDITIONS
 THE FOLLOWING WEATHER WAS RECORDED YESTERDAY.
  NO SIGNIFICANT WEATHER WAS OBSERVED.


RELATIVE HUMIDITY (PERCENT)
 HIGHEST    85           800 AM
 LOWEST     34           300 PM
 AVERAGE    60

..........................................................


THE LEXINGTON KY CLIMATE NORMALS FOR TODAY
                         NORMAL    RECORD    YEAR
 MAXIMUM TEMPERATURE (F)   63        85      2010
 MINIMUM TEMPERATURE (F)   42        23      1898


SUNRISE AND SUNSET
APRIL  6 2018.........SUNRISE   716 AM EDT   SUNSET   806 PM EDT
APRIL  7 2018.........SUNRISE   715 AM EDT   SUNSET   807 PM EDT


-  INDICATES NEGATIVE NUMBERS.
R  INDICATES RECORD WAS SET OR TIED.
MM INDICATES DATA IS MISSING.
T  INDICATES TRACE AMOUNT.




$$
