475
CDUS43 KLMK 250626
CLILEX


CLIMATE REPORT
NATIONAL WEATHER SERVICE LOUISVILLE KY
226 AM EDT WED APR 25 2018


...................................

...THE LEXINGTON KY CLIMATE SUMMARY FOR APRIL 24 2018...

CLIMATE NORMAL PERIOD 1981 TO 2010
CLIMATE RECORD PERIOD 1872 TO 2018


WEATHER ITEM   OBSERVED TIME   RECORD YEAR NORMAL DEPARTURE LAST
                VALUE   (LST)  VALUE       VALUE  FROM      YEAR
                                                  NORMAL
..................................................................
TEMPERATURE (F)
 YESTERDAY
  MAXIMUM         59    421 PM  90    1925  69    -10       70
  MINIMUM         52    708 AM  28    1910  47      5       54
  AVERAGE         56                        58     -2       62

PRECIPITATION (IN)
  YESTERDAY        0.59          2.38 1975   0.13   0.46     0.00
  MONTH TO DATE    4.32                      2.79   1.53     1.65
  SINCE MAR 1      9.64                      6.86   2.78     4.93
  SINCE JAN 1     21.86                     13.26   8.60    13.03

SNOWFALL (IN)
  YESTERDAY        0.0           0.0    MM   0.0    0.0      0.0
  MONTH TO DATE    1.4                       0.3    1.1      0.0
  SINCE MAR 1     13.6                       1.7   11.9       T
  SINCE JUL 1     21.2                      13.0    8.2      3.4
  SNOW DEPTH       0

DEGREE DAYS
 HEATING
  YESTERDAY        9                         8      1        3
  MONTH TO DATE  364                       270     94      125
  SINCE MAR 1   1039                       875    164      655
  SINCE JUL 1   4351                      4446    -95     3365

 COOLING
  YESTERDAY        0                         1     -1        0
  MONTH TO DATE    8                        15     -7       40
  SINCE MAR 1      8                        17     -9       45
  SINCE JAN 1     15                        17     -2       49
..................................................................


WIND (MPH)
  HIGHEST WIND SPEED    14   HIGHEST WIND DIRECTION    NE (60)
  HIGHEST GUST SPEED    19   HIGHEST GUST DIRECTION     E (70)
  AVERAGE WIND SPEED     5.9


SKY COVER
  POSSIBLE SUNSHINE  MM
  AVERAGE SKY COVER 1.0


WEATHER CONDITIONS
 THE FOLLOWING WEATHER WAS RECORDED YESTERDAY.
  RAIN
  LIGHT RAIN
  FOG


RELATIVE HUMIDITY (PERCENT)
 HIGHEST    93          1000 AM
 LOWEST     83           300 AM
 AVERAGE    88

..........................................................


THE LEXINGTON KY CLIMATE NORMALS FOR TODAY
                         NORMAL    RECORD    YEAR
 MAXIMUM TEMPERATURE (F)   69        88      1915
 MINIMUM TEMPERATURE (F)   48        27      1919


SUNRISE AND SUNSET
APRIL 25 2018.........SUNRISE   650 AM EDT   SUNSET   824 PM EDT
APRIL 26 2018.........SUNRISE   648 AM EDT   SUNSET   825 PM EDT


-  INDICATES NEGATIVE NUMBERS.
R  INDICATES RECORD WAS SET OR TIED.
MM INDICATES DATA IS MISSING.
T  INDICATES TRACE AMOUNT.




$$
