000
CDUS43 KLMK 140627
CLILEX


CLIMATE REPORT
NATIONAL WEATHER SERVICE LOUISVILLE KY
226 AM EDT MON MAY 14 2018


...................................

...THE LEXINGTON KY CLIMATE SUMMARY FOR MAY 13 2018...

CLIMATE NORMAL PERIOD 1981 TO 2010
CLIMATE RECORD PERIOD 1872 TO 2018


WEATHER ITEM   OBSERVED TIME   RECORD YEAR NORMAL DEPARTURE LAST
                VALUE   (LST)  VALUE       VALUE  FROM      YEAR
                                                  NORMAL
..................................................................
TEMPERATURE (F)
 YESTERDAY
  MAXIMUM         87    509 PM  89    1957  74     13       74
                                      1956
  MINIMUM         64    500 AM  37    1996  53     11       46
                                      1941
                                      1938
  AVERAGE         76                        63     13       60

PRECIPITATION (IN)
  YESTERDAY        0.00          2.33 1955   0.18  -0.18     0.00
  MONTH TO DATE    2.31                      2.17   0.14     3.18
  SINCE MAR 1     11.97                      9.84   2.13     8.30
  SINCE JAN 1     24.19                     16.24   7.95    16.40

SNOWFALL (IN)
  YESTERDAY        0.0          MM      MM   0.0    0.0      0.0
  MONTH TO DATE    0.0                       0.0    0.0      0.0
  SINCE MAR 1     13.6                       1.7   11.9       T
  SINCE JUL 1     21.2                      13.0    8.2      3.4
  SNOW DEPTH       0

DEGREE DAYS
 HEATING
  YESTERDAY        0                         4     -4        5
  MONTH TO DATE    6                        64    -58       89
  SINCE MAR 1   1104                       982    122      751
  SINCE JUL 1   4416                      4553   -137     3461

 COOLING
  YESTERDAY       11                         2      9        0
  MONTH TO DATE   74                        19     55       17
  SINCE MAR 1     82                        41     41       88
  SINCE JAN 1     89                        41     48       92
..................................................................


WIND (MPH)
  HIGHEST WIND SPEED    17   HIGHEST WIND DIRECTION     W (270)
  HIGHEST GUST SPEED    25   HIGHEST GUST DIRECTION    SW (240)
  AVERAGE WIND SPEED     9.0


SKY COVER
  POSSIBLE SUNSHINE  MM
  AVERAGE SKY COVER 0.1


WEATHER CONDITIONS
 THE FOLLOWING WEATHER WAS RECORDED YESTERDAY.
  NO SIGNIFICANT WEATHER WAS OBSERVED.


RELATIVE HUMIDITY (PERCENT)
 HIGHEST    84           500 AM
 LOWEST     43           300 PM
 AVERAGE    64

..........................................................


THE LEXINGTON KY CLIMATE NORMALS FOR TODAY
                         NORMAL    RECORD    YEAR
 MAXIMUM TEMPERATURE (F)   74        88      1962
 MINIMUM TEMPERATURE (F)   53        33      1895


SUNRISE AND SUNSET
MAY 14 2018...........SUNRISE   629 AM EDT   SUNSET   841 PM EDT
MAY 15 2018...........SUNRISE   628 AM EDT   SUNSET   842 PM EDT


-  INDICATES NEGATIVE NUMBERS.
R  INDICATES RECORD WAS SET OR TIED.
MM INDICATES DATA IS MISSING.
T  INDICATES TRACE AMOUNT.




$$
