000
CDUS43 KLMK 110630
CLILEX


CLIMATE REPORT
NATIONAL WEATHER SERVICE LOUISVILLE KY
228 AM EDT FRI MAY 11 2018


...................................

...THE LEXINGTON KY CLIMATE SUMMARY FOR MAY 10 2018...

CLIMATE NORMAL PERIOD 1981 TO 2010
CLIMATE RECORD PERIOD 1872 TO 2018


WEATHER ITEM   OBSERVED TIME   RECORD YEAR NORMAL DEPARTURE LAST
                VALUE   (LST)  VALUE       VALUE  FROM      YEAR
                                                  NORMAL
..................................................................
TEMPERATURE (F)
 YESTERDAY
  MAXIMUM         84    451 PM  95    1936  73     11       85
  MINIMUM         69   1123 PM  26    1966  52     17       62
  AVERAGE         77                        62     15       74

PRECIPITATION (IN)
  YESTERDAY        T             2.00 1905   0.17  -0.17     0.00
  MONTH TO DATE    2.31                      1.65   0.66     1.70
  SINCE MAR 1     11.97                      9.32   2.65     6.82
  SINCE JAN 1     24.19                     15.72   8.47    14.92

SNOWFALL (IN)
  YESTERDAY        0.0          MM      MM   0.0    0.0      0.0
  MONTH TO DATE    0.0                       0.0    0.0      0.0
  SINCE MAR 1     13.6                       1.7   11.9       T
  SINCE JUL 1     21.2                      13.0    8.2      3.4
  SNOW DEPTH       0

DEGREE DAYS
 HEATING
  YESTERDAY        0                         4     -4        0
  MONTH TO DATE    6                        52    -46       78
  SINCE MAR 1   1104                       970    134      740
  SINCE JUL 1   4416                      4541   -125     3450

 COOLING
  YESTERDAY       12                         2     10        9
  MONTH TO DATE   41                        13     28       12
  SINCE MAR 1     49                        35     14       83
  SINCE JAN 1     56                        35     21       87
..................................................................


WIND (MPH)
  HIGHEST WIND SPEED    20   HIGHEST WIND DIRECTION     W (250)
  HIGHEST GUST SPEED    27   HIGHEST GUST DIRECTION    SW (210)
  AVERAGE WIND SPEED    10.9


SKY COVER
  POSSIBLE SUNSHINE  MM
  AVERAGE SKY COVER 0.3


WEATHER CONDITIONS
 THE FOLLOWING WEATHER WAS RECORDED YESTERDAY.
  THUNDERSTORM
  LIGHT RAIN


RELATIVE HUMIDITY (PERCENT)
 HIGHEST    73           700 AM
 LOWEST     37           300 PM
 AVERAGE    55

..........................................................


THE LEXINGTON KY CLIMATE NORMALS FOR TODAY
                         NORMAL    RECORD    YEAR
 MAXIMUM TEMPERATURE (F)   73        92      1896
 MINIMUM TEMPERATURE (F)   53        35      1945
                                             1913


SUNRISE AND SUNSET
MAY 11 2018...........SUNRISE   632 AM EDT   SUNSET   838 PM EDT
MAY 12 2018...........SUNRISE   631 AM EDT   SUNSET   839 PM EDT


-  INDICATES NEGATIVE NUMBERS.
R  INDICATES RECORD WAS SET OR TIED.
MM INDICATES DATA IS MISSING.
T  INDICATES TRACE AMOUNT.

$$

SCHOETTMER
