000
CDUS43 KLMK 070629
CLILEX


CLIMATE REPORT
NATIONAL WEATHER SERVICE LOUISVILLE KY
229 AM EDT MON MAY 7 2018


...................................

...THE LEXINGTON KY CLIMATE SUMMARY FOR MAY 6 2018...

CLIMATE NORMAL PERIOD 1981 TO 2010
CLIMATE RECORD PERIOD 1872 TO 2018


WEATHER ITEM   OBSERVED TIME   RECORD YEAR NORMAL DEPARTURE LAST
                VALUE   (LST)  VALUE       VALUE  FROM      YEAR
                                                  NORMAL
..................................................................
TEMPERATURE (F)
 YESTERDAY
  MAXIMUM         78    404 PM  89    2001  72      6       61
                                      1936
  MINIMUM         57   1159 PM  34    1989  51      6       41
                                      1968
                                      1898
  AVERAGE         68                        61      7       51

PRECIPITATION (IN)
  YESTERDAY        0.40          2.46 1898   0.17   0.23      T
  MONTH TO DATE    2.31                      0.98   1.33     1.61
  SINCE MAR 1     11.97                      8.65   3.32     6.73
  SINCE JAN 1     24.19                     15.05   9.14    14.83

SNOWFALL (IN)
  YESTERDAY        0.0           0.2  1898   0.0    0.0      0.0
  MONTH TO DATE    0.0                       0.0    0.0      0.0
  SINCE MAR 1     13.6                       1.7   11.9       T
  SINCE JUL 1     21.2                      13.0    8.2      3.4
  SNOW DEPTH       0

DEGREE DAYS
 HEATING
  YESTERDAY        0                         5     -5       14
  MONTH TO DATE    4                        33    -29       52
  SINCE MAR 1   1102                       951    151      714
  SINCE JUL 1   4414                      4522   -108     3424

 COOLING
  YESTERDAY        3                         1      2        0
  MONTH TO DATE   25                         6     19        0
  SINCE MAR 1     33                        28      5       71
  SINCE JAN 1     40                        28     12       75
..................................................................


WIND (MPH)
  HIGHEST WIND SPEED    30   HIGHEST WIND DIRECTION    NW (300)
  HIGHEST GUST SPEED    45   HIGHEST GUST DIRECTION    NW (310)
  AVERAGE WIND SPEED     5.5


SKY COVER
  POSSIBLE SUNSHINE  MM
  AVERAGE SKY COVER 0.6


WEATHER CONDITIONS
 THE FOLLOWING WEATHER WAS RECORDED YESTERDAY.
  THUNDERSTORM
  HEAVY RAIN
  RAIN
  LIGHT RAIN
  FOG


RELATIVE HUMIDITY (PERCENT)
 HIGHEST    93           200 AM
 LOWEST     43           300 PM
 AVERAGE    68

..........................................................


THE LEXINGTON KY CLIMATE NORMALS FOR TODAY
                         NORMAL    RECORD    YEAR
 MAXIMUM TEMPERATURE (F)   72        89      1940
                                             1936
 MINIMUM TEMPERATURE (F)   51        33      1989
                                             1898


SUNRISE AND SUNSET
MAY  7 2018...........SUNRISE   636 AM EDT   SUNSET   835 PM EDT
MAY  8 2018...........SUNRISE   635 AM EDT   SUNSET   836 PM EDT


-  INDICATES NEGATIVE NUMBERS.
R  INDICATES RECORD WAS SET OR TIED.
MM INDICATES DATA IS MISSING.
T  INDICATES TRACE AMOUNT.




$$
