000
CDUS43 KLMK 290628
CLILEX


CLIMATE REPORT
NATIONAL WEATHER SERVICE LOUISVILLE KY
228 AM EDT THU MAR 29 2018


...................................

...THE LEXINGTON KY CLIMATE SUMMARY FOR MARCH 28 2018...

CLIMATE NORMAL PERIOD 1981 TO 2010
CLIMATE RECORD PERIOD 1872 TO 2018


WEATHER ITEM   OBSERVED TIME   RECORD YEAR NORMAL DEPARTURE LAST
                VALUE   (LST)  VALUE       VALUE  FROM      YEAR
                                                  NORMAL
..................................................................
TEMPERATURE (F)
 YESTERDAY
  MAXIMUM         62    653 PM  83    1910  60      2       63
                                      1907
  MINIMUM         56    611 AM   1    1947  39     17       52
  AVERAGE         59                        49     10       58

PRECIPITATION (IN)
  YESTERDAY        0.66          2.45 1975   0.13   0.53     0.09
  MONTH TO DATE    4.45                      3.67   0.78     2.19
  SINCE MAR 1      4.45                      3.67   0.78     2.19
  SINCE JAN 1     16.67                     10.07   6.60    10.29

SNOWFALL (IN)
  YESTERDAY        0.0           1.8  1889   0.0    0.0      0.0
  MONTH TO DATE   12.2                       1.3   10.9       T
  SINCE MAR 1     12.2                       1.3   10.9       T
  SINCE JUL 1     19.8                      12.6    7.2      3.4
  SNOW DEPTH       0

DEGREE DAYS
 HEATING
  YESTERDAY        6                        16    -10        7
  MONTH TO DATE  632                       560     72      510
  SINCE MAR 1    632                       560     72      510
  SINCE JUL 1   3944                      4131   -187     3220

 COOLING
  YESTERDAY        0                         0      0        0
  MONTH TO DATE    0                         0      0        3
  SINCE MAR 1      0                         0      0        3
  SINCE JAN 1      7                         0      7        7
..................................................................


WIND (MPH)
  HIGHEST WIND SPEED    16   HIGHEST WIND DIRECTION     S (200)
  HIGHEST GUST SPEED    24   HIGHEST GUST DIRECTION     S (190)
  AVERAGE WIND SPEED     8.5


SKY COVER
  POSSIBLE SUNSHINE  MM
  AVERAGE SKY COVER 1.0


WEATHER CONDITIONS
 THE FOLLOWING WEATHER WAS RECORDED YESTERDAY.
  RAIN
  LIGHT RAIN
  FOG


RELATIVE HUMIDITY (PERCENT)
 HIGHEST    93           700 AM
 LOWEST     72          1200 AM
 AVERAGE    83

..........................................................


THE LEXINGTON KY CLIMATE NORMALS FOR TODAY
                         NORMAL    RECORD    YEAR
 MAXIMUM TEMPERATURE (F)   60        83      1910
 MINIMUM TEMPERATURE (F)   39        17      1964


SUNRISE AND SUNSET
MARCH 29 2018.........SUNRISE   728 AM EDT   SUNSET   759 PM EDT
MARCH 30 2018.........SUNRISE   727 AM EDT   SUNSET   800 PM EDT


-  INDICATES NEGATIVE NUMBERS.
R  INDICATES RECORD WAS SET OR TIED.
MM INDICATES DATA IS MISSING.
T  INDICATES TRACE AMOUNT.




$$
