000
CDUS43 KLMK 010628
CLILEX


CLIMATE REPORT
NATIONAL WEATHER SERVICE LOUISVILLE KY
228 AM EDT SUN APR 1 2018


...................................

...THE LEXINGTON KY CLIMATE SUMMARY FOR MARCH 31 2018...

CLIMATE NORMAL PERIOD 1981 TO 2010
CLIMATE RECORD PERIOD 1872 TO 2018


WEATHER ITEM   OBSERVED TIME   RECORD YEAR NORMAL DEPARTURE LAST
                VALUE   (LST)  VALUE       VALUE  FROM      YEAR
                                                  NORMAL
..................................................................
TEMPERATURE (F)
 YESTERDAY
  MAXIMUM         63    447 PM  82    1986  61      2       59
                                      1981
  MINIMUM         33    425 AM  14    1923  40     -7       47
  AVERAGE         48                        50     -2       53

PRECIPITATION (IN)
  YESTERDAY        T             2.87 1908   0.13  -0.13     0.30
  MONTH TO DATE    5.32                      4.07   1.25     3.28
  SINCE MAR 1      5.32                      4.07   1.25     3.28
  SINCE JAN 1     17.54                     10.47   7.07    11.38

SNOWFALL (IN)
  YESTERDAY        0.0           1.6  1987   0.0    0.0      0.0
  MONTH TO DATE   12.2                       1.4   10.8       T
  SINCE MAR 1     12.2                       1.4   10.8       T
  SINCE JUL 1     19.8                      12.7    7.1      3.4
  SNOW DEPTH       0

DEGREE DAYS
 HEATING
  YESTERDAY       17                        15      2       12
  MONTH TO DATE  675                       606     69      530
  SINCE MAR 1    675                       605     70      530
  SINCE JUL 1   3987                      4176   -189     3240

 COOLING
  YESTERDAY        0                         0      0        0
  MONTH TO DATE    0                         2     -2        5
  SINCE MAR 1      0                         2     -2        5
  SINCE JAN 1      7                         2      5        9
..................................................................


WIND (MPH)
  HIGHEST WIND SPEED    22   HIGHEST WIND DIRECTION    SW (210)
  HIGHEST GUST SPEED    29   HIGHEST GUST DIRECTION    SW (210)
  AVERAGE WIND SPEED     9.1


SKY COVER
  POSSIBLE SUNSHINE  MM
  AVERAGE SKY COVER 0.2


WEATHER CONDITIONS
 THE FOLLOWING WEATHER WAS RECORDED YESTERDAY.
  LIGHT RAIN
  FOG
  HAZE


RELATIVE HUMIDITY (PERCENT)
 HIGHEST    89           500 AM
 LOWEST     32           400 PM
 AVERAGE    61

..........................................................


THE LEXINGTON KY CLIMATE NORMALS FOR TODAY
                         NORMAL    RECORD    YEAR
 MAXIMUM TEMPERATURE (F)   61        82      1963
 MINIMUM TEMPERATURE (F)   40        20      1923


SUNRISE AND SUNSET
APRIL  1 2018.........SUNRISE   724 AM EDT   SUNSET   802 PM EDT
APRIL  2 2018.........SUNRISE   722 AM EDT   SUNSET   802 PM EDT


-  INDICATES NEGATIVE NUMBERS.
R  INDICATES RECORD WAS SET OR TIED.
MM INDICATES DATA IS MISSING.
T  INDICATES TRACE AMOUNT.




$$
