000
CDUS43 KLMK 140626
CLILEX


CLIMATE REPORT
NATIONAL WEATHER SERVICE LOUISVILLE KY
226 AM EDT SAT APR 14 2018


...................................

...THE LEXINGTON KY CLIMATE SUMMARY FOR APRIL 13 2018...

CLIMATE NORMAL PERIOD 1981 TO 2010
CLIMATE RECORD PERIOD 1872 TO 2018


WEATHER ITEM   OBSERVED TIME   RECORD YEAR NORMAL DEPARTURE LAST
                VALUE   (LST)  VALUE       VALUE  FROM      YEAR
                                                  NORMAL
..................................................................
TEMPERATURE (F)
 YESTERDAY
  MAXIMUM         81    454 PM  84    1941  65     16       78
                                      1906
  MINIMUM         61    702 AM  23    1939  44     17       52
  AVERAGE         71                        54     17       65

PRECIPITATION (IN)
  YESTERDAY        0.00          2.39 1923   0.11  -0.11     0.00
  MONTH TO DATE    1.44                      1.46  -0.02     0.80
  SINCE MAR 1      6.76                      5.53   1.23     4.08
  SINCE JAN 1     18.98                     11.93   7.05    12.18

SNOWFALL (IN)
  YESTERDAY        0.0           0.3  1950   0.0    0.0      0.0
  MONTH TO DATE    1.4                       0.2    1.2      0.0
  SINCE MAR 1     13.6                       1.6   12.0       T
  SINCE JUL 1     21.2                      12.9    8.3      3.4
  SNOW DEPTH       0

DEGREE DAYS
 HEATING
  YESTERDAY        0                        11    -11        0
  MONTH TO DATE  226                       167     59       89
  SINCE MAR 1    901                       772    129      619
  SINCE JUL 1   4213                      4343   -130     3329

 COOLING
  YESTERDAY        6                         1      5        0
  MONTH TO DATE    6                         4      2        6
  SINCE MAR 1      6                         6      0       11
  SINCE JAN 1     13                         6      7       15
..................................................................


WIND (MPH)
  HIGHEST WIND SPEED    31   HIGHEST WIND DIRECTION     S (190)
  HIGHEST GUST SPEED    43   HIGHEST GUST DIRECTION     S (200)
  AVERAGE WIND SPEED    14.9


SKY COVER
  POSSIBLE SUNSHINE  MM
  AVERAGE SKY COVER 0.0


WEATHER CONDITIONS
 THE FOLLOWING WEATHER WAS RECORDED YESTERDAY.
  NO SIGNIFICANT WEATHER WAS OBSERVED.


RELATIVE HUMIDITY (PERCENT)
 HIGHEST    51           700 AM
 LOWEST     28           300 PM
 AVERAGE    40

..........................................................


THE LEXINGTON KY CLIMATE NORMALS FOR TODAY
                         NORMAL    RECORD    YEAR
 MAXIMUM TEMPERATURE (F)   65        84      1977
 MINIMUM TEMPERATURE (F)   44        24      1907


SUNRISE AND SUNSET
APRIL 14 2018.........SUNRISE   704 AM EDT   SUNSET   814 PM EDT
APRIL 15 2018.........SUNRISE   703 AM EDT   SUNSET   814 PM EDT


-  INDICATES NEGATIVE NUMBERS.
R  INDICATES RECORD WAS SET OR TIED.
MM INDICATES DATA IS MISSING.
T  INDICATES TRACE AMOUNT.




$$
