000
CDUS43 KLMK 280632
CLILEX


CLIMATE REPORT
NATIONAL WEATHER SERVICE LOUISVILLE KY
232 AM EDT WED MAR 28 2018


...................................

...THE LEXINGTON KY CLIMATE SUMMARY FOR MARCH 27 2018...

CLIMATE NORMAL PERIOD 1981 TO 2010
CLIMATE RECORD PERIOD 1872 TO 2018


WEATHER ITEM   OBSERVED TIME   RECORD YEAR NORMAL DEPARTURE LAST
                VALUE   (LST)  VALUE       VALUE  FROM      YEAR
                                                  NORMAL
..................................................................
TEMPERATURE (F)
 YESTERDAY
  MAXIMUM         69    459 PM  84    1910  59     10       73
  MINIMUM         51    104 AM  10    1947  39     12       52
  AVERAGE         60                        49     11       63

PRECIPITATION (IN)
  YESTERDAY        T             1.59 1932   0.14  -0.14     0.27
  MONTH TO DATE    3.79                      3.54   0.25     2.10
  SINCE MAR 1      3.79                      3.54   0.25     2.10
  SINCE JAN 1     16.01                      9.94   6.07    10.20

SNOWFALL (IN)
  YESTERDAY        0.0           9.5  1947   0.0    0.0      0.0
  MONTH TO DATE   12.2                       1.3   10.9       T
  SINCE MAR 1     12.2                       1.3   10.9       T
  SINCE JUL 1     19.8                      12.6    7.2      3.4
  SNOW DEPTH       0

DEGREE DAYS
 HEATING
  YESTERDAY        5                        16    -11        2
  MONTH TO DATE  626                       544     82      503
  SINCE MAR 1    626                       544     82      503
  SINCE JUL 1   3938                      4115   -177     3213

 COOLING
  YESTERDAY        0                         0      0        0
  MONTH TO DATE    0                         0      0        3
  SINCE MAR 1      0                         0      0        3
  SINCE JAN 1      7                         0      7        7
..................................................................


WIND (MPH)
  HIGHEST WIND SPEED    23   HIGHEST WIND DIRECTION     S (190)
  HIGHEST GUST SPEED    33   HIGHEST GUST DIRECTION     S (190)
  AVERAGE WIND SPEED    14.6


SKY COVER
  POSSIBLE SUNSHINE  MM
  AVERAGE SKY COVER 0.9


WEATHER CONDITIONS
 THE FOLLOWING WEATHER WAS RECORDED YESTERDAY.
  LIGHT RAIN


RELATIVE HUMIDITY (PERCENT)
 HIGHEST    83           100 AM
 LOWEST     59           500 PM
 AVERAGE    71

..........................................................


THE LEXINGTON KY CLIMATE NORMALS FOR TODAY
                         NORMAL    RECORD    YEAR
 MAXIMUM TEMPERATURE (F)   60        83      1910
                                             1907
 MINIMUM TEMPERATURE (F)   39         1      1947


SUNRISE AND SUNSET
MARCH 28 2018.........SUNRISE   730 AM EDT   SUNSET   758 PM EDT
MARCH 29 2018.........SUNRISE   728 AM EDT   SUNSET   759 PM EDT


-  INDICATES NEGATIVE NUMBERS.
R  INDICATES RECORD WAS SET OR TIED.
MM INDICATES DATA IS MISSING.
T  INDICATES TRACE AMOUNT.




$$
