556
CDUS43 KLMK 230631
CLILEX


CLIMATE REPORT
NATIONAL WEATHER SERVICE LOUISVILLE KY
231 AM EDT MON APR 23 2018


...................................

...THE LEXINGTON KY CLIMATE SUMMARY FOR APRIL 22 2018...

CLIMATE NORMAL PERIOD 1981 TO 2010
CLIMATE RECORD PERIOD 1872 TO 2018


WEATHER ITEM   OBSERVED TIME   RECORD YEAR NORMAL DEPARTURE LAST
                VALUE   (LST)  VALUE       VALUE  FROM      YEAR
                                                  NORMAL
..................................................................
TEMPERATURE (F)
 YESTERDAY
  MAXIMUM         71    237 PM  85    1987  68      3       54
                                      1985
                                      1944
  MINIMUM         46    549 AM  26    1875  47     -1       45
  AVERAGE         59                        57      2       50

PRECIPITATION (IN)
  YESTERDAY        T             2.45 1957   0.13  -0.13     0.29
  MONTH TO DATE    2.94                      2.53   0.41     1.64
  SINCE MAR 1      8.26                      6.60   1.66     4.92
  SINCE JAN 1     20.48                     13.00   7.48    13.02

SNOWFALL (IN)
  YESTERDAY        0.0           1.0  1901   0.0    0.0      0.0
  MONTH TO DATE    1.4                       0.3    1.1      0.0
  SINCE MAR 1     13.6                       1.7   11.9       T
  SINCE JUL 1     21.2                      13.0    8.2      3.4
  SNOW DEPTH       0

DEGREE DAYS
 HEATING
  YESTERDAY        6                         9     -3       15
  MONTH TO DATE  347                       254     93      107
  SINCE MAR 1   1022                       859    163      637
  SINCE JUL 1   4334                      4430    -96     3347

 COOLING
  YESTERDAY        0                         1     -1        0
  MONTH TO DATE    8                        13     -5       40
  SINCE MAR 1      8                        15     -7       45
  SINCE JAN 1     15                        15      0       49
..................................................................


WIND (MPH)
  HIGHEST WIND SPEED    17   HIGHEST WIND DIRECTION     E (80)
  HIGHEST GUST SPEED    24   HIGHEST GUST DIRECTION     E (80)
  AVERAGE WIND SPEED    10.0


SKY COVER
  POSSIBLE SUNSHINE  MM
  AVERAGE SKY COVER 0.2


WEATHER CONDITIONS
 THE FOLLOWING WEATHER WAS RECORDED YESTERDAY.
  LIGHT RAIN


RELATIVE HUMIDITY (PERCENT)
 HIGHEST    54           100 AM
 LOWEST     33          1100 PM
 AVERAGE    44

..........................................................


THE LEXINGTON KY CLIMATE NORMALS FOR TODAY
                         NORMAL    RECORD    YEAR
 MAXIMUM TEMPERATURE (F)   68        86      1946
                                             1937
                                             1925
 MINIMUM TEMPERATURE (F)   47        24      1986


SUNRISE AND SUNSET
APRIL 23 2018.........SUNRISE   652 AM EDT   SUNSET   822 PM EDT
APRIL 24 2018.........SUNRISE   651 AM EDT   SUNSET   823 PM EDT


-  INDICATES NEGATIVE NUMBERS.
R  INDICATES RECORD WAS SET OR TIED.
MM INDICATES DATA IS MISSING.
T  INDICATES TRACE AMOUNT.




$$
