000
CDUS43 KLMK 170638
CLILEX


CLIMATE REPORT
NATIONAL WEATHER SERVICE LOUISVILLE KY
238 AM EDT THU MAY 17 2018


...................................

...THE LEXINGTON KY CLIMATE SUMMARY FOR MAY 16 2018...

CLIMATE NORMAL PERIOD 1981 TO 2010
CLIMATE RECORD PERIOD 1872 TO 2018


WEATHER ITEM   OBSERVED TIME   RECORD YEAR NORMAL DEPARTURE LAST
                VALUE   (LST)  VALUE       VALUE  FROM      YEAR
                                                  NORMAL
..................................................................
TEMPERATURE (F)
 YESTERDAY
  MAXIMUM         79   1243 PM  91    1962  74      5       85
                                      1900
  MINIMUM         65   1159 PM  33    1997  54     11       61
  AVERAGE         72                        64      8       73

PRECIPITATION (IN)
  YESTERDAY        0.09          1.35 1946   0.17  -0.08     0.00
  MONTH TO DATE    3.08                      2.69   0.39     3.18
  SINCE MAR 1     12.74                     10.36   2.38     8.30
  SINCE JAN 1     24.96                     16.76   8.20    16.40

SNOWFALL (IN)
  YESTERDAY        0.0          MM      MM   0.0    0.0      0.0
  MONTH TO DATE    0.0                       0.0    0.0      0.0
  SINCE MAR 1     13.6                       1.7   11.9       T
  SINCE JUL 1     21.2                      13.0    8.2      3.4
  SNOW DEPTH       0

DEGREE DAYS
 HEATING
  YESTERDAY        0                         4     -4        0
  MONTH TO DATE    6                        76    -70       89
  SINCE MAR 1   1104                       994    110      751
  SINCE JUL 1   4416                      4565   -149     3461

 COOLING
  YESTERDAY        7                         3      4        8
  MONTH TO DATE  108                        27     81       34
  SINCE MAR 1    116                        49     67      105
  SINCE JAN 1    123                        49     74      109
..................................................................


WIND (MPH)
  HIGHEST WIND SPEED    17   HIGHEST WIND DIRECTION    NW (320)
  HIGHEST GUST SPEED    25   HIGHEST GUST DIRECTION    NW (320)
  AVERAGE WIND SPEED     4.8


SKY COVER
  POSSIBLE SUNSHINE  MM
  AVERAGE SKY COVER 0.4


WEATHER CONDITIONS
 THE FOLLOWING WEATHER WAS RECORDED YESTERDAY.
  THUNDERSTORM
  HEAVY RAIN
  RAIN
  LIGHT RAIN
  FOG


RELATIVE HUMIDITY (PERCENT)
 HIGHEST    87           200 AM
 LOWEST     62           100 PM
 AVERAGE    75

..........................................................


THE LEXINGTON KY CLIMATE NORMALS FOR TODAY
                         NORMAL    RECORD    YEAR
 MAXIMUM TEMPERATURE (F)   75        92      1962
 MINIMUM TEMPERATURE (F)   54        38      2014
                                             1973
                                             1875


SUNRISE AND SUNSET
MAY 17 2018...........SUNRISE   626 AM EDT   SUNSET   844 PM EDT
MAY 18 2018...........SUNRISE   626 AM EDT   SUNSET   845 PM EDT


-  INDICATES NEGATIVE NUMBERS.
R  INDICATES RECORD WAS SET OR TIED.
MM INDICATES DATA IS MISSING.
T  INDICATES TRACE AMOUNT.




$$
