000
CXUS54 KLCH 031646
CF6LFT
PRELIMINARY LOCAL CLIMATOLOGICAL DATA (WS FORM: F-6)
STATION: LAFAYETTE
MONTH: JANUARY
YEAR: 2021
LATITUDE: 30 12 N
LONGITUDE: 92 0 W
TEMPERATURE IN F: :PCPN: SNOW: WIND :SUNSHINE: SKY :PK WND
================================================================================
1 2 3 4 5 6A 6B 7 8 9 10 11 12 13 14 15 16 17 18
12Z AVG MX 2MIN
DY MAX MIN AVG DEP HDD CDD WTR SNW DPTH SPD SPD DIR MIN PSBL S-S WX SPD DR
================================================================================
1 57 44 51 -1 14 0 0.00 0.0 M 9.3 20 250 M M 1 28 210
2 51 37 44 -8 21 0 0.00 0.0 M 5.8 15 310 M M 6 21 310
3 61 34 48 -4 17 0 0.00 0.0 M 3.3 10 190 M M 1 12 14 180
4 72 39 56 4 9 0 0.00 0.0 M 4.7 16 260 M M 1 1 23 270
5 70 42 56 4 9 0 0.00 0.0 M 2.4 12 40 M M 0 12 15 60
6 66 41 54 2 11 0 0.49 0.0 M 5.2 23 260 M M 4 13 39 300
7 56 46 51 -1 14 0 0.00 0.0 M 13.1 23 340 M M 9 33 350
8 51 40 46 -6 19 0 0.00 0.0 M 12.4 20 340 M M 9 29 360
9 51 33 42 -10 23 0 0.00 0.0 M 7.2 15 10 M M 0 24 50
10 48 36 42 -10 23 0 0.33 0.0 M 9.6 21 30 M M 7 14 29 50
11 40 36 38 -14 27 0 0.30 0.0 M 12.7 20 350 M M 10 1 26 350
12 50 30 40 -12 25 0 0.00 0.0 M 6.3 15 20 M M 2 18 21 10
13 57 36 47 -5 18 0 0.00 0.0 M 3.9 13 230 M M 2 18 17 240
14 70 35 53 1 12 0 0.00 0.0 M 8.4 24 220 M M 0 128 34 220
15 60 37 49 -3 16 0 0.00 0.0 M 10.9 25 280 M M 0 35 300
16 54 36 45 -7 20 0 0.00 0.0 M 5.7 15 310 M M 0 21 320
17 64 33 49 -3 16 0 0.00 0.0 M 3.3 14 260 M M 1 12 19 250
18 65 34 50 -2 15 0 0.00 0.0 M 3.7 13 200 M M 0 1 17 200
19 72 49 61 9 4 0 0.00 0.0 M 5.6 17 180 M M 2 24 170
20 70 51 61 9 4 0 0.00 0.0 M 4.7 10 190 M M 6 18 14 200
21 71 59 65 13 0 0 T 0.0 M 9.4 18 230 M M 9 1 24 240
22 67 61 64 11 1 0 0.42 0.0 M 4.0 14 20 M M 10 1 17 10
23 62 57 60 7 5 0 0.00 0.0 M 5.1 12 20 M M 10 1 16 80
24 73 58 66 13 0 1 0.01 0.0 M 5.9 15 200 M M 10 1 24 170
25 73 67 70 17 0 5 0.01 0.0 M 11.1 23 190 M M 10 18 31 200
26 74 61 68 15 0 3 0.24 0.0 M 5.1 15 350 M M 9 1 21 70
27 68 50 59 6 6 0 0.00 0.0 M 11.3 24 340 M M 4 12 35 330
28 55 40 48 -5 17 0 0.00 0.0 M 9.9 20 20 M M 1 26 20
29 61 36 49 -4 16 0 0.00 0.0 M 2.9 10 190 M M 0 12 190
30 73 50 62 9 3 0 0.00 0.0 M 8.8 25 190 M M 8 41 190
31 69 48 59 6 6 0 0.19 M M 13.3 22 340 M M 4 1 34 340
================================================================================
SM 1931 1356 371 9 1.99 0.0 225.0 M 136
================================================================================
AV 62.3 43.7 7.3 FASTST M M 4 MAX(MPH)
MISC ----> # 25 280 41 190
================================================================================
NOTES:
# LAST OF SEVERAL OCCURRENCES
COLUMN 17 PEAK WIND IN M.P.H.
PRELIMINARY LOCAL CLIMATOLOGICAL DATA (WS FORM: F-6) , PAGE 2
STATION: LAFAYETTE
MONTH: JANUARY
YEAR: 2021
LATITUDE: 30 12 N
LONGITUDE: 92 0 W
[TEMPERATURE DATA] [PRECIPITATION DATA] SYMBOLS USED IN COLUMN 16
AVERAGE MONTHLY: 53.0 TOTAL FOR MONTH: 1.99 1 = FOG OR MIST
DPTR FM NORMAL: 0.5 DPTR FM NORMAL: -3.68 2 = FOG REDUCING VISIBILITY
HIGHEST: 74 ON 26 GRTST 24HR 1.11 ON 10-11 TO 1/4 MILE OR LESS
LOWEST: 30 ON 12 3 = THUNDER
SNOW, ICE PELLETS, HAIL 4 = ICE PELLETS
TOTAL MONTH: 0.0 INCH 5 = HAIL
GRTST 24HR 0.0 6 = FREEZING RAIN OR DRIZZLE
GRTST DEPTH: M ON M 7 = DUSTSTORM OR SANDSTORM:
VSBY 1/2 MILE OR LESS
8 = SMOKE OR HAZE
[NO. OF DAYS WITH] [WEATHER - DAYS WITH] 9 = BLOWING SNOW
X = TORNADO
MAX 32 OR BELOW: 0 0.01 INCH OR MORE: 8
MAX 90 OR ABOVE: 0 0.10 INCH OR MORE: 6
MIN 32 OR BELOW: 1 0.50 INCH OR MORE: 0
MIN 0 OR BELOW: 0 1.00 INCH OR MORE: 0
[HDD (BASE 65) ]
TOTAL THIS MO. 371 CLEAR (SCALE 0-3) 15
DPTR FM NORMAL -31 PTCLDY (SCALE 4-7) 6
TOTAL FM JUL 1 831 CLOUDY (SCALE 8-10) 10
DPTR FM NORMAL -121
[CDD (BASE 65) ]
TOTAL THIS MO. 9
DPTR FM NORMAL -5 [PRESSURE DATA]
TOTAL FM JAN 1 9 HIGHEST SLP 30.56 ON 28
DPTR FM NORMAL -5 LOWEST SLP 29.73 ON 25
[REMARKS]
#FINAL-01-21#