000
CXUS51 KOKX 021715
CLALGA
NYCCLMLGA 000
TTAA00 KOKX 021707
CLIMATE REPORT
NATIONAL WEATHER SERVICE NEW YORK NY
1207 PM EST THU JAN 2 2020
...................................
...THE LAGUARDIA NY CLIMATE SUMMARY FOR THE YEAR OF 2019...
CLIMATE NORMAL PERIOD 1981 TO 2010
CLIMATE RECORD PERIOD 1939 TO 2020
WEATHER OBSERVED NORMAL DEPART LAST YEAR`S
VALUE DATE(S) VALUE FROM VALUE DATE(S)
NORMAL
................................................................
TEMPERATURE (F)
RECORD
HIGH 107 07/03/1966
LOW -7 02/15/1943
HIGHEST 100 07/21 MM MM 98 08/28
LOWEST 3 01/31 MM MM 6 01/07
AVG. MAXIMUM 63.0 62.9 0.1 63.6
AVG. MINIMUM 49.4 48.2 1.2 50.4
MEAN 56.2 55.5 0.7 57.0
DAYS MAX >= 90 26 17.0 9.0 38
DAYS MAX <= 32 10 14.5 -4.5 12
DAYS MIN <= 32 71 66.7 4.3 56
DAYS MIN <= 0 0 0.1 -0.1 0
PRECIPITATION (INCHES)
RECORD
MAXIMUM 65.34 2011
MINIMUM 22.17 1965
TOTALS 50.86 44.73 6.13 58.84
DAILY AVG. 0.14 0.12 0.02 0.16
DAYS >= .01 137 118.0 19.0 150
DAYS >= .10 87 74.0 13.0 95
DAYS >= .50 40 30.4 9.6 49
DAYS >= 1.00 13 11.7 1.3 17
GREATEST
24 HR. TOTAL 2.99 MM 12/31 TO 12/31
12/31 TO 12/31EATHER OBSERVED NORMAL DEPART LAST YEAR`S
12/31 TO 12/31EATHER OBSERVED NORMAL DEPART LAST YEAR`S
STORM TOTAL MM MM
(MM/DD(HH)) MM 12/31(00) TO 12/31(00)
12/31(00) TO 12/31(00)1EATHER OBSERVED NORMAL DEPART LAST YEAR`S
12/31(00) TO 12/31(00)1EATHER OBSERVED NORMAL DEPART LAST YEAR`S
SNOWFALL (INCHES)
RECORDS
TOTAL 59.7 1948
24 HR TOTAL 27.9 MM
SNOW DEPTH 27 01/24/2016
TOTALS 15.5 26.9 -11.4 35.1
LIQUID EQUIV 1.55 2.70 -1.15 3.51
SINCE 7/1 2.0 5.5 -3.5 4.7
LIQUID 7/1 0.20 0.60 -0.40 0.47
SNOWDEPTH AVG. 0 MM MM 0
DAYS >= TRACE 26 13.1 12.9 25
DAYS >= 1.0 6 6.3 -0.3 7
GREATEST
SNOW DEPTH 5 03/04 8 03/22
03/21
24 HR TOTAL 4.8 MM 12/31 TO 12/31
12/31 TO 12/31EATHER OBSERVED NORMAL DEPART LAST YEAR`S
12/31 TO 12/31EATHER OBSERVED NORMAL DEPART LAST YEAR`S
STORM TOTAL MM MM
(MM/DD(HH)) MM 12/31(00) TO 12/31(00)
12/31(00) TO 12/31(00)1EATHER OBSERVED NORMAL DEPART LAST YEAR`S
12/31(00) TO 12/31(00)1EATHER OBSERVED NORMAL DEPART LAST YEAR`S
DEGREE_DAYS
HEATING TOTAL 4549 4665 -116 4501
SINCE 7/1 MM 1606 MM MM
COOLING TOTAL 1484 1213 271 1697
SINCE 1/1 1484 1214 270 1697
.................................................................
WIND (MPH)
AVERAGE WIND SPEED 10.8
RESULTANT WIND SPEED/DIRECTION 3/312
HIGHEST WIND SPEED/DIRECTION 43/300 DATE 10/16
HIGHEST GUST SPEED/DIRECTION 58/270 DATE 02/25
SKY COVER
POSSIBLE SUNSHINE (PERCENT) MM
AVERAGE SKY COVER 0.60
NUMBER OF DAYS FAIR 52
NUMBER OF DAYS PC 176
NUMBER OF DAYS CLOUDY 137
AVERAGE RH (PERCENT) 60
WEATHER CONDITIONS. NUMBER OF DAYS WITH
0
75
0
1
10
8
18
HAZE 47
- INDICATES NEGATIVE NUMBERS.
R INDICATES RECORD WAS SET OR TIED.
MM INDICATES DATA IS MISSING.
T INDICATES TRACE AMOUNT.
$$