000
CXUS51 KOKX 011443
CLMLGA
CLIMATE REPORT
NATIONAL WEATHER SERVICE NEW YORK, NY
1021 AM EDT FRI SEP 01 2023
...................................
...THE LAGUARDIA NY CLIMATE SUMMARY FOR THE MONTH OF AUGUST 2023...
CLIMATE NORMAL PERIOD 1991 TO 2020
CLIMATE RECORD PERIOD 1939 TO 2023
WEATHER OBSERVED NORMAL DEPART LAST YEAR`S
VALUE DATE(S) VALUE FROM VALUE DATE(S)
NORMAL
................................................................
TEMPERATURE (F)
RECORD
HIGH 104 08/09/2001
LOW 51 08/29/1982
HIGHEST 88 08/09 MM MM 98 08/09
08/13
08/14
LOWEST 65 08/19 MM MM 66 08/13
08/31
AVG. MAXIMUM 82.1 84.5 -2.4 87.9
AVG. MINIMUM 69.8 71.0 -1.2 73.7
MEAN 76.0 77.7 -1.7 80.8
DAYS MAX >= 90 0 5.8 -5.8 13
DAYS MAX <= 32 0 0.0 0.0 0
DAYS MIN <= 32 0 0.0 0.0 0
DAYS MIN <= 0 0 0.0 0.0 0
PRECIPITATION (INCHES)
RECORD
MAXIMUM 17.32 2011
MINIMUM 0.12 1995
TOTALS 7.89 4.41 3.48 2.07
DAILY AVG. 0.25 0.14 0.11 0.07
DAYS >= .01 11 9.5 1.5 8
DAYS >= .10 9 6.4 2.6 6
DAYS >= .50 6 2.8 3.2 1
DAYS >= 1.00 4 1.0 3.0 0
GREATEST
24 HR. TOTAL 1.57 08/18 TO 08/18 0.61 08/07 TO 08/07
STORM TOTAL 1.57 0.61
(MM/DD(HH)) MM
SNOWFALL (INCHES)
RECORDS
TOTAL T 2008
24 HR TOTAL MM
TOTALS 0.0 0.0 0.0 0.0
LIQUID EQUIV 0.00 0.00 0.00 0.00
SINCE 7/1 0.0 0.0 0.0 MM
LIQUID 7/1 0.00 0.00 MM
DAYS >= TRACE 0 0.0 0.0 0
DAYS >= 1.0 0 0.0 0.0 0
GREATEST
SNOW DEPTH 0 9 08/05
24 HR TOTAL MM MM
STORM TOTAL 0.0 0.0
(MM/DD(HH)) MM
DEGREE DAYS
HEATING TOTAL 0 0 0 0
SINCE 7/1 0 0 0 MM
COOLING TOTAL 347 396 -49 496
SINCE 1/1 1115 1180 -65 MM
................................................................
WIND (MPH)
AVERAGE WIND SPEED 9.5
HIGHEST WIND SPEED/DIRECTION 37/270 DATE 08/13
HIGHEST GUST SPEED/DIRECTION 50/290 DATE 08/13
SKY COVER
POSSIBLE SUNSHINE (PERCENT) MM
AVERAGE SKY COVER 0.68
NUMBER OF DAYS FAIR 2
NUMBER OF DAYS PC 17
NUMBER OF DAYS CLOUDY 12
AVERAGE RH (PERCENT) 63
WEATHER CONDITIONS. NUMBER OF DAYS WITH
THUNDERSTORM 6 MIXED PRECIP 0
HEAVY RAIN 7 RAIN 8
LIGHT RAIN 14 FREEZING RAIN 0
LT FREEZING RAIN 0 HAIL 0
HEAVY SNOW 0 SNOW 0
LIGHT SNOW 0 SLEET 0
FOG 10 FOG W/VIS <= 1/4 MILE 0
HAZE 3
- INDICATES NEGATIVE NUMBERS.
R INDICATES RECORD WAS SET OR TIED.
MM INDICATES DATA IS MISSING.
T INDICATES TRACE AMOUNT.
$$