000
CXUS54 KFWD 072153
CF6LHB
PRELIMINARY LOCAL CLIMATOLOGICAL DATA (WS FORM: F-6)
STATION: HEARNE
MONTH: AUGUST
YEAR: 2022
LATITUDE: 30 52 N
LONGITUDE: 96 36 W
TEMPERATURE IN F: :PCPN: SNOW: WIND :SUNSHINE: SKY :PK WND
================================================================================
1 2 3 4 5 6A 6B 7 8 9 10 11 12 13 14 15 16 17 18
12Z AVG MX 2MIN
DY MAX MIN AVG DEP HDD CDD WTR SNW DPTH SPD SPD DIR MIN PSBL S-S WX SPD DR
================================================================================
1 101 76 89 M 0 24 0.00 M M 7.4 12 160 M M 2 20 160
2 104 78 91 M 0 26 0.00 M M 9.4 18 170 M M 2 25 170
3 104 78 91 M 0 26 0.00 M M 10.5 15 180 M M 3 24 180
4 103 78 91 M 0 26 0.07 M M 7.1 10 160 M M 3 20 170
5 103 80 92 M 0 27 0.00 M M 6.1 13 140 M M 2 28 200
6 96 75 86 M 0 21 0.00 M M 5.2 15 190 M M 3 17 160
7 101 76 89 M 0 24 0.00 M M 5.7 12 150 M M 1 24 160
8 102 75 89 M 0 24 0.00 M M 5.2 13 160 M M 1 21 160
9 102 76 89 M 0 24 0.00 M M 3.9 13 150 M M 1 16 150
10 104 76 90 M 0 25 0.00 M M 4.9 21 360 M M 1 40 220
11 101 75 88 M 0 23 0.00 M M 2.9 10 70 M M 3 M M
12 101 78 90 M 0 25 0.00 M M 4.2 13 90 M M 4 18 90
13 101 75 88 M 0 23 0.00 M M 4.9 12 40 M M 2 21 60
14 97 77 87 M 0 22 0.00 M M 4.7 12 160 M M 2 28 150
15 101 73 87 M 0 22 0.00 M M 4.5 12 170 M M 0 20 160
16 101 76 89 M 0 24 0.00 M M 3.6 9 150 M M 2 M M
17 103 78 91 M 0 26 0.00 M M 3.9 9 250 M M 1 M M
18 98 76 87 M 0 22 0.83 M M 4.9 23 360 M M 4 3 30 360
19 93 75 84 M 0 19 0.46 M M 2.5 12 140 M M 5 3 17 110
20 98 75 87 M 0 22 0.11 M M 3.5 15 160 M M 5 23 160
21 95 77 86 M 0 21 0.00 M M 6.2 12 160 M M 6 30 160
22 94 75 85 M 0 20 0.67 M M 7.0 18 350 M M 8 3 25 210
23 92 75 84 M 0 19 0.00 M M 2.5 8 290 M M 8 M M
24 92 75 84 M 0 19 0.00 M M 5.1 13 350 M M 3 17 20
25 93 72 83 M 0 18 0.00 M M 4.3 12 10 M M 2 16 30
26 94 74 84 M 0 19 0.12 M M 2.3 8 310 M M 3 M M
27 97 75 86 M 0 21 0.00 M M 4.3 10 160 M M 1 18 140
28 98 77 88 M 0 23 0.00 M M 6.6 12 160 M M 2 17 160
29 94 76 85 M 0 20 0.00 M M 4.7 14 140 M M 5 20 160
30 82 74 78 M 0 13 0.92 M M 3.2 8 150 M M 8 3 M M
31 92 74 83 M 0 18 0.00 M M 1.7 6 50 M M 2 M M
================================================================================
SM 3037 2350 0 686 3.18 M 153.1 M 95
================================================================================
AV 98.0 75.8 4.9 FASTST M M 3 MAX(MPH)
MISC ----> 23 360 40 220
================================================================================
NOTES:
# LAST OF SEVERAL OCCURRENCES
COLUMN 17 PEAK WIND IN M.P.H.
PRELIMINARY LOCAL CLIMATOLOGICAL DATA (WS FORM: F-6) , PAGE 2
STATION: HEARNE
MONTH: AUGUST
YEAR: 2022
LATITUDE: 30 52 N
LONGITUDE: 96 36 W
[TEMPERATURE DATA] [PRECIPITATION DATA] SYMBOLS USED IN COLUMN 16
AVERAGE MONTHLY: 86.9 TOTAL FOR MONTH: 3.18 1 = FOG OR MIST
DPTR FM NORMAL: 0.0 DPTR FM NORMAL: M 2 = FOG REDUCING VISIBILITY
HIGHEST: 104 ON 10, 3 GRTST 24HR 0.92 ON 30-30 TO 1/4 MILE OR LESS
LOWEST: 72 ON 25 3 = THUNDER
SNOW, ICE PELLETS, HAIL 4 = ICE PELLETS
TOTAL MONTH: M 5 = HAIL
GRTST 24HR M ON M 6 = FREEZING RAIN OR DRIZZLE
GRTST DEPTH: M ON M 7 = DUSTSTORM OR SANDSTORM:
VSBY 1/2 MILE OR LESS
8 = SMOKE OR HAZE
[NO. OF DAYS WITH] [WEATHER - DAYS WITH] 9 = BLOWING SNOW
X = TORNADO
MAX 32 OR BELOW: 0 0.01 INCH OR MORE: 7
MAX 90 OR ABOVE: 30 0.10 INCH OR MORE: 6
MIN 32 OR BELOW: 0 0.50 INCH OR MORE: 3
MIN 0 OR BELOW: 0 1.00 INCH OR MORE: 0
[HDD (BASE 65) ]
TOTAL THIS MO. 0 CLEAR (SCALE 0-3) 20
DPTR FM NORMAL M PTCLDY (SCALE 4-7) 10
TOTAL FM JUL 1 0 CLOUDY (SCALE 8-10) 1
DPTR FM NORMAL M
[CDD (BASE 65) ]
TOTAL THIS MO. 686
DPTR FM NORMAL M [PRESSURE DATA]
TOTAL FM JAN 1 2839 HIGHEST SLP M ON M
DPTR FM NORMAL M LOWEST SLP M ON M
[REMARKS]
#FINAL-08-22#