000
CXUS54 KFWD 010731
CF6LHB
PRELIMINARY LOCAL CLIMATOLOGICAL DATA (WS FORM: F-6)
STATION: HEARNE
MONTH: JULY
YEAR: 2023
LATITUDE: 30 52 N
LONGITUDE: 96 36 W
TEMPERATURE IN F: :PCPN: SNOW: WIND :SUNSHINE: SKY :PK WND
================================================================================
1 2 3 4 5 6A 6B 7 8 9 10 11 12 13 14 15 16 17 18
12Z AVG MX 2MIN
DY MAX MIN AVG DEP HDD CDD WTR SNW DPTH SPD SPD DIR MIN PSBL S-S WX SPD DR
================================================================================
1 99 76 88 M 0 23 0.00 M M 4.0 13 190 M M 2 M M
2 95 80 88 M 0 23 0.00 M M 3.2 9 210 M M 1 8 M M
3 98 77 88 M 0 23 0.00 M M 2.6 9 220 M M 1 8 M M
4 95 78 87 M 0 22 0.00 M M 4.9 10 160 M M 2 8 M M
5 96 78 87 M 0 22 0.00 M M 5.3 12 160 M M 2 18 20 170
6 91 77 84 M 0 19 0.00 M M 5.3 16 190 M M 4 25 90
7 95 74 85 M 0 20 0.00 M M 6.7 20 180 M M 2 1 29 180
8 100 76 88 M 0 23 0.00 M M 6.0 12 170 M M 3 16 180
9 100 79 90 M 0 25 0.00 M M 6.1 12 220 M M 3 17 200
10 102 78 90 M 0 25 0.00 M M 5.1 8 150 M M 2 16 170
11 101 80 91 M 0 26 0.00 M M 8.5 13 170 M M 2 24 170
12 103 79 91 M 0 26 0.00 M M 10.5 18 200 M M 2 25 160
13 104 80 92 M 0 27 0.00 M M 10.4 15 170 M M 3 22 160
14 102 79 91 M 0 26 0.00 M M 9.2 14 180 M M 2 20 160
15 103 80 92 M 0 27 0.00 M M 7.2 15 220 M M 3 20 220
16 100 79 90 M 0 25 0.00 M M 3.0 7 160 M M 2 M M
17 103 76 90 M 0 25 0.00 M M 5.2 12 180 M M 0 16 200
18 105 78 92 M 0 27 0.00 M M 7.2 12 180 M M 1 17 170
19 104 78 91 M 0 26 0.00 M M 7.2 12 180 M M 1 18 200
20 102 79 91 M 0 26 0.00 M M 4.9 10 190 M M 2 8 16 200
21 102 77 90 M 0 25 0.00 M M 2.6 7 150 M M 0 8 M M
22 103 75 89 M 0 24 0.00 M M 4.2 10 50 M M 1 8 18 300
23 101 76 89 M 0 24 0.00 M M 2.8 8 30 M M 1 M M
24 102 74 88 M 0 23 0.00 M M 2.5 8 190 M M 1 M M
25 101 78 90 M 0 25 0.00 M M 5.0 12 180 M M 0 18 170
26 101 76 89 M 0 24 0.00 M M 3.7 12 200 M M 1 16 200
27 101 78 90 M 0 25 0.00 M M 4.2 8 170 M M 1 9 190
28 101 74 88 M 0 23 0.00 M M 4.0 15 190 M M 1 16 0
29 101 76 89 M 0 24 0.00 M M 2.4 12 170 M M 0 M M
30 103 75 89 M 0 24 0.00 M M 1.9 7 160 M M 0 8 M M
31 105 77 91 M 0 26 0.00 M M 2.4 8 160 M M 0 M M
================================================================================
SM 3119 2397 0 753 0.00 M 158.2 M 46
================================================================================
AV100.6 77.3 5.1 FASTST M M 1 MAX(MPH)
MISC ----> 20 180 29 180
================================================================================
NOTES:
# LAST OF SEVERAL OCCURRENCES
COLUMN 17 PEAK WIND IN M.P.H.
PRELIMINARY LOCAL CLIMATOLOGICAL DATA (WS FORM: F-6) , PAGE 2
STATION: HEARNE
MONTH: JULY
YEAR: 2023
LATITUDE: 30 52 N
LONGITUDE: 96 36 W
[TEMPERATURE DATA] [PRECIPITATION DATA] SYMBOLS USED IN COLUMN 16
AVERAGE MONTHLY: 89.0 TOTAL FOR MONTH: 0.00 1 = FOG OR MIST
DPTR FM NORMAL: 0.0 DPTR FM NORMAL: M 2 = FOG REDUCING VISIBILITY
HIGHEST: 105 ON 31,18 GRTST 24HR 0.00 ON 1- 1 TO 1/4 MILE OR LESS
LOWEST: 74 ON 28,24 3 = THUNDER
SNOW, ICE PELLETS, HAIL 4 = ICE PELLETS
TOTAL MONTH: M 5 = HAIL
GRTST 24HR M ON M 6 = FREEZING RAIN OR DRIZZLE
GRTST DEPTH: M ON M 7 = DUSTSTORM OR SANDSTORM:
VSBY 1/2 MILE OR LESS
8 = SMOKE OR HAZE
[NO. OF DAYS WITH] [WEATHER - DAYS WITH] 9 = BLOWING SNOW
X = TORNADO
MAX 32 OR BELOW: 0 0.01 INCH OR MORE: 0
MAX 90 OR ABOVE: 31 0.10 INCH OR MORE: 0
MIN 32 OR BELOW: 0 0.50 INCH OR MORE: 0
MIN 0 OR BELOW: 0 1.00 INCH OR MORE: 0
[HDD (BASE 65) ]
TOTAL THIS MO. 0 CLEAR (SCALE 0-3) 28
DPTR FM NORMAL M PTCLDY (SCALE 4-7) 3
TOTAL FM JUL 1 0 CLOUDY (SCALE 8-10) 0
DPTR FM NORMAL M
[CDD (BASE 65) ]
TOTAL THIS MO. 753
DPTR FM NORMAL M [PRESSURE DATA]
TOTAL FM JAN 1 1952 HIGHEST SLP M ON M
DPTR FM NORMAL M LOWEST SLP 9999.00 ON 1
[REMARKS]
#FINAL-07-23#