000
CXUS55 KPUB 011310
CF6LHX
PRELIMINARY LOCAL CLIMATOLOGICAL DATA (WS FORM: F-6)
STATION: LA JUNTA CO
MONTH: DECEMBER
YEAR: 2021
LATITUDE: 38 2 N
LONGITUDE: 103 31 W
TEMPERATURE IN F: :PCPN: SNOW: WIND :SUNSHINE: SKY :PK WND
================================================================================
1 2 3 4 5 6A 6B 7 8 9 10 11 12 13 14 15 16 17 18
12Z AVG MX 2MIN
DY MAX MIN AVG DEP HDD CDD WTR SNW DPTH SPD SPD DIR MIN PSBL S-S WX SPD DR
================================================================================
1 70 33 52 16 13 0 0.00 M M 7.5 16 270 M M 0 19 270
2 74 34 54 19 11 0 0.00 M 0 7.4 17 290 M M 0 21 290
3 63 35 49 14 16 0 0.00 M M 7.3 16 260 M M 0 19 280
4 64 25 45 11 20 0 0.00 M M 6.1 14 270 M M 0 16 270
5 75 22 49 15 16 0 0.00 M M 16.1 43 20 M M 0 8 55 40
6 43 19 31 -3 34 0 0.00 M M 10.4 22 160 M M 1 29 140
7 54 21 38 4 27 0 0.00 M M 7.3 15 120 M M 0 21 110
8 59 19 39 6 26 0 0.00 M M 9.7 25 270 M M 0 35 270
9 64 37 51 18 14 0 0.00 M M 9.0 20 250 M M 1 23 250
10 57 18 38 5 27 0 0.04 M M 15.2 40 300 M M 4 12 53 290
11 46 13 30 -3 35 0 0.00 M M 9.5 18 240 M M 0 21 240
12 64 30 47 15 18 0 0.00 M M 10.2 20 230 M M 0 24 230
13 58 24 41 9 24 0 0.00 M M 5.6 14 290 M M 0 16 290
14 71 35 53 21 12 0 0.00 M M 13.0 30 230 M M 0 39 230
15 62 30 46 14 19 0 T M M 20.9 59 250 M M 1 8 84 260
16 59 20 40 8 25 0 0.00 M M 10.9 18 230 M M 0 22 230
17 49 22 36 4 29 0 0.00 M M 6.1 13 50 M M 0 16 260
18 43 14 29 -2 36 0 0.00 M M 6.7 14 10 M M 0 17 10
19 61 12 37 6 28 0 0.00 M M 6.5 14 280 M M 0 16 280
20 59 22 41 10 24 0 0.00 M M 8.9 17 270 M M 0 21 270
21 69 22 46 15 19 0 0.00 M M 11.0 22 250 M M 0 27 280
22 71 19 45 14 20 0 0.00 M M 9.7 21 260 M M 0 25 270
23 74 29 52 21 13 0 0.00 M M 10.4 28 260 M M 0 39 260
24 70 35 53 22 12 0 0.00 M M 22.4 41 240 M M 0 56 250
25 64 34 49 18 16 0 0.00 M M 9.5 21 280 M M 0 26 270
26 65 31 48 17 17 0 0.00 M M 22.6 53 240 M M 0 64 240
27 50 22 36 5 29 0 0.00 M M 15.0 29 120 M M 0 36 120
28 45 23 34 3 31 0 0.00 M M 16.3 25 100 M M 0 33 90
29 42 9 26 -5 39 0 0.00 M M 6.7 15 260 M M 0 20 100
30 59 15 37 6 28 0 0.00 M M 20.7 36 230 M M 0 46 230
31 60 15 38 7 27 0 T M M 19.6 31 250 M M 1 41 240
================================================================================
SM 1864 739 705 0 0.04 M 358.2 M 8
================================================================================
AV 60.1 23.8 11.6 FASTST M M 0 MAX(MPH)
MISC ----> 59 250 84 260
================================================================================
NOTES:
# LAST OF SEVERAL OCCURRENCES
COLUMN 17 PEAK WIND IN M.P.H.
PRELIMINARY LOCAL CLIMATOLOGICAL DATA (WS FORM: F-6) , PAGE 2
STATION: LA JUNTA CO
MONTH: DECEMBER
YEAR: 2021
LATITUDE: 38 2 N
LONGITUDE: 103 31 W
[TEMPERATURE DATA] [PRECIPITATION DATA] SYMBOLS USED IN COLUMN 16
AVERAGE MONTHLY: 42.0 TOTAL FOR MONTH: 0.04 1 = FOG OR MIST
DPTR FM NORMAL: 9.7 DPTR FM NORMAL: -0.22 2 = FOG REDUCING VISIBILITY
HIGHEST: 75 ON 5 GRTST 24HR 0.04 ON 10-10 TO 1/4 MILE OR LESS
LOWEST: 9 ON 29 3 = THUNDER
SNOW, ICE PELLETS, HAIL 4 = ICE PELLETS
TOTAL MONTH: M 5 = HAIL
GRTST 24HR M ON M 6 = FREEZING RAIN OR DRIZZLE
GRTST DEPTH: 0 7 = DUSTSTORM OR SANDSTORM:
VSBY 1/2 MILE OR LESS
8 = SMOKE OR HAZE
[NO. OF DAYS WITH] [WEATHER - DAYS WITH] 9 = BLOWING SNOW
X = TORNADO
MAX 32 OR BELOW: 0 0.01 INCH OR MORE: 1
MAX 90 OR ABOVE: 0 0.10 INCH OR MORE: 0
MIN 32 OR BELOW: 24 0.50 INCH OR MORE: 0
MIN 0 OR BELOW: 0 1.00 INCH OR MORE: 0
[HDD (BASE 65) ]
TOTAL THIS MO. 705 CLEAR (SCALE 0-3) 30
DPTR FM NORMAL -308 PTCLDY (SCALE 4-7) 1
TOTAL FM JUL 1 1450 CLOUDY (SCALE 8-10) 0
DPTR FM NORMAL -652
[CDD (BASE 65) ]
TOTAL THIS MO. 0
DPTR FM NORMAL 0 [PRESSURE DATA]
TOTAL FM JAN 1 1615 HIGHEST SLP 30.45 ON 18
DPTR FM NORMAL 259 LOWEST SLP 29.24 ON 15
[REMARKS]
#FINAL-12-21#