000
CXUS55 KBOU 010900
CF6LIC
PRELIMINARY LOCAL CLIMATOLOGICAL DATA (WS FORM: F-6)
STATION: LIMON CO
MONTH: JULY
YEAR: 2021
LATITUDE: 39 10 N
LONGITUDE: 103 42 W
TEMPERATURE IN F: :PCPN: SNOW: WIND :SUNSHINE: SKY :PK WND
================================================================================
1 2 3 4 5 6A 6B 7 8 9 10 11 12 13 14 15 16 17 18
12Z AVG MX 2MIN
DY MAX MIN AVG DEP HDD CDD WTR SNW DPTH SPD SPD DIR MIN PSBL S-S WX SPD DR
================================================================================
1 79 62 71 3 0 6 0.13 M M 9.4 20 150 M M 7 13 26 160
2 81 61 71 2 0 6 0.00 M M 12.6 21 140 M M 6 27 140
3 91 58 75 6 0 10 0.45 M M 9.2 36 310 M M 3 123 47 290
4 92 55 74 5 0 9 0.20 M M 6.4 31 280 M M 1 3 42 270
5 88 55 72 3 0 7 T M M 6.2 18 300 M M 1 3 24 300
6 86 59 73 4 0 8 0.01 M M 8.9 22 30 M M 3 30 10
7 89 53 71 1 0 6 0.00 M M 6.1 18 160 M M 0 24 170
8 101 58 80 10 0 15 T M M 8.6 40 330 M M 0 3 54 330
9 101 55 78 8 0 13 0.00 M M 9.9 30 50 M M 0 3 41 70
10 85 55 70 0 0 5 0.00 M M 11.0 23 340 M M 1 35 330
11 88 47 68 -2 0 3 0.00 M M 5.0 14 130 M M 1 20 270
12 91 47 69 -1 0 4 0.00 M M 5.9 16 150 M M 0 20 140
13 95 50 73 3 0 8 0.00 M M 7.9 21 320 M M 0 27 310
14 80 54 67 -4 0 2 T M M 8.8 22 10 M M 2 28 10
15 87 54 71 0 0 6 0.78 M M 6.7 32 330 M M 3 138 45 330
16 89 54 72 1 0 7 0.00 M M 8.8 25 140 M M 1 32 140
17 91 58 75 4 0 10 0.51 M M 8.9 39 360 M M 2 13 50 360
18 89 56 73 2 0 8 0.00 M M 5.8 24 140 M M 0 32 140
19 87 54 71 0 0 6 0.00 M M 6.1 14 140 M M 0 25 170
20 88 55 72 1 0 7 0.00 M M 11.9 23 150 M M 1 18 31 150
21 90 55 73 2 0 8 0.00 M M 7.5 18 140 M M 1 27 160
22 94 55 75 4 0 10 0.00 M M 4.7 17 140 M M 0 22 130
23 97 55 76 5 0 11 0.00 M M 7.7 29 360 M M 2 37 350
24 89 62 76 5 0 11 0.00 M M 8.7 22 20 M M 6 30 20
25 91 58 75 4 0 10 1.01 M M 7.0 38 310 M M 2 3 50 320
26 87 54 71 0 0 6 0.00 M M 6.2 16 150 M M 0 20 150
27 89 57 73 2 0 8 0.00 M M 7.0 20 150 M M 0 24 140
28 95 56 76 5 0 11 0.00 M M 8.2 24 140 M M 0 32 130
29 93 61 77 6 0 12 0.00 M M 8.6 20 130 M M 1 29 130
30 94 57 76 5 0 11 0.00 M M 8.3 29 340 M M 0 40 350
31 73 62 68 -3 0 3 0.04 M M 11.5 28 350 M M 5 18 41 350
================================================================================
SM 2770 1732 0 247 3.13 M 249.5 M 49
================================================================================
AV 89.4 55.9 8.0 FASTST M M 2 MAX(MPH)
MISC ----> 40 330 54 330
================================================================================
NOTES:
# LAST OF SEVERAL OCCURRENCES
COLUMN 17 PEAK WIND IN M.P.H.
PRELIMINARY LOCAL CLIMATOLOGICAL DATA (WS FORM: F-6) , PAGE 2
STATION: LIMON CO
MONTH: JULY
YEAR: 2021
LATITUDE: 39 10 N
LONGITUDE: 103 42 W
[TEMPERATURE DATA] [PRECIPITATION DATA] SYMBOLS USED IN COLUMN 16
AVERAGE MONTHLY: 72.6 TOTAL FOR MONTH: 3.13 1 = FOG OR MIST
DPTR FM NORMAL: 2.2 DPTR FM NORMAL: 0.60 2 = FOG REDUCING VISIBILITY
HIGHEST: 101 ON 9, 8 GRTST 24HR 1.01 ON 25-25 TO 1/4 MILE OR LESS
LOWEST: 47 ON 12,11 3 = THUNDER
SNOW, ICE PELLETS, HAIL 4 = ICE PELLETS
TOTAL MONTH: M 5 = HAIL
GRTST 24HR M ON M 6 = FREEZING RAIN OR DRIZZLE
GRTST DEPTH: M ON M 7 = DUSTSTORM OR SANDSTORM:
VSBY 1/2 MILE OR LESS
8 = SMOKE OR HAZE
[NO. OF DAYS WITH] [WEATHER - DAYS WITH] 9 = BLOWING SNOW
X = TORNADO
MAX 32 OR BELOW: 0 0.01 INCH OR MORE: 8
MAX 90 OR ABOVE: 14 0.10 INCH OR MORE: 6
MIN 32 OR BELOW: 0 0.50 INCH OR MORE: 3
MIN 0 OR BELOW: 0 1.00 INCH OR MORE: 1
[HDD (BASE 65) ]
TOTAL THIS MO. 0 CLEAR (SCALE 0-3) 25
DPTR FM NORMAL -10 PTCLDY (SCALE 4-7) 6
TOTAL FM JUL 1 0 CLOUDY (SCALE 8-10) 0
DPTR FM NORMAL -3
[CDD (BASE 65) ]
TOTAL THIS MO. 247
DPTR FM NORMAL 70 [PRESSURE DATA]
TOTAL FM JAN 1 386 HIGHEST SLP M ON M
DPTR FM NORMAL 140 LOWEST SLP 29.69 ON 8
[REMARKS]
#FINAL-07-21#