000
CXUS55 KBOU 011506
CF6LIC
PRELIMINARY LOCAL CLIMATOLOGICAL DATA (WS FORM: F-6)
STATION: LIMON CO
MONTH: JUNE
YEAR: 2020
LATITUDE: 39 10 N
LONGITUDE: 103 42 W
TEMPERATURE IN F: :PCPN: SNOW: WIND :SUNSHINE: SKY :PK WND
================================================================================
1 2 3 4 5 6A 6B 7 8 9 10 11 12 13 14 15 16 17 18
12Z AVG MX 2MIN
DY MAX MIN AVG DEP HDD CDD WTR SNW DPTH SPD SPD DIR MIN PSBL S-S WX SPD DR
================================================================================
1 91 51 71 12 0 6 0.02 M M 5.8 20 50 M M 2 3 26 120
2 89 52 71 M 0 6 T M M 10.3 30 330 M M 0 41 320
3 89 47 68 M 0 3 0.00 M M 8.9 35 360 M M 0 3 46 10
4 89 49 69 M 0 4 T M M 7.5 30 340 M M 2 3 38 300
5 94 46 70 M 0 5 T M M 8.9 41 300 M M 1 3 56 290
6 91 57 74 M 0 9 T M M 16.0 45 180 M M 1 3 65 260
7 93 51 72 M 0 7 0.00 M M 18.0 40 190 M M 0 55 200
8 84 43 64 M 1 0 0.02 M M 17.3 51 340 M M 1 38 70 340
9 63 36 50 M 15 0 0.53 M M 30.4 53 340 M M 6 13 71 340
10 74 36 55 M 10 0 0.00 M M 6.0 17 320 M M 1 23 310
11 81 43 62 M 3 0 0.00 M M 5.3 15 40 M M 1 20 350
12 86 44 65 M 0 0 0.00 M M 10.4 22 130 M M 0 8 29 160
13 91 44 68 M 0 3 T M M 9.3 25 190 M M 1 3 38 190
14 90 58 74 M 0 9 0.00 M M 16.3 37 180 M M 1 53 180
15 93 47 70 M 0 5 0.00 M M 8.5 24 150 M M 0 32 120
16 94 50 72 M 0 7 0.00 M M 16.3 37 180 M M 0 49 180
17 94 48 71 M 0 6 0.00 M M 12.4 38 360 M M 0 52 350
18 73 54 64 M 1 0 0.00 M M 15.9 32 350 M M 1 44 350
19 69 44 57 M 8 0 0.14 M M 7.1 26 260 M M 5 3 39 270
20 85 39 62 M 3 0 0.00 M M 6.0 16 210 M M 0 29 180
21 86 42 64 M 1 0 0.00 M M 10.6 35 340 M M 1 47 340
22 84 49 67 M 0 2 T M M 7.7 18 90 M M 4 3 31 20
23 81 49 65 M 0 0 0.08 M M 7.1 17 140 M M 3 3 24 180
24 91 46 69 M 0 4 0.00 M M 4.5 21 320 M M 1 8 29 310
25 94 49 72 M 0 7 T M M 7.7 25 10 M M 0 3 37 190
26 86 54 70 M 0 5 0.04 M M 10.7 25 140 M M 2 38 33 200
27 92 48 70 M 0 5 T M M 7.2 36 330 M M 1 3 46 340
28 94 45 70 M 0 5 0.00 M M 4.2 20 270 M M 0 27 290
29 96 47 72 M 0 7 0.00 M M 6.8 18 200 M M 0 26 180
30 81 53 67 M 0 2 0.00 0.0 0 14.7 26 60 M M 0 35 10
================================================================================
SM 2598 1421 42 107 0.83 0.0 317.8 M 35
================================================================================
AV 86.6 47.4 10.6 FASTST M M 1 MAX(MPH)
MISC ----> # 53 340 # 71 340
================================================================================
NOTES:
# LAST OF SEVERAL OCCURRENCES
COLUMN 17 PEAK WIND IN M.P.H.
PRELIMINARY LOCAL CLIMATOLOGICAL DATA (WS FORM: F-6) , PAGE 2
STATION: LIMON CO
MONTH: JUNE
YEAR: 2020
LATITUDE: 39 10 N
LONGITUDE: 103 42 W
[TEMPERATURE DATA] [PRECIPITATION DATA] SYMBOLS USED IN COLUMN 16
AVERAGE MONTHLY: 67.0 TOTAL FOR MONTH: 0.83 1 = FOG OR MIST
DPTR FM NORMAL: 3.5 DPTR FM NORMAL: -1.58 2 = FOG REDUCING VISIBILITY
HIGHEST: 96 ON 29 GRTST 24HR 0.53 ON 9- 9 TO 1/4 MILE OR LESS
LOWEST: 36 ON 10, 9 3 = THUNDER
SNOW, ICE PELLETS, HAIL 4 = ICE PELLETS
TOTAL MONTH: 0.0 INCH 5 = HAIL
GRTST 24HR 0.0 6 = FREEZING RAIN OR DRIZZLE
GRTST DEPTH: 0 7 = DUSTSTORM OR SANDSTORM:
VSBY 1/2 MILE OR LESS
8 = SMOKE OR HAZE
[NO. OF DAYS WITH] [WEATHER - DAYS WITH] 9 = BLOWING SNOW
X = TORNADO
MAX 32 OR BELOW: 0 0.01 INCH OR MORE: 6
MAX 90 OR ABOVE: 14 0.10 INCH OR MORE: 2
MIN 32 OR BELOW: 0 0.50 INCH OR MORE: 1
MIN 0 OR BELOW: 0 1.00 INCH OR MORE: 0
[HDD (BASE 65) ]
TOTAL THIS MO. 42 CLEAR (SCALE 0-3) 27
DPTR FM NORMAL M PTCLDY (SCALE 4-7) 3
TOTAL FM JUL 1 6886 CLOUDY (SCALE 8-10) 0
DPTR FM NORMAL M
[CDD (BASE 65) ]
TOTAL THIS MO. 107
DPTR FM NORMAL 107 [PRESSURE DATA]
TOTAL FM JAN 1 117 HIGHEST SLP 30.23 ON 12
DPTR FM NORMAL 117 LOWEST SLP 29.29 ON 7
[REMARKS]
#FINAL-06-20#