000
CXUS54 KLZK 011130
CF6LIT
PRELIMINARY LOCAL CLIMATOLOGICAL DATA (WS FORM: F-6)
STATION: LITTLE ROCK ADAMS FIELD
MONTH: MARCH
YEAR: 2022
LATITUDE: 34 43 N
LONGITUDE: 92 14 W
TEMPERATURE IN F: :PCPN: SNOW: WIND :SUNSHINE: SKY :PK WND
================================================================================
1 2 3 4 5 6A 6B 7 8 9 10 11 12 13 14 15 16 17 18
12Z AVG MX 2MIN
DY MAX MIN AVG DEP HDD CDD WTR SNW DPTH SPD SPD DIR MIN PSBL S-S WX SPD DR
================================================================================
1 76 37 57 9 8 0 0.00 0.0 0 6.2 14 230 M M 2 18 250
2 80 41 61 12 4 0 0.00 0.0 0 6.2 13 210 M M 0 1 19 220
3 81 44 63 14 2 0 0.00 0.0 0 4.0 12 130 M M 1 16 110
4 79 44 62 13 3 0 0.00 0.0 0 4.5 10 180 M M 7 10 180
5 76 62 69 20 0 4 T 0.0 0 11.6 21 190 M M 9 32 190
6 82 69 76 26 0 11 T 0.0 0 13.8 24 190 M M 9 31 190
7 76 37 57 7 8 0 0.05 0.0 0 12.6 30 310 M M 9 37 310
8 48 32 40 -10 25 0 0.12 T 0 8.1 18 160 M M 8 148 18 160
9 57 36 47 -4 18 0 0.00 0.0 0 5.4 12 130 M M 5 1 16 130
10 63 35 49 -2 16 0 0.00 0.0 0 4.0 14 120 M M 2 22 130
11 54 30 42 -9 23 0 0.30 3.3 0 10.6 25 10 M M 7 12 32 20
12 45 26 36 -16 29 0 0.00 0.0 3 8.9 18 360 M M 1 22 360
13 65 32 49 -3 16 0 0.00 0.0 0 10.9 20 200 M M 2 27 220
14 58 39 49 -3 16 0 0.01 0.0 0 7.5 17 130 M M 8 8 20 140
15 56 49 53 1 12 0 0.69 0.0 0 5.6 13 70 M M 9 128 15 70
16 75 47 61 8 4 0 0.00 0.0 0 4.7 12 340 M M 1 1 16 330
17 77 47 62 9 3 0 0.24 0.0 0 6.8 20 140 M M 5 123 25 150
18 66 49 58 5 7 0 T 0.0 0 14.1 24 300 M M 10 32 280
19 71 42 57 3 8 0 0.00 0.0 0 9.6 22 320 M M 1 27 330
20 79 44 62 8 3 0 0.00 0.0 0 7.1 17 220 M M 3 21 220
21 74 46 60 6 5 0 0.42 0.0 0 8.7 28 130 M M 9 3 41 310
22 61 49 55 0 10 0 2.93 0.0 0 9.7 30 120 M M 10 138 37 110
23 59 43 51 -4 14 0 T 0.0 0 11.5 22 280 M M 7 27 280
24 58 38 48 -7 17 0 0.00 0.0 0 6.8 16 270 M M 6 20 290
25 70 40 55 -1 10 0 0.00 0.0 0 7.2 18 320 M M 3 22 320
26 72 43 58 2 7 0 0.00 0.0 0 5.5 13 80 M M 3 16 10
27 62 46 54 -2 11 0 0.00 0.0 0 10.0 22 70 M M 5 27 70
28 67 41 54 -2 11 0 0.00 0.0 0 8.5 15 100 M M 3 19 80
29 78 51 65 8 0 0 0.00 0.0 0 9.7 22 190 M M 9 30 190
30 73 47 60 3 5 0 1.53 0.0 0 14.7 30 320 M M 10 13 39 320
31 60 39 50 -7 15 0 0.00 0.0 0 11.9 26 310 M M 4 33 310
================================================================================
SM 2098 1325 310 15 6.29 3.3 266.4 M 168
================================================================================
AV 67.7 42.7 8.6 FASTST M M 5 MAX(MPH)
MISC ----> # 30 310 41 310
================================================================================
NOTES:
# LAST OF SEVERAL OCCURRENCES
COLUMN 17 PEAK WIND IN M.P.H.
PRELIMINARY LOCAL CLIMATOLOGICAL DATA (WS FORM: F-6) , PAGE 2
STATION: LITTLE ROCK ADAMS FIELD
MONTH: MARCH
YEAR: 2022
LATITUDE: 34 43 N
LONGITUDE: 92 14 W
[TEMPERATURE DATA] [PRECIPITATION DATA] SYMBOLS USED IN COLUMN 16
AVERAGE MONTHLY: 55.2 TOTAL FOR MONTH: 6.29 1 = FOG OR MIST
DPTR FM NORMAL: 2.5 DPTR FM NORMAL: 1.33 2 = FOG REDUCING VISIBILITY
HIGHEST: 82 ON 6 GRTST 24HR 3.30 ON 21-22 TO 1/4 MILE OR LESS
LOWEST: 26 ON 12 3 = THUNDER
SNOW, ICE PELLETS, HAIL 4 = ICE PELLETS
TOTAL MONTH: 3.3 INCHES 5 = HAIL
GRTST 24HR 3.3 ON 11-11 6 = FREEZING RAIN OR DRIZZLE
GRTST DEPTH: 3 ON 12 7 = DUSTSTORM OR SANDSTORM:
VSBY 1/2 MILE OR LESS
8 = SMOKE OR HAZE
[NO. OF DAYS WITH] [WEATHER - DAYS WITH] 9 = BLOWING SNOW
X = TORNADO
MAX 32 OR BELOW: 0 0.01 INCH OR MORE: 9
MAX 90 OR ABOVE: 0 0.10 INCH OR MORE: 7
MIN 32 OR BELOW: 4 0.50 INCH OR MORE: 3
MIN 0 OR BELOW: 0 1.00 INCH OR MORE: 2
[HDD (BASE 65) ]
TOTAL THIS MO. 310 CLEAR (SCALE 0-3) 11
DPTR FM NORMAL -81 PTCLDY (SCALE 4-7) 11
TOTAL FM JUL 1 2398 CLOUDY (SCALE 8-10) 9
DPTR FM NORMAL -581
[CDD (BASE 65) ]
TOTAL THIS MO. 15
DPTR FM NORMAL 4 [PRESSURE DATA]
TOTAL FM JAN 1 15 HIGHEST SLP 30.51 ON 12
DPTR FM NORMAL 2 LOWEST SLP 29.34 ON 30
[REMARKS]
#FINAL-03-22#