000
CXUS54 KLZK 011330
CF6LLQ
PRELIMINARY LOCAL CLIMATOLOGICAL DATA (WS FORM: F-6)
STATION: MONTICELLO
MONTH: JANUARY
YEAR: 2023
LATITUDE: 33 37 N
LONGITUDE: 91 45 W
TEMPERATURE IN F: :PCPN: SNOW: WIND :SUNSHINE: SKY :PK WND
================================================================================
1 2 3 4 5 6A 6B 7 8 9 10 11 12 13 14 15 16 17 18
12Z AVG MX 2MIN
DY MAX MIN AVG DEP HDD CDD WTR SNW DPTH SPD SPD DIR MIN PSBL S-S WX SPD DR
================================================================================
1 67 53 60 16 5 0 0.00 0.0 M 7.8 15 220 M M 5 18 21 230
2 75 61 68 24 0 3 1.64 0.0 0 7.5 32 260 M M 9 1238 45 270
3 73 54 64 20 1 0 1.34 0.0 0 8.6 20 220 M M 5 3 28 200
4 62 43 53 9 12 0 0.00 0.0 0 4.7 14 260 M M 0 18 260
5 60 38 49 5 16 0 0.00 0.0 0 5.7 16 250 M M 0 22 250
6 62 32 47 3 18 0 0.00 0.0 M 3.6 12 150 M M 0 16 120
7 68 44 56 12 9 0 0.00 0.0 M 4.5 14 200 M M 7 12 19 200
8 62 39 51 7 14 0 0.00 0.0 0 3.8 12 320 M M 5 12 15 310
9 57 34 46 2 19 0 0.00 0.0 0 3.8 10 160 M M 0 1 15 160
10 63 38 51 7 14 0 0.00 0.0 0 6.2 16 200 M M 6 27 180
11 77 62 70 26 0 5 0.00 0.0 M 10.9 17 200 M M 5 25 200
12 69 44 57 13 8 0 0.00 0.0 0 12.7 25 260 M M 6 38 290
13 47 31 39 -5 26 0 0.00 0.0 0 5.3 13 40 M M 5 19 30
14 51 24 38 -6 27 0 0.00 0.0 0 2.8 9 130 M M 0 11 140
15 62 31 47 3 18 0 0.00 0.0 0 6.7 16 160 M M 2 23 150
16 65 55 60 16 5 0 0.15 0.0 0 9.2 15 200 M M 10 1 24 160
17 77 60 69 25 0 4 0.00 0.0 0 5.3 13 220 M M 4 1 19 200
18 73 53 63 19 2 0 0.38 0.0 0 8.1 24 170 M M 8 13 34 190
19 59 37 48 4 17 0 0.00 0.0 0 8.1 21 260 M M 0 29 260
20 57 32 45 1 20 0 0.00 0.0 0 2.5 14 40 M M 0 18 50
21 55 38 47 3 18 0 0.13 0.0 0 5.6 17 70 M M 7 1 21 70
22 54 39 47 3 18 0 0.11 0.0 0 5.1 14 290 M M 9 1 21 280
23 53 32 43 -1 22 0 0.00 0.0 0 3.5 10 40 M M 0 17 50
24 46 33 40 -4 25 0 1.40 0.0 0 7.9 25 60 M M 7 13 33 80
25 45 38 42 -2 23 0 0.01 0.0 0 8.8 18 290 M M 10 1 26 260
26 50 32 41 -3 24 0 0.00 0.0 0 6.5 14 290 M M 0 19 300
27 60 37 49 5 16 0 0.00 0.0 M 8.0 16 250 M M 0 22 210
28 57 39 48 3 17 0 0.51 0.0 M 7.0 12 150 M M 8 1 17 190
29 62 56 59 14 6 0 0.58 0.0 0 4.7 17 190 M M 10 1 26 210
30 59 35 47 2 18 0 0.17 0.0 0 5.8 15 40 M M 10 1 18 50
31 35 30 33 -12 32 0 1.16 T 0 5.1 14 50 M M 10 16 19 50
================================================================================
SM 1862 1274 450 12 7.58 T 195.8 M 148
================================================================================
AV 60.1 41.1 6.3 FASTST M M 5 MAX(MPH)
MISC ----> 32 260 45 270
================================================================================
NOTES:
# LAST OF SEVERAL OCCURRENCES
COLUMN 17 PEAK WIND IN M.P.H.
PRELIMINARY LOCAL CLIMATOLOGICAL DATA (WS FORM: F-6) , PAGE 2
STATION: MONTICELLO
MONTH: JANUARY
YEAR: 2023
LATITUDE: 33 37 N
LONGITUDE: 91 45 W
[TEMPERATURE DATA] [PRECIPITATION DATA] SYMBOLS USED IN COLUMN 16
AVERAGE MONTHLY: 50.6 TOTAL FOR MONTH: 7.58 1 = FOG OR MIST
DPTR FM NORMAL: 6.6 DPTR FM NORMAL: 2.97 2 = FOG REDUCING VISIBILITY
HIGHEST: 77 ON 17,11 GRTST 24HR 1.64 ON 2- 2 TO 1/4 MILE OR LESS
LOWEST: 24 ON 14 3 = THUNDER
SNOW, ICE PELLETS, HAIL 4 = ICE PELLETS
TOTAL MONTH: T 5 = HAIL
GRTST 24HR T ON 31-31 6 = FREEZING RAIN OR DRIZZLE
GRTST DEPTH: 0 7 = DUSTSTORM OR SANDSTORM:
VSBY 1/2 MILE OR LESS
8 = SMOKE OR HAZE
[NO. OF DAYS WITH] [WEATHER - DAYS WITH] 9 = BLOWING SNOW
X = TORNADO
MAX 32 OR BELOW: 0 0.01 INCH OR MORE: 12
MAX 90 OR ABOVE: 0 0.10 INCH OR MORE: 11
MIN 32 OR BELOW: 8 0.50 INCH OR MORE: 6
MIN 0 OR BELOW: 0 1.00 INCH OR MORE: 4
[HDD (BASE 65) ]
TOTAL THIS MO. 450 CLEAR (SCALE 0-3) 11
DPTR FM NORMAL -203 PTCLDY (SCALE 4-7) 13
TOTAL FM JUL 1 1452 CLOUDY (SCALE 8-10) 7
DPTR FM NORMAL -242
[CDD (BASE 65) ]
TOTAL THIS MO. 12
DPTR FM NORMAL 10 [PRESSURE DATA]
TOTAL FM JAN 1 12 HIGHEST SLP 30.42 ON 14
DPTR FM NORMAL 10 LOWEST SLP 29.60 ON 18
[REMARKS]
#FINAL-01-23#