000
CXUS56 KMFR 010930
CF6LMT
PRELIMINARY LOCAL CLIMATOLOGICAL DATA (WS FORM: F-6)
STATION: KLAMATH FALLS OR
MONTH: AUGUST
YEAR: 2022
LATITUDE: 42 9 N
LONGITUDE: 121 44 W
TEMPERATURE IN F: :PCPN: SNOW: WIND :SUNSHINE: SKY :PK WND
================================================================================
1 2 3 4 5 6A 6B 7 8 9 10 11 12 13 14 15 16 17 18
12Z AVG MX 2MIN
DY MAX MIN AVG DEP HDD CDD WTR SNW DPTH SPD SPD DIR MIN PSBL S-S WX SPD DR
================================================================================
1 88 63 76 8 0 11 0.11 M M 8.3 21 280 M M 3 8 26 280
2 86 63 75 7 0 10 0.10 M M 4.9 25 260 M M 5 138 31 250
3 92 55 74 6 0 9 0.00 M M 5.6 17 280 M M 1 1 24 290
4 93 50 72 4 0 7 0.00 M M 5.4 20 340 M M 1 8 27 340
5 91 58 75 7 0 10 T M M 5.8 23 310 M M 3 8 28 310
6 88 51 70 2 0 5 0.00 M M 4.3 16 330 M M 2 19 330
7 94 49 72 5 0 7 0.00 M M 5.3 20 230 M M 0 26 230
8 93 52 73 6 0 8 0.02 M M 5.2 23 230 M M 3 3 30 230
9 88 56 72 5 0 7 0.02 M M 7.0 23 210 M M 4 3 32 210
10 84 46 65 -2 0 0 0.00 M M 9.9 24 180 M M 0 34 220
11 87 38 63 -4 2 0 0.00 M M 4.7 20 180 M M 0 25 180
12 88 41 65 -2 0 0 0.00 M M 5.1 18 330 M M 0 24 340
13 86 40 63 -3 2 0 0.00 M M 5.1 22 320 M M 0 1 29 310
14 88 43 66 0 0 1 0.00 M M 6.2 22 320 M M 0 26 320
15 92 46 69 3 0 4 0.00 M M 5.8 22 330 M M 0 29 320
16 96 47 72 6 0 7 0.00 M M 4.9 15 150 M M 0 21 150
17 95 55 75 9 0 10 0.00 M M 5.7 25 130 M M 2 35 130
18 78 59 69 4 0 4 0.02 M M 4.7 20 140 M M 8 28 140
19 91 48 70 5 0 5 0.00 M M 5.6 23 320 M M 0 1 29 310
20 93 49 71 6 0 6 0.00 M M 4.6 20 320 M M 0 23 320
21 93 46 70 5 0 5 0.00 M M 4.4 23 330 M M 0 29 340
22 88 47 68 4 0 3 0.00 M M 6.0 21 330 M M 0 8 27 320
23 89 45 67 3 0 2 0.00 M M 5.8 21 330 M M 0 26 330
24 91 49 70 6 0 5 0.00 M M 5.2 21 330 M M 0 25 330
25 92 50 71 7 0 6 0.00 M M 4.6 21 330 M M 0 26 330
26 89 51 70 6 0 5 0.00 M M 6.5 22 340 M M 0 8 26 340
27 83 46 65 1 0 0 0.00 M M 5.2 20 330 M M 1 8 24 330
28 89 43 66 3 0 1 0.00 M M 4.6 15 340 M M 0 18 340
29 94 48 71 8 0 6 0.00 M M 6.3 17 330 M M 0 22 330
30 94 50 72 9 0 7 0.00 M M 7.0 26 200 M M 0 8 36 190
31 93 45 69 6 0 4 0.00 M M 3.6 13 310 M M 0 15 320
================================================================================
SM 2786 1529 4 155 0.27 M 173.3 M 33
================================================================================
AV 89.9 49.3 5.6 FASTST M M 1 MAX(MPH)
MISC ----> 26 200 36 190
================================================================================
NOTES:
# LAST OF SEVERAL OCCURRENCES
COLUMN 17 PEAK WIND IN M.P.H.
PRELIMINARY LOCAL CLIMATOLOGICAL DATA (WS FORM: F-6) , PAGE 2
STATION: KLAMATH FALLS OR
MONTH: AUGUST
YEAR: 2022
LATITUDE: 42 9 N
LONGITUDE: 121 44 W
[TEMPERATURE DATA] [PRECIPITATION DATA] SYMBOLS USED IN COLUMN 16
AVERAGE MONTHLY: 69.6 TOTAL FOR MONTH: 0.27 1 = FOG OR MIST
DPTR FM NORMAL: 4.0 DPTR FM NORMAL: -0.01 2 = FOG REDUCING VISIBILITY
HIGHEST: 96 ON 16 GRTST 24HR 0.21 ON 1- 2 TO 1/4 MILE OR LESS
LOWEST: 38 ON 11 3 = THUNDER
SNOW, ICE PELLETS, HAIL 4 = ICE PELLETS
TOTAL MONTH: M 5 = HAIL
GRTST 24HR M ON M 6 = FREEZING RAIN OR DRIZZLE
GRTST DEPTH: M ON M 7 = DUSTSTORM OR SANDSTORM:
VSBY 1/2 MILE OR LESS
8 = SMOKE OR HAZE
[NO. OF DAYS WITH] [WEATHER - DAYS WITH] 9 = BLOWING SNOW
X = TORNADO
MAX 32 OR BELOW: 0 0.01 INCH OR MORE: 5
MAX 90 OR ABOVE: 16 0.10 INCH OR MORE: 2
MIN 32 OR BELOW: 0 0.50 INCH OR MORE: 0
MIN 0 OR BELOW: 0 1.00 INCH OR MORE: 0
[HDD (BASE 65) ]
TOTAL THIS MO. 4 CLEAR (SCALE 0-3) 26
DPTR FM NORMAL -50 PTCLDY (SCALE 4-7) 5
TOTAL FM JUL 1 31 CLOUDY (SCALE 8-10) 0
DPTR FM NORMAL -64
[CDD (BASE 65) ]
TOTAL THIS MO. 155
DPTR FM NORMAL 81 [PRESSURE DATA]
TOTAL FM JAN 1 366 HIGHEST SLP M ON M
DPTR FM NORMAL 164 LOWEST SLP 29.78 ON 28
[REMARKS]
#FINAL-08-22#