000
CXUS55 KRIW 011110
CF6LND
PRELIMINARY LOCAL CLIMATOLOGICAL DATA (WS FORM: F-6)
STATION: LANDER WY
MONTH: DECEMBER
YEAR: 2021
LATITUDE: 42 49 N
LONGITUDE: 108 44 W
TEMPERATURE IN F: :PCPN: SNOW: WIND :SUNSHINE: SKY :PK WND
================================================================================
1 2 3 4 5 6A 6B 7 8 9 10 11 12 13 14 15 16 17 18
12Z AVG MX 2MIN
DY MAX MIN AVG DEP HDD CDD WTR SNW DPTH SPD SPD DIR MIN PSBL S-S WX SPD DR
================================================================================
1 63 35 49 24 16 0 0.00 0.0 0 5.3 14 240 M M 0 16 270
2 65 34 50 25 15 0 0.00 0.0 0 4.1 13 250 M M 0 17 300
3 57 27 42 18 23 0 0.00 0.0 0 4.7 13 120 M M 0 15 130
4 64 29 47 23 18 0 0.00 0.0 0 9.7 32 310 M M 0 49 340
5 55 17 36 12 29 0 T 0.1 0 16.1 41 260 M M 4 1 62 300
6 32 10 21 -2 44 0 0.00 0.0 T 3.2 14 90 M M 1 1 16 120
7 51 21 36 13 29 0 0.00 0.0 0 5.9 14 320 M M 0 20 230
8 52 22 37 14 28 0 0.00 0.0 0 9.7 32 260 M M 1 42 260
9 42 23 33 11 32 0 0.00 0.0 0 6.8 20 300 M M 4 30 320
10 32 13 23 1 42 0 0.01 T 0 5.8 22 360 M M 3 1 29 360
11 37 10 24 2 41 0 0.00 0.0 0 6.1 14 260 M M 0 18 340
12 49 19 34 12 31 0 0.00 0.0 0 10.3 28 300 M M 2 44 330
13 52 21 37 16 28 0 0.00 0.0 0 10.9 40 220 M M 1 55 240
14 55 35 45 24 20 0 0.00 0.0 0 29.6 44 180 M M 1 60 190
15 48 17 33 12 32 0 0.23 1.6 0 13.1 54 200 M M 5 12 69 190
16 32 6 19 -2 46 0 0.00 0.0 2 4.6 18 240 M M 0 23 240
17 32 6 19 -2 46 0 0.05 0.4 2 5.9 23 360 M M 5 12 33 350
18 28 0 14 -7 51 0 0.00 0.0 2 2.4 9 320 M M 0 10 330
19 43 19 31 11 34 0 0.00 0.0 2 4.1 14 340 M M 0 19 260
20 50 23 37 17 28 0 0.00 0.0 T 8.2 41 280 M M 0 67 230
21 50 27 39 19 26 0 0.00 0.0 0 7.9 41 270 M M 0 68 290
22 54 24 39 19 26 0 0.00 0.0 0 5.1 21 90 M M 0 30 300
23 49 35 42 22 23 0 T 0.0 0 15.2 36 200 M M 6 48 200
24 46 30 38 18 27 0 T T 0 13.3 24 230 M M 3 1 34 270
25 39 24 32 12 33 0 0.00 0.0 0 14.3 30 190 M M 8 44 260
26 37 18 28 8 37 0 0.02 0.1 T 14.1 38 310 M M 6 12 54 260
27 34 18 26 6 39 0 0.06 0.8 0 17.4 33 160 M M 10 1 43 170
28 21 5 13 -7 52 0 0.00 0.0 1 4.0 21 280 M M 1 30 280
29 28 2 15 -5 50 0 0.00 0.0 1 5.2 24 280 M M 1 35 250
30 36 16 26 6 39 0 0.00 0.0 1 10.9 39 310 M M 2 53 310
31 32 4 18 -2 47 0 0.00 0.0 T 6.6 17 340 M M 3 24 350
================================================================================
SM 1365 590 1032 0 0.37 3.0 280.5 M 67
================================================================================
AV 44.0 19.0 9.0 FASTST M M 2 MAX(MPH)
MISC ----> 54 200 69 190
================================================================================
NOTES:
# LAST OF SEVERAL OCCURRENCES
COLUMN 17 PEAK WIND IN M.P.H.
PRELIMINARY LOCAL CLIMATOLOGICAL DATA (WS FORM: F-6) , PAGE 2
STATION: LANDER WY
MONTH: DECEMBER
YEAR: 2021
LATITUDE: 42 49 N
LONGITUDE: 108 44 W
[TEMPERATURE DATA] [PRECIPITATION DATA] SYMBOLS USED IN COLUMN 16
AVERAGE MONTHLY: 31.5 TOTAL FOR MONTH: 0.37 1 = FOG OR MIST
DPTR FM NORMAL: 9.9 DPTR FM NORMAL: -0.26 2 = FOG REDUCING VISIBILITY
HIGHEST: 65 ON 2 GRTST 24HR 0.23 ON 14-15 TO 1/4 MILE OR LESS
LOWEST: 0 ON 18 3 = THUNDER
SNOW, ICE PELLETS, HAIL 4 = ICE PELLETS
TOTAL MONTH: 3.0 INCHES 5 = HAIL
GRTST 24HR 1.6 ON 15-15 6 = FREEZING RAIN OR DRIZZLE
GRTST DEPTH: 2 ON 19,18 7 = DUSTSTORM OR SANDSTORM:
VSBY 1/2 MILE OR LESS
8 = SMOKE OR HAZE
[NO. OF DAYS WITH] [WEATHER - DAYS WITH] 9 = BLOWING SNOW
X = TORNADO
MAX 32 OR BELOW: 8 0.01 INCH OR MORE: 5
MAX 90 OR ABOVE: 0 0.10 INCH OR MORE: 1
MIN 32 OR BELOW: 27 0.50 INCH OR MORE: 0
MIN 0 OR BELOW: 1 1.00 INCH OR MORE: 0
[HDD (BASE 65) ]
TOTAL THIS MO. 1032 CLEAR (SCALE 0-3) 21
DPTR FM NORMAL -315 PTCLDY (SCALE 4-7) 9
TOTAL FM JUL 1 2480 CLOUDY (SCALE 8-10) 1
DPTR FM NORMAL -697
[CDD (BASE 65) ]
TOTAL THIS MO. 0
DPTR FM NORMAL 0 [PRESSURE DATA]
TOTAL FM JAN 1 697 HIGHEST SLP 30.46 ON 18
DPTR FM NORMAL 212 LOWEST SLP 29.10 ON 15
[REMARKS]
#FINAL-12-21#