000
CXUS55 KRIW 022340
CF6LND
PRELIMINARY LOCAL CLIMATOLOGICAL DATA (WS FORM: F-6)
STATION: LANDER WY
MONTH: NOVEMBER
YEAR: 2020
LATITUDE: 42 49 N
LONGITUDE: 108 44 W
TEMPERATURE IN F: :PCPN: SNOW: WIND :SUNSHINE: SKY :PK WND
================================================================================
1 2 3 4 5 6A 6B 7 8 9 10 11 12 13 14 15 16 17 18
12Z AVG MX 2MIN
DY MAX MIN AVG DEP HDD CDD WTR SNW DPTH SPD SPD DIR MIN PSBL S-S WX SPD DR
================================================================================
1 64 26 45 6 20 0 0.00 0.0 0 3.3 13 230 M M 0 14 230
2 66 34 50 11 15 0 0.00 0.0 0 2.2 12 260 M M 0 13 250
3 70 40 55 17 10 0 0.00 0.0 0 3.4 15 250 M M 0 17 250
4 69 39 54 16 11 0 0.00 0.0 0 5.1 23 290 M M 0 31 300
5 67 34 51 14 14 0 0.00 0.0 0 2.8 17 270 M M 0 28 280
6 61 37 49 12 16 0 0.00 0.0 0 6.0 25 160 M M 0 33 170
7 64 42 53 17 12 0 0.18 0.0 0 14.6 53 170 M M 2 1 70 170
8 47 26 37 1 28 0 0.00 0.0 0 12.7 39 230 M M 2 56 220
9 28 18 23 -12 42 0 T 0.0 0 5.2 12 120 M M 7 14 330
10 35 17 26 -8 39 0 0.00 0.0 0 3.9 23 270 M M 3 33 230
11 40 18 29 -5 36 0 T T 0 12.0 38 220 M M 1 51 230
12 36 12 24 -9 41 0 0.00 0.0 0 3.5 12 30 M M 0 15 40
13 52 12 32 -1 33 0 0.00 0.0 0 9.3 38 240 M M 2 58 220
14 41 16 29 -3 36 0 0.00 0.0 0 14.4 36 240 M M 1 49 260
15 54 15 35 3 30 0 0.00 0.0 0 9.5 28 270 M M 0 40 320
16 53 26 40 9 25 0 0.00 0.0 0 5.3 13 240 M M 1 15 240
17 63 29 46 16 19 0 0.00 0.0 0 5.8 24 170 M M 0 33 330
18 66 40 53 23 12 0 T 0.0 0 14.6 40 200 M M 3 66 210
19 48 24 36 7 29 0 0.00 0.0 0 11.3 24 270 M M 3 34 280
20 43 19 31 2 34 0 0.00 0.0 0 3.1 13 240 M M 0 16 70
21 46 12 29 1 36 0 0.00 0.0 0 4.4 15 240 M M 0 18 120
22 37 13 25 -3 40 0 0.00 0.0 0 2.4 9 330 M M 0 11 360
23 43 16 30 3 35 0 0.00 0.0 0 3.3 13 240 M M 2 15 300
24 43 19 31 5 34 0 0.00 0.0 0 3.7 13 260 M M 1 14 250
25 44 15 30 4 35 0 0.00 0.0 0 6.7 21 260 M M 0 28 280
26 39 16 28 3 37 0 0.00 0.0 0 4.2 21 350 M M 1 31 340
27 40 11 26 1 39 0 0.00 0.0 0 3.4 12 310 M M 0 12 350
28 42 12 27 3 38 0 0.00 0.0 0 3.2 12 310 M M 0 16 310
29 41 18 30 6 35 0 0.00 0.0 0 2.9 10 280 M M 0 13 290
30 43 9 26 2 39 0 0.00 0.0 0 3.9 18 220 M M 1 26 240
================================================================================
SM 1485 665 870 0 0.18 T 186.1 M 30
================================================================================
AV 49.5 22.2 6.2 FASTST M M 1 MAX(MPH)
MISC ----> 53 170 70 170
================================================================================
NOTES:
# LAST OF SEVERAL OCCURRENCES
COLUMN 17 PEAK WIND IN M.P.H.
PRELIMINARY LOCAL CLIMATOLOGICAL DATA (WS FORM: F-6) , PAGE 2
STATION: LANDER WY
MONTH: NOVEMBER
YEAR: 2020
LATITUDE: 42 49 N
LONGITUDE: 108 44 W
[TEMPERATURE DATA] [PRECIPITATION DATA] SYMBOLS USED IN COLUMN 16
AVERAGE MONTHLY: 35.8 TOTAL FOR MONTH: 0.18 1 = FOG OR MIST
DPTR FM NORMAL: 4.6 DPTR FM NORMAL: -0.68 2 = FOG REDUCING VISIBILITY
HIGHEST: 70 ON 3 GRTST 24HR 0.18 ON 7- 7 TO 1/4 MILE OR LESS
LOWEST: 9 ON 30 3 = THUNDER
SNOW, ICE PELLETS, HAIL 4 = ICE PELLETS
TOTAL MONTH: T 5 = HAIL
GRTST 24HR T ON 11-11 6 = FREEZING RAIN OR DRIZZLE
GRTST DEPTH: 0 7 = DUSTSTORM OR SANDSTORM:
VSBY 1/2 MILE OR LESS
8 = SMOKE OR HAZE
[NO. OF DAYS WITH] [WEATHER - DAYS WITH] 9 = BLOWING SNOW
X = TORNADO
MAX 32 OR BELOW: 1 0.01 INCH OR MORE: 1
MAX 90 OR ABOVE: 0 0.10 INCH OR MORE: 1
MIN 32 OR BELOW: 23 0.50 INCH OR MORE: 0
MIN 0 OR BELOW: 0 1.00 INCH OR MORE: 0
[HDD (BASE 65) ]
TOTAL THIS MO. 870 CLEAR (SCALE 0-3) 27
DPTR FM NORMAL -142 PTCLDY (SCALE 4-7) 3
TOTAL FM JUL 1 1714 CLOUDY (SCALE 8-10) 0
DPTR FM NORMAL -160
[CDD (BASE 65) ]
TOTAL THIS MO. 0
DPTR FM NORMAL 0 [PRESSURE DATA]
TOTAL FM JAN 1 686 HIGHEST SLP 30.58 ON 29
DPTR FM NORMAL 214 LOWEST SLP 29.05 ON 7
[REMARKS]
#FINAL-11-20#