000
CXUS53 KOAX 011030
CF6LNK
PRELIMINARY LOCAL CLIMATOLOGICAL DATA (WS FORM: F-6)
STATION: LINCOLN NE
MONTH: DECEMBER
YEAR: 2021
LATITUDE: 40 50 N
LONGITUDE: 96 45 W
TEMPERATURE IN F: :PCPN: SNOW: WIND :SUNSHINE: SKY :PK WND
================================================================================
1 2 3 4 5 6A 6B 7 8 9 10 11 12 13 14 15 16 17 18
12Z AVG MX 2MIN
DY MAX MIN AVG DEP HDD CDD WTR SNW DPTH SPD SPD DIR MIN PSBL S-S WX SPD DR
================================================================================
1 68 33 51 18 14 0 0.00 0.0 0 7.5 22 240 M M 0 28 230
2 71 38 55 22 10 0 0.00 0.0 0 3.8 10 150 M M 0 14 160
3 61 34 48 15 17 0 0.00 0.0 0 10.8 24 360 M M 0 30 10
4 47 30 39 7 26 0 0.00 0.0 0 9.7 17 150 M M 3 18 22 150
5 56 31 44 12 21 0 0.00 0.0 0 15.1 37 330 M M 2 50 330
6 31 18 25 -7 40 0 0.00 0.0 0 10.6 25 330 M M 0 35 340
7 45 25 35 4 30 0 0.00 0.0 0 11.5 23 220 M M 2 31 220
8 51 19 35 4 30 0 0.00 0.0 0 7.5 18 160 M M 0 27 150
9 60 31 46 16 19 0 0.00 0.0 0 9.8 21 340 M M 1 28 340
10 42 30 36 6 29 0 0.05 0.8 0 17.3 30 330 M M 8 18 45 320
11 42 26 34 4 31 0 T T 1 11.1 25 330 M M 2 33 320
12 54 32 43 13 22 0 0.00 0.0 0 12.6 20 210 M M 0 27 210
13 57 23 40 11 25 0 0.00 0.0 0 3.7 12 130 M M 0 16 120
14 59 25 42 13 23 0 0.00 0.0 0 5.7 21 180 M M 0 8 26 170
15 74 32 53 24 12 0 0.20 0.0 0 24.5 59 220 M M 4 138 93 220
16 46 23 35 7 30 0 0.00 0.0 0 6.7 22 310 M M 1 31 310
17 45 19 32 4 33 0 0.00 0.0 0 6.0 18 120 M M 0 23 130
18 29 12 21 -7 44 0 0.00 0.0 0 11.6 28 330 M M 7 37 320
19 41 9 25 -3 40 0 0.00 0.0 0 13.1 26 180 M M 0 35 190
20 36 13 25 -3 40 0 0.00 0.0 0 11.0 28 10 M M 0 35 10
21 50 12 31 4 34 0 0.00 0.0 0 7.1 24 330 M M 0 31 350
22 54 15 35 8 30 0 0.00 0.0 0 7.2 21 220 M M 0 27 220
23 60 28 44 17 21 0 0.00 0.0 0 4.5 13 180 M M 0 16 180
24 65 29 47 20 18 0 T 0.0 0 7.6 18 10 M M 3 128 25 360
25 54 21 38 12 27 0 0.00 0.0 0 4.9 14 260 M M 0 17 350
26 51 18 35 9 30 0 0.00 0.0 0 6.6 16 120 M M 0 18 23 120
27 41 27 34 8 31 0 0.00 0.0 0 8.1 22 310 M M 0 1 31 310
28 44 10 27 1 38 0 0.00 0.0 0 10.6 26 310 M M 1 36 310
29 26 9 18 -8 47 0 0.00 0.0 0 7.7 15 10 M M 5 19 10
30 43 12 28 2 37 0 0.00 0.0 0 7.4 21 210 M M 2 27 200
31 30 12 21 -5 44 0 0.00 0.0 0 13.7 32 20 M M 8 1 42 20
================================================================================
SM 1533 696 893 0 0.25 0.8 295.0 M 49
================================================================================
AV 49.5 22.5 9.5 FASTST M M 2 MAX(MPH)
MISC ----> 59 220 93 220
================================================================================
NOTES:
# LAST OF SEVERAL OCCURRENCES
COLUMN 17 PEAK WIND IN M.P.H.
PRELIMINARY LOCAL CLIMATOLOGICAL DATA (WS FORM: F-6) , PAGE 2
STATION: LINCOLN NE
MONTH: DECEMBER
YEAR: 2021
LATITUDE: 40 50 N
LONGITUDE: 96 45 W
[TEMPERATURE DATA] [PRECIPITATION DATA] SYMBOLS USED IN COLUMN 16
AVERAGE MONTHLY: 36.0 TOTAL FOR MONTH: 0.25 1 = FOG OR MIST
DPTR FM NORMAL: 7.2 DPTR FM NORMAL: -0.93 2 = FOG REDUCING VISIBILITY
HIGHEST: 74 ON 15 GRTST 24HR 0.20 ON 15-15 TO 1/4 MILE OR LESS
LOWEST: 9 ON 29,19 3 = THUNDER
SNOW, ICE PELLETS, HAIL 4 = ICE PELLETS
TOTAL MONTH: 0.8 INCH 5 = HAIL
GRTST 24HR 0.8 ON 10-10 6 = FREEZING RAIN OR DRIZZLE
GRTST DEPTH: 1 ON 11 7 = DUSTSTORM OR SANDSTORM:
VSBY 1/2 MILE OR LESS
8 = SMOKE OR HAZE
[NO. OF DAYS WITH] [WEATHER - DAYS WITH] 9 = BLOWING SNOW
X = TORNADO
MAX 32 OR BELOW: 4 0.01 INCH OR MORE: 2
MAX 90 OR ABOVE: 0 0.10 INCH OR MORE: 1
MIN 32 OR BELOW: 28 0.50 INCH OR MORE: 0
MIN 0 OR BELOW: 0 1.00 INCH OR MORE: 0
[HDD (BASE 65) ]
TOTAL THIS MO. 893 CLEAR (SCALE 0-3) 25
DPTR FM NORMAL -229 PTCLDY (SCALE 4-7) 6
TOTAL FM JUL 1 1783 CLOUDY (SCALE 8-10) 0
DPTR FM NORMAL -541
[CDD (BASE 65) ]
TOTAL THIS MO. 0
DPTR FM NORMAL 0 [PRESSURE DATA]
TOTAL FM JAN 1 1458 HIGHEST SLP 30.47 ON 6
DPTR FM NORMAL 189 LOWEST SLP 29.09 ON 15
[REMARKS]
#FINAL-12-21#