000
CDUS43 KLMK 142033
CLILOU


CLIMATE REPORT
NATIONAL WEATHER SERVICE LOUISVILLE KY
433 PM EDT SAT APR 14 2018


...................................

...THE LOUISVILLE BOWMAN KY CLIMATE SUMMARY FOR APRIL 14 2018...
VALID TODAY AS OF 0400 PM LOCAL TIME.

CLIMATE NORMAL PERIOD 1981 TO 2010
CLIMATE RECORD PERIOD 9999 TO 9999


WEATHER ITEM   OBSERVED TIME   RECORD YEAR NORMAL DEPARTURE LAST
                VALUE   (LST)  VALUE       VALUE  FROM      YEAR
                                                  NORMAL
..................................................................
TEMPERATURE (F)
 TODAY
  MAXIMUM         72    255 AM  MM      MM  67      5       85
  MINIMUM         62    957 AM  MM      MM  47     15       51
  AVERAGE         67                        57     10       68

PRECIPITATION (IN)
  TODAY            0.39         MM      MM   0.12   0.27     0.00
  MONTH TO DATE    1.73                      1.65   0.08     0.95
  SINCE MAR 1      6.60                      5.81   0.79     4.40
  SINCE JAN 1     18.47                     12.37   6.10    10.42

SNOWFALL (IN)
  TODAY           MM            MM      MM  MM     MM       MM
  MONTH TO DATE   MM                        MM     MM       MM
  SINCE MAR 1     MM                        MM     MM       MM
  SINCE JUL 1     MM                        MM     MM       MM
  SNOW DEPTH      MM

DEGREE DAYS
 HEATING
  TODAY            0                         9     -9        0
  MONTH TO DATE  222                       159     63       72
  SINCE MAR 1    859                       721    138      552
  SINCE JUL 1   4121                      4082     39     3114

 COOLING
  TODAY            2                         1      1        3
  MONTH TO DATE   16                        14      2       17
  SINCE MAR 1     16                        18     -2       26
  SINCE JAN 1     26                        18      8       29
..................................................................


WIND (MPH)
  HIGHEST WIND SPEED    21   HIGHEST WIND DIRECTION     S (180)
  HIGHEST GUST SPEED    31   HIGHEST GUST DIRECTION     S (180)
  AVERAGE WIND SPEED    12.3


SKY COVER
  POSSIBLE SUNSHINE  MM
  AVERAGE SKY COVER 0.6


WEATHER CONDITIONS
 THE FOLLOWING WEATHER WAS RECORDED TODAY.
  THUNDERSTORM
  HEAVY RAIN
  LIGHT RAIN
  FOG
  HAZE


RELATIVE HUMIDITY (PERCENT)
 HIGHEST    93          1100 AM
 LOWEST     38           200 AM
 AVERAGE    66

..........................................................




SUNRISE AND SUNSET
APRIL 14 2018.........SUNRISE   708 AM EDT   SUNSET   818 PM EDT
APRIL 15 2018.........SUNRISE   707 AM EDT   SUNSET   819 PM EDT


-  INDICATES NEGATIVE NUMBERS.
R  INDICATES RECORD WAS SET OR TIED.
MM INDICATES DATA IS MISSING.
T  INDICATES TRACE AMOUNT.




$$
