000
CDUS43 KLMK 152032
CLILOU


CLIMATE REPORT
NATIONAL WEATHER SERVICE LOUISVILLE KY
432 PM EDT SUN APR 15 2018


...................................

...THE LOUISVILLE BOWMAN KY CLIMATE SUMMARY FOR APRIL 15 2018...
VALID TODAY AS OF 0400 PM LOCAL TIME.

CLIMATE NORMAL PERIOD 1981 TO 2010
CLIMATE RECORD PERIOD 9999 TO 9999


WEATHER ITEM   OBSERVED TIME   RECORD YEAR NORMAL DEPARTURE LAST
                VALUE   (LST)  VALUE       VALUE  FROM      YEAR
                                                  NORMAL
..................................................................
TEMPERATURE (F)
 TODAY
  MAXIMUM         62    533 AM  MM      MM  67     -5       83
  MINIMUM         47    149 PM  MM      MM  47      0       66
  AVERAGE         55                        57     -2       75

PRECIPITATION (IN)
  TODAY            0.61         MM      MM   0.13   0.48      T
  MONTH TO DATE    2.64                      1.78   0.86     0.95
  SINCE MAR 1      7.51                      5.94   1.57     4.40
  SINCE JAN 1     19.38                     12.50   6.88    10.42

SNOWFALL (IN)
  TODAY           MM            MM      MM  MM     MM       MM
  MONTH TO DATE   MM                        MM     MM       MM
  SINCE MAR 1     MM                        MM     MM       MM
  SINCE JUL 1     MM                        MM     MM       MM
  SNOW DEPTH      MM

DEGREE DAYS
 HEATING
  TODAY           10                         9      1        0
  MONTH TO DATE  232                       168     64       72
  SINCE MAR 1    869                       730    139      552
  SINCE JUL 1   4131                      4091     40     3114

 COOLING
  TODAY            0                         1     -1       10
  MONTH TO DATE   16                        15      1       27
  SINCE MAR 1     16                        19     -3       36
  SINCE JAN 1     26                        19      7       39
..................................................................


WIND (MPH)
  HIGHEST WIND SPEED    20   HIGHEST WIND DIRECTION     W (270)
  HIGHEST GUST SPEED    27   HIGHEST GUST DIRECTION     W (250)
  AVERAGE WIND SPEED     8.7


SKY COVER
  POSSIBLE SUNSHINE  MM
  AVERAGE SKY COVER 1.0


WEATHER CONDITIONS
 THE FOLLOWING WEATHER WAS RECORDED TODAY.
  HEAVY RAIN
  RAIN
  LIGHT RAIN
  FOG


RELATIVE HUMIDITY (PERCENT)
 HIGHEST   100           600 AM
 LOWEST     80           300 PM
 AVERAGE    90

..........................................................




SUNRISE AND SUNSET
APRIL 15 2018.........SUNRISE   707 AM EDT   SUNSET   819 PM EDT
APRIL 16 2018.........SUNRISE   706 AM EDT   SUNSET   820 PM EDT


-  INDICATES NEGATIVE NUMBERS.
R  INDICATES RECORD WAS SET OR TIED.
MM INDICATES DATA IS MISSING.
T  INDICATES TRACE AMOUNT.




$$
