000
CDUS43 KLMK 172036
CLILOU


CLIMATE REPORT
NATIONAL WEATHER SERVICE LOUISVILLE KY
435 PM EDT TUE APR 17 2018


...................................

...THE LOUISVILLE BOWMAN KY CLIMATE SUMMARY FOR APRIL 17 2018...
VALID TODAY AS OF 0400 PM LOCAL TIME.

CLIMATE NORMAL PERIOD 1981 TO 2010
CLIMATE RECORD PERIOD 9999 TO 9999


WEATHER ITEM   OBSERVED TIME   RECORD YEAR NORMAL DEPARTURE LAST
                VALUE   (LST)  VALUE       VALUE  FROM      YEAR
                                                  NORMAL
..................................................................
TEMPERATURE (F)
 TODAY
  MAXIMUM         58    259 PM  MM      MM  68    -10       75
  MINIMUM         30    627 AM  MM      MM  48    -18       59
  AVERAGE         44                        58    -14       67

PRECIPITATION (IN)
  TODAY            0.00         MM      MM   0.14  -0.14     0.01
  MONTH TO DATE    2.67                      2.04   0.63     2.72
  SINCE MAR 1      7.54                      6.20   1.34     6.17
  SINCE JAN 1     19.41                     12.76   6.65    12.19

SNOWFALL (IN)
  TODAY           MM            MM      MM  MM     MM       MM
  MONTH TO DATE   MM                        MM     MM       MM
  SINCE MAR 1     MM                        MM     MM       MM
  SINCE JUL 1     MM                        MM     MM       MM
  SNOW DEPTH      MM

DEGREE DAYS
 HEATING
  TODAY           21                         8     13        0
  MONTH TO DATE  285                       185    100       72
  SINCE MAR 1    922                       747    175      552
  SINCE JUL 1   4184                      4108     76     3114

 COOLING
  TODAY            0                         1     -1        2
  MONTH TO DATE   16                        17     -1       35
  SINCE MAR 1     16                        21     -5       44
  SINCE JAN 1     26                        21      5       47
..................................................................


WIND (MPH)
  HIGHEST WIND SPEED    20   HIGHEST WIND DIRECTION    SW (240)
  HIGHEST GUST SPEED    29   HIGHEST GUST DIRECTION     W (270)
  AVERAGE WIND SPEED    10.4


SKY COVER
  POSSIBLE SUNSHINE  MM
  AVERAGE SKY COVER 0.3


WEATHER CONDITIONS
 THE FOLLOWING WEATHER WAS RECORDED TODAY.
  HAZE


RELATIVE HUMIDITY (PERCENT)
 HIGHEST    85           500 AM
 LOWEST     40           300 PM
 AVERAGE    63

..........................................................




SUNRISE AND SUNSET
APRIL 17 2018.........SUNRISE   704 AM EDT   SUNSET   821 PM EDT
APRIL 18 2018.........SUNRISE   703 AM EDT   SUNSET   822 PM EDT


-  INDICATES NEGATIVE NUMBERS.
R  INDICATES RECORD WAS SET OR TIED.
MM INDICATES DATA IS MISSING.
T  INDICATES TRACE AMOUNT.




$$
