062
CDUS43 KLMK 120627
CLILOU


CLIMATE REPORT
NATIONAL WEATHER SERVICE LOUISVILLE KY
227 AM EDT THU APR 12 2018


...................................

...THE LOUISVILLE BOWMAN KY CLIMATE SUMMARY FOR APRIL 11 2018...

CLIMATE NORMAL PERIOD 1981 TO 2010
CLIMATE RECORD PERIOD 9999 TO 9999


WEATHER ITEM   OBSERVED TIME   RECORD YEAR NORMAL DEPARTURE LAST
                VALUE   (LST)  VALUE       VALUE  FROM      YEAR
                                                  NORMAL
..................................................................
TEMPERATURE (F)
 YESTERDAY
  MAXIMUM         67    412 PM  MM      MM  66      1       72
  MINIMUM         30    542 AM  MM      MM  46    -16       57
  AVERAGE         49                        56     -7       65

PRECIPITATION (IN)
  YESTERDAY        0.00         MM      MM   0.12  -0.12     0.49
  MONTH TO DATE    1.34                      1.29   0.05     0.95
  SINCE MAR 1      6.21                      5.45   0.76     4.40
  SINCE JAN 1     18.08                     12.01   6.07    10.42

SNOWFALL (IN)
  YESTERDAY       MM            MM      MM  MM     MM       MM
  MONTH TO DATE   MM                        MM     MM       MM
  SINCE MAR 1     MM                        MM     MM       MM
  SINCE JUL 1     MM                        MM     MM       MM
  SNOW DEPTH      MM

DEGREE DAYS
 HEATING
  YESTERDAY       16                        10      6        0
  MONTH TO DATE  222                       130     92       68
  SINCE MAR 1    859                       692    167      548
  SINCE JUL 1   4121                      4053     68     3110

 COOLING
  YESTERDAY        0                         1     -1        0
  MONTH TO DATE    0                        11    -11       14
  SINCE MAR 1      0                        15    -15       23
  SINCE JAN 1     10                        15     -5       26
..................................................................


WIND (MPH)
  HIGHEST WIND SPEED    18   HIGHEST WIND DIRECTION     S (200)
  HIGHEST GUST SPEED    26   HIGHEST GUST DIRECTION     S (190)
  AVERAGE WIND SPEED     7.6


SKY COVER
  POSSIBLE SUNSHINE  MM
  AVERAGE SKY COVER 0.1


WEATHER CONDITIONS
 THE FOLLOWING WEATHER WAS RECORDED YESTERDAY.
  NO SIGNIFICANT WEATHER WAS OBSERVED.


RELATIVE HUMIDITY (PERCENT)
 HIGHEST    89           300 AM
 LOWEST     32           400 PM
 AVERAGE    61

..........................................................


THE LOUISVILLE BOWMAN KY CLIMATE NORMALS FOR TODAY
                         NORMAL
 MAXIMUM TEMPERATURE (F)   66
 MINIMUM TEMPERATURE (F)   46


SUNRISE AND SUNSET
APRIL 12 2018.........SUNRISE   711 AM EDT   SUNSET   816 PM EDT
APRIL 13 2018.........SUNRISE   710 AM EDT   SUNSET   817 PM EDT


-  INDICATES NEGATIVE NUMBERS.
R  INDICATES RECORD WAS SET OR TIED.
MM INDICATES DATA IS MISSING.
T  INDICATES TRACE AMOUNT.




$$
