000
CDUS43 KLMK 040628
CLILOU


CLIMATE REPORT
NATIONAL WEATHER SERVICE LOUISVILLE KY
228 AM EDT WED APR 4 2018


...................................

...THE LOUISVILLE BOWMAN KY CLIMATE SUMMARY FOR APRIL 3 2018...

CLIMATE NORMAL PERIOD 1981 TO 2010
CLIMATE RECORD PERIOD 9999 TO 9999


WEATHER ITEM   OBSERVED TIME   RECORD YEAR NORMAL DEPARTURE LAST
                VALUE   (LST)  VALUE       VALUE  FROM      YEAR
                                                  NORMAL
..................................................................
TEMPERATURE (F)
 YESTERDAY
  MAXIMUM         79    238 PM  MM      MM  63     16       73
  MINIMUM         48   1159 PM  MM      MM  43      5       58
  AVERAGE         64                        53     11       66

PRECIPITATION (IN)
  YESTERDAY        0.49         MM      MM   0.11   0.38     0.22
  MONTH TO DATE    1.26                      0.35   0.91     0.22
  SINCE MAR 1      6.13                      4.51   1.62     3.67
  SINCE JAN 1     18.00                     11.07   6.93     9.69

SNOWFALL (IN)
  YESTERDAY       MM            MM      MM  MM     MM       MM
  MONTH TO DATE   MM                        MM     MM       MM
  SINCE MAR 1     MM                        MM     MM       MM
  SINCE JUL 1     MM                        MM     MM       MM
  SNOW DEPTH      MM

DEGREE DAYS
 HEATING
  YESTERDAY        1                        13    -12        0
  MONTH TO DATE   42                        39      3       23
  SINCE MAR 1    679                       601     78      503
  SINCE JUL 1   3941                      3962    -21     3065

 COOLING
  YESTERDAY        0                         1     -1        1
  MONTH TO DATE    0                         3     -3        1
  SINCE MAR 1      0                         7     -7       10
  SINCE JAN 1     10                         7      3       13
..................................................................


WIND (MPH)
  HIGHEST WIND SPEED    35   HIGHEST WIND DIRECTION    SW (210)
  HIGHEST GUST SPEED    50   HIGHEST GUST DIRECTION     S (190)
  AVERAGE WIND SPEED    14.4


SKY COVER
  POSSIBLE SUNSHINE  MM
  AVERAGE SKY COVER 0.6


WEATHER CONDITIONS
 THE FOLLOWING WEATHER WAS RECORDED YESTERDAY.
  THUNDERSTORM
  RAIN
  LIGHT RAIN
  FOG


RELATIVE HUMIDITY (PERCENT)
 HIGHEST   100           200 AM
 LOWEST     52           100 PM
 AVERAGE    76

..........................................................


THE LOUISVILLE BOWMAN KY CLIMATE NORMALS FOR TODAY
                         NORMAL
 MAXIMUM TEMPERATURE (F)   63
 MINIMUM TEMPERATURE (F)   43


SUNRISE AND SUNSET
APRIL  4 2018.........SUNRISE   723 AM EDT   SUNSET   809 PM EDT
APRIL  5 2018.........SUNRISE   722 AM EDT   SUNSET   810 PM EDT


-  INDICATES NEGATIVE NUMBERS.
R  INDICATES RECORD WAS SET OR TIED.
MM INDICATES DATA IS MISSING.
T  INDICATES TRACE AMOUNT.




$$
