000
CDUS43 KLMK 052029
CLILOU


CLIMATE REPORT
NATIONAL WEATHER SERVICE LOUISVILLE KY
428 PM EDT THU APR 5 2018


...................................

...THE LOUISVILLE BOWMAN KY CLIMATE SUMMARY FOR APRIL 5 2018...
VALID TODAY AS OF 0400 PM LOCAL TIME.

CLIMATE NORMAL PERIOD 1981 TO 2010
CLIMATE RECORD PERIOD 9999 TO 9999


WEATHER ITEM   OBSERVED TIME   RECORD YEAR NORMAL DEPARTURE LAST
                VALUE   (LST)  VALUE       VALUE  FROM      YEAR
                                                  NORMAL
..................................................................
TEMPERATURE (F)
 TODAY
  MAXIMUM         53    259 PM  MM      MM  64    -11       82
  MINIMUM         27    546 AM  MM      MM  44    -17       53
  AVERAGE         40                        54    -14       68

PRECIPITATION (IN)
  TODAY            0.00         MM      MM   0.11  -0.11     0.10
  MONTH TO DATE    1.26                      0.56   0.70     0.33
  SINCE MAR 1      6.13                      4.72   1.41     3.78
  SINCE JAN 1     18.00                     11.28   6.72     9.80

SNOWFALL (IN)
  TODAY           MM            MM      MM  MM     MM       MM
  MONTH TO DATE   MM                        MM     MM       MM
  SINCE MAR 1     MM                        MM     MM       MM
  SINCE JUL 1     MM                        MM     MM       MM
  SNOW DEPTH      MM

DEGREE DAYS
 HEATING
  TODAY           25                        12     13        0
  MONTH TO DATE   92                        63     29       23
  SINCE MAR 1    729                       625    104      503
  SINCE JUL 1   3991                      3986      5     3065

 COOLING
  TODAY            0                         1     -1        3
  MONTH TO DATE    0                         5     -5        5
  SINCE MAR 1      0                         9     -9       14
  SINCE JAN 1     10                         9      1       17
..................................................................


WIND (MPH)
  HIGHEST WIND SPEED    12   HIGHEST WIND DIRECTION     S (200)
  HIGHEST GUST SPEED    17   HIGHEST GUST DIRECTION     S (160)
  AVERAGE WIND SPEED     2.5


SKY COVER
  POSSIBLE SUNSHINE  MM
  AVERAGE SKY COVER 0.0


WEATHER CONDITIONS
 THE FOLLOWING WEATHER WAS RECORDED TODAY.
  NO SIGNIFICANT WEATHER WAS OBSERVED.


RELATIVE HUMIDITY (PERCENT)
 HIGHEST    92           400 AM
 LOWEST     35           200 PM
 AVERAGE    64

..........................................................




SUNRISE AND SUNSET
APRIL  5 2018.........SUNRISE   722 AM EDT   SUNSET   810 PM EDT
APRIL  6 2018.........SUNRISE   720 AM EDT   SUNSET   811 PM EDT


-  INDICATES NEGATIVE NUMBERS.
R  INDICATES RECORD WAS SET OR TIED.
MM INDICATES DATA IS MISSING.
T  INDICATES TRACE AMOUNT.




$$
