000
CDUS43 KLMK 032034
CLILOU


CLIMATE REPORT
NATIONAL WEATHER SERVICE LOUISVILLE KY
433 PM EDT THU MAY 3 2018


...................................

...THE LOUISVILLE BOWMAN KY CLIMATE SUMMARY FOR MAY 3 2018...
VALID TODAY AS OF 0400 PM LOCAL TIME.

CLIMATE NORMAL PERIOD 1981 TO 2010
CLIMATE RECORD PERIOD 9999 TO 9999


WEATHER ITEM   OBSERVED TIME   RECORD YEAR NORMAL DEPARTURE LAST
                VALUE   (LST)  VALUE       VALUE  FROM      YEAR
                                                  NORMAL
..................................................................
TEMPERATURE (F)
 TODAY
  MAXIMUM         81    241 PM  MM      MM  73      8       66
  MINIMUM         72   1046 AM  MM      MM  52     20       48
  AVERAGE         77                        62     15       57

PRECIPITATION (IN)
  TODAY            T            MM      MM   0.18  -0.18     0.00
  MONTH TO DATE    T                         0.56  -0.56     0.28
  SINCE MAR 1      8.41                      8.80  -0.39     8.97
  SINCE JAN 1     20.28                     15.36   4.92    14.99

SNOWFALL (IN)
  TODAY           MM            MM      MM  MM     MM       MM
  MONTH TO DATE    0.0                      MM     MM       MM
  SINCE MAR 1      0.0                      MM     MM       MM
  SINCE JUL 1      0.0                      MM     MM       MM
  SNOW DEPTH      MM

DEGREE DAYS
 HEATING
  TODAY            0                         4     -4        8
  MONTH TO DATE    0                        13    -13       15
  SINCE MAR 1   1031                       843    188      597
  SINCE JUL 1   4293                      4204     89     3159

 COOLING
  TODAY           12                         2     10        0
  MONTH TO DATE   21                         5     16        0
  SINCE MAR 1     37                        39     -2       97
  SINCE JAN 1     47                        39      8      100
..................................................................


WIND (MPH)
  HIGHEST WIND SPEED    25   HIGHEST WIND DIRECTION    SW (240)
  HIGHEST GUST SPEED    35   HIGHEST GUST DIRECTION    SW (230)
  AVERAGE WIND SPEED    12.9


SKY COVER
  POSSIBLE SUNSHINE  MM
  AVERAGE SKY COVER 0.4


WEATHER CONDITIONS
 THE FOLLOWING WEATHER WAS RECORDED TODAY.
  THUNDERSTORM
  LIGHT RAIN


RELATIVE HUMIDITY (PERCENT)
 HIGHEST    73          1100 AM
 LOWEST     57           400 AM
 AVERAGE    65

..........................................................




SUNRISE AND SUNSET
MAY  3 2018...........SUNRISE   644 AM EDT   SUNSET   836 PM EDT
MAY  4 2018...........SUNRISE   643 AM EDT   SUNSET   837 PM EDT


-  INDICATES NEGATIVE NUMBERS.
R  INDICATES RECORD WAS SET OR TIED.
MM INDICATES DATA IS MISSING.
T  INDICATES TRACE AMOUNT.




$$
