000
CDUS43 KLMK 102027
CLILOU


CLIMATE REPORT
NATIONAL WEATHER SERVICE LOUISVILLE KY
426 PM EDT TUE APR 10 2018


...................................

...THE LOUISVILLE BOWMAN KY CLIMATE SUMMARY FOR APRIL 10 2018...
VALID TODAY AS OF 0400 PM LOCAL TIME.

CLIMATE NORMAL PERIOD 1981 TO 2010
CLIMATE RECORD PERIOD 9999 TO 9999


WEATHER ITEM   OBSERVED TIME   RECORD YEAR NORMAL DEPARTURE LAST
                VALUE   (LST)  VALUE       VALUE  FROM      YEAR
                                                  NORMAL
..................................................................
TEMPERATURE (F)
 TODAY
  MAXIMUM         48    259 PM  MM      MM  65    -17       82
  MINIMUM         35    640 AM  MM      MM  45    -10       66
  AVERAGE         42                        55    -13       74

PRECIPITATION (IN)
  TODAY            0.00         MM      MM   0.13  -0.13     0.00
  MONTH TO DATE    1.34                      1.17   0.17     0.46
  SINCE MAR 1      6.21                      5.33   0.88     3.91
  SINCE JAN 1     18.08                     11.89   6.19     9.93

SNOWFALL (IN)
  TODAY           MM            MM      MM  MM     MM       MM
  MONTH TO DATE   MM                        MM     MM       MM
  SINCE MAR 1     MM                        MM     MM       MM
  SINCE JUL 1     MM                        MM     MM       MM
  SNOW DEPTH      MM

DEGREE DAYS
 HEATING
  TODAY           23                        11     12        0
  MONTH TO DATE  206                       120     86       68
  SINCE MAR 1    843                       682    161      548
  SINCE JUL 1   4105                      4043     62     3110

 COOLING
  TODAY            0                         1     -1        9
  MONTH TO DATE    0                        10    -10       14
  SINCE MAR 1      0                        14    -14       23
  SINCE JAN 1     10                        14     -4       26
..................................................................


WIND (MPH)
  HIGHEST WIND SPEED     9   HIGHEST WIND DIRECTION    NW (300)
  HIGHEST GUST SPEED    13   HIGHEST GUST DIRECTION    NW (300)
  AVERAGE WIND SPEED     3.5


SKY COVER
  POSSIBLE SUNSHINE  MM
  AVERAGE SKY COVER 0.7


WEATHER CONDITIONS
 THE FOLLOWING WEATHER WAS RECORDED TODAY.
  NO SIGNIFICANT WEATHER WAS OBSERVED.


RELATIVE HUMIDITY (PERCENT)
 HIGHEST    92           600 AM
 LOWEST     50           100 PM
 AVERAGE    71

..........................................................




SUNRISE AND SUNSET
APRIL 10 2018.........SUNRISE   714 AM EDT   SUNSET   814 PM EDT
APRIL 11 2018.........SUNRISE   713 AM EDT   SUNSET   815 PM EDT


-  INDICATES NEGATIVE NUMBERS.
R  INDICATES RECORD WAS SET OR TIED.
MM INDICATES DATA IS MISSING.
T  INDICATES TRACE AMOUNT.




$$
