000
CDUS43 KLMK 250626
CLILOU


CLIMATE REPORT
NATIONAL WEATHER SERVICE LOUISVILLE KY
226 AM EDT WED APR 25 2018


...................................

...THE LOUISVILLE BOWMAN KY CLIMATE SUMMARY FOR APRIL 24 2018...

CLIMATE NORMAL PERIOD 1981 TO 2010
CLIMATE RECORD PERIOD 9999 TO 9999


WEATHER ITEM   OBSERVED TIME   RECORD YEAR NORMAL DEPARTURE LAST
                VALUE   (LST)  VALUE       VALUE  FROM      YEAR
                                                  NORMAL
..................................................................
TEMPERATURE (F)
 YESTERDAY
  MAXIMUM         58    729 PM  MM      MM  70    -12       77
  MINIMUM         54    856 AM  MM      MM  50      4       52
  AVERAGE         56                        60     -4       65

PRECIPITATION (IN)
  YESTERDAY        0.27         MM      MM   0.17   0.10     0.00
  MONTH TO DATE    3.54                      3.08   0.46     3.28
  SINCE MAR 1      8.41                      7.24   1.17     6.73
  SINCE JAN 1     20.28                     13.80   6.48    12.75

SNOWFALL (IN)
  YESTERDAY       MM            MM      MM  MM     MM       MM
  MONTH TO DATE   MM                        MM     MM       MM
  SINCE MAR 1     MM                        MM     MM       MM
  SINCE JUL 1     MM                        MM     MM       MM
  SNOW DEPTH      MM

DEGREE DAYS
 HEATING
  YESTERDAY        9                         6      3        0
  MONTH TO DATE  347                       236    111       98
  SINCE MAR 1    984                       798    186      578
  SINCE JUL 1   4246                      4159     87     3140

 COOLING
  YESTERDAY        0                         1     -1        0
  MONTH TO DATE   16                        24     -8       58
  SINCE MAR 1     16                        28    -12       67
  SINCE JAN 1     26                        28     -2       70
..................................................................


WIND (MPH)
  HIGHEST WIND SPEED     9   HIGHEST WIND DIRECTION    NE (40)
  HIGHEST GUST SPEED    12   HIGHEST GUST DIRECTION    NW (320)
  AVERAGE WIND SPEED     4.6


SKY COVER
  POSSIBLE SUNSHINE  MM
  AVERAGE SKY COVER 1.0


WEATHER CONDITIONS
 THE FOLLOWING WEATHER WAS RECORDED YESTERDAY.
  LIGHT RAIN
  FOG


RELATIVE HUMIDITY (PERCENT)
 HIGHEST   100           200 AM
 LOWEST     93           100 AM
 AVERAGE    97

..........................................................


THE LOUISVILLE BOWMAN KY CLIMATE NORMALS FOR TODAY
                         NORMAL
 MAXIMUM TEMPERATURE (F)   70
 MINIMUM TEMPERATURE (F)   50


SUNRISE AND SUNSET
APRIL 25 2018.........SUNRISE   653 AM EDT   SUNSET   828 PM EDT
APRIL 26 2018.........SUNRISE   652 AM EDT   SUNSET   829 PM EDT


-  INDICATES NEGATIVE NUMBERS.
R  INDICATES RECORD WAS SET OR TIED.
MM INDICATES DATA IS MISSING.
T  INDICATES TRACE AMOUNT.




$$
