000
CDUS43 KLMK 230631
CLILOU


CLIMATE REPORT
NATIONAL WEATHER SERVICE LOUISVILLE KY
231 AM EDT MON APR 23 2018


...................................

...THE LOUISVILLE BOWMAN KY CLIMATE SUMMARY FOR APRIL 22 2018...

CLIMATE NORMAL PERIOD 1981 TO 2010
CLIMATE RECORD PERIOD 9999 TO 9999


WEATHER ITEM   OBSERVED TIME   RECORD YEAR NORMAL DEPARTURE LAST
                VALUE   (LST)  VALUE       VALUE  FROM      YEAR
                                                  NORMAL
..................................................................
TEMPERATURE (F)
 YESTERDAY
  MAXIMUM         74    244 PM  MM      MM  69      5       56
  MINIMUM         51    620 AM  MM      MM  49      2       48
  AVERAGE         63                        59      4       52

PRECIPITATION (IN)
  YESTERDAY        T            MM      MM   0.14  -0.14     0.26
  MONTH TO DATE    2.68                      2.75  -0.07     3.28
  SINCE MAR 1      7.55                      6.91   0.64     6.73
  SINCE JAN 1     19.42                     13.47   5.95    12.75

SNOWFALL (IN)
  YESTERDAY       MM            MM      MM  MM     MM       MM
  MONTH TO DATE   MM                        MM     MM       MM
  SINCE MAR 1     MM                        MM     MM       MM
  SINCE JUL 1     MM                        MM     MM       MM
  SNOW DEPTH      MM

DEGREE DAYS
 HEATING
  YESTERDAY        2                         7     -5       13
  MONTH TO DATE  331                       223    108       88
  SINCE MAR 1    968                       785    183      568
  SINCE JUL 1   4230                      4146     84     3130

 COOLING
  YESTERDAY        0                         1     -1        0
  MONTH TO DATE   16                        22     -6       58
  SINCE MAR 1     16                        26    -10       67
  SINCE JAN 1     26                        26      0       70
..................................................................


WIND (MPH)
  HIGHEST WIND SPEED    18   HIGHEST WIND DIRECTION    NE (60)
  HIGHEST GUST SPEED    26   HIGHEST GUST DIRECTION    NE (50)
  AVERAGE WIND SPEED     8.5


SKY COVER
  POSSIBLE SUNSHINE  MM
  AVERAGE SKY COVER 0.2


WEATHER CONDITIONS
 THE FOLLOWING WEATHER WAS RECORDED YESTERDAY.
  LIGHT RAIN


RELATIVE HUMIDITY (PERCENT)
 HIGHEST    44           700 AM
 LOWEST     32           900 PM
 AVERAGE    38

..........................................................


THE LOUISVILLE BOWMAN KY CLIMATE NORMALS FOR TODAY
                         NORMAL
 MAXIMUM TEMPERATURE (F)   70
 MINIMUM TEMPERATURE (F)   49


SUNRISE AND SUNSET
APRIL 23 2018.........SUNRISE   656 AM EDT   SUNSET   826 PM EDT
APRIL 24 2018.........SUNRISE   655 AM EDT   SUNSET   827 PM EDT


-  INDICATES NEGATIVE NUMBERS.
R  INDICATES RECORD WAS SET OR TIED.
MM INDICATES DATA IS MISSING.
T  INDICATES TRACE AMOUNT.




$$
