000
CDUS43 KLMK 182027
CLILOU


CLIMATE REPORT
NATIONAL WEATHER SERVICE LOUISVILLE KY
427 PM EDT WED APR 18 2018


...................................

...THE LOUISVILLE BOWMAN KY CLIMATE SUMMARY FOR APRIL 18 2018...
VALID TODAY AS OF 0400 PM LOCAL TIME.

CLIMATE NORMAL PERIOD 1981 TO 2010
CLIMATE RECORD PERIOD 9999 TO 9999


WEATHER ITEM   OBSERVED TIME   RECORD YEAR NORMAL DEPARTURE LAST
                VALUE   (LST)  VALUE       VALUE  FROM      YEAR
                                                  NORMAL
..................................................................
TEMPERATURE (F)
 TODAY
  MAXIMUM         78    259 PM  MM      MM  68     10       77
  MINIMUM         40    605 AM  MM      MM  48     -8       63
  AVERAGE         59                        58      1       70

PRECIPITATION (IN)
  TODAY            0.00         MM      MM   0.14  -0.14      T
  MONTH TO DATE    2.67                      2.18   0.49     2.72
  SINCE MAR 1      7.54                      6.34   1.20     6.17
  SINCE JAN 1     19.41                     12.90   6.51    12.19

SNOWFALL (IN)
  TODAY           MM            MM      MM  MM     MM       MM
  MONTH TO DATE   MM                        MM     MM       MM
  SINCE MAR 1     MM                        MM     MM       MM
  SINCE JUL 1     MM                        MM     MM       MM
  SNOW DEPTH      MM

DEGREE DAYS
 HEATING
  TODAY            6                         8     -2        0
  MONTH TO DATE  289                       193     96       72
  SINCE MAR 1    926                       755    171      552
  SINCE JUL 1   4188                      4116     72     3114

 COOLING
  TODAY            0                         1     -1        5
  MONTH TO DATE   16                        18     -2       40
  SINCE MAR 1     16                        22     -6       49
  SINCE JAN 1     26                        22      4       52
..................................................................


WIND (MPH)
  HIGHEST WIND SPEED    22   HIGHEST WIND DIRECTION    SW (220)
  HIGHEST GUST SPEED    31   HIGHEST GUST DIRECTION     S (190)
  AVERAGE WIND SPEED     8.4


SKY COVER
  POSSIBLE SUNSHINE  MM
  AVERAGE SKY COVER 0.1


WEATHER CONDITIONS
 THE FOLLOWING WEATHER WAS RECORDED TODAY.
  NO SIGNIFICANT WEATHER WAS OBSERVED.


RELATIVE HUMIDITY (PERCENT)
 HIGHEST    73           500 AM
 LOWEST     45           300 PM
 AVERAGE    59

..........................................................




SUNRISE AND SUNSET
APRIL 18 2018.........SUNRISE   703 AM EDT   SUNSET   822 PM EDT
APRIL 19 2018.........SUNRISE   701 AM EDT   SUNSET   823 PM EDT


-  INDICATES NEGATIVE NUMBERS.
R  INDICATES RECORD WAS SET OR TIED.
MM INDICATES DATA IS MISSING.
T  INDICATES TRACE AMOUNT.




$$
