000
CXUS55 KLMK 020931
CLMLOU
CLIMATE REPORT
NATIONAL WEATHER SERVICE LOUISVILLE KY
431 AM EST SAT DEC 02 2023
...................................
...THE LOUISVILLE BOWMAN KY CLIMATE SUMMARY FOR THE MONTH OF NOVEMBER 2023...
CLIMATE NORMAL PERIOD 1991 TO 2020
CLIMATE RECORD PERIOD 9999 TO 9999
WEATHER OBSERVED NORMAL DEPART LAST YEAR`S
VALUE DATE(S) VALUE FROM VALUE DATE(S)
NORMAL
................................................................
TEMPERATURE (F)
RECORD
HIGH MM MM
LOW 18 11/19/2022
HIGHEST 81 11/08 MM MM 77 11/04
11/09
LOWEST 19 11/29 MM MM 18 11/19
AVG. MAXIMUM 59.1 56.6 2.5 57.1
AVG. MINIMUM 36.7 37.8 -1.1 36.2
MEAN 47.9 47.2 0.7 46.7
DAYS MAX >= 90 0 0.0 0.0 0
DAYS MAX <= 32 0 0.2 -0.2 0
DAYS MIN <= 32 11 9.3 1.7 14
DAYS MIN <= 0 0 0.0 0.0 0
PRECIPITATION (INCHES)
RECORD
MAXIMUM 1.65 2021
TOTALS 1.26R 3.44 -2.18 1.41
DAILY AVG. 0.04 0.11 -0.07 0.05
DAYS >= .01 5 9.9 -4.9 7
DAYS >= .10 2 5.9 -3.9 6
DAYS >= .50 1 2.9 -1.9 1
DAYS >= 1.00 0 1.0 -1.0 0
GREATEST
24 HR. TOTAL 1.13 11/20 TO 11/21
DEGREE DAYS
HEATING TOTAL 512 536 -24 546
SINCE 7/1 748 800 -52 MM
COOLING TOTAL 5 2 3 2
SINCE 1/1 1260 1543 -283 MM
................................................................
WIND (MPH)
AVERAGE WIND SPEED 5.9
HIGHEST WIND SPEED/DIRECTION 25/180 DATE 11/08
HIGHEST GUST SPEED/DIRECTION 40/150 DATE 11/08
SKY COVER
POSSIBLE SUNSHINE (PERCENT) MM
AVERAGE SKY COVER 0.28
NUMBER OF DAYS FAIR 21
NUMBER OF DAYS PC 6
NUMBER OF DAYS CLOUDY 3
AVERAGE RH (PERCENT) 63
WEATHER CONDITIONS. NUMBER OF DAYS WITH
THUNDERSTORM 0 MIXED PRECIP 0
HEAVY RAIN 1 RAIN 2
LIGHT RAIN 7 FREEZING RAIN 0
LT FREEZING RAIN 0 HAIL 0
HEAVY SNOW 0 SNOW 0
LIGHT SNOW 0 SLEET 0
FOG 10 FOG W/VIS <= 1/4 MILE 0
HAZE 5
- INDICATES NEGATIVE NUMBERS.
R INDICATES RECORD WAS SET OR TIED.
MM INDICATES DATA IS MISSING.
T INDICATES TRACE AMOUNT.
$$