000
CXUS54 KCRP 040706
CF6LRD
PRELIMINARY LOCAL CLIMATOLOGICAL DATA (WS FORM: F-6)
STATION: LAREDO
MONTH: NOVEMBER
YEAR: 2023
LATITUDE: 27 31 N
LONGITUDE: 99 28 W
TEMPERATURE IN F: :PCPN: SNOW: WIND :SUNSHINE: SKY :PK WND
================================================================================
1 2 3 4 5 6A 6B 7 8 9 10 11 12 13 14 15 16 17 18
12Z AVG MX 2MIN
DY MAX MIN AVG DEP HDD CDD WTR SNW DPTH SPD SPD DIR MIN PSBL S-S WX SPD DR
================================================================================
1 68 41 55 -16 10 0 0.00 0.0 0 M M M M M 3 M M
2 71 49 60 -11 5 0 0.00 0.0 0 M M M M M 8 M M
3 82 54 68 -2 0 3 0.00 0.0 0 M M M M M 4 M M
4 85 59 72 2 0 7 0.00 0.0 0 M M M M M 1 M M
5 86 63 75 5 0 10 0.00 0.0 0 M M M M M 0 M M
6 86 65 76 7 0 11 0.00 0.0 0 M M M M M 0 M M
7 88 67 78 9 0 13 0.00 0.0 0 M M M M M 0 M M
8 92 68 80 12 0 15 0.00 0.0 0 M M M M M 0 M M
9 84 67 76 8 0 11 0.01 0.0 0 M M M M M 5 M M
10 67 57 62 -6 3 0 0.02 0.0 0 M M M M M 10 1 M M
11 61 57 59 -9 6 0 0.05 0.0 0 M M M M M 10 1 M M
12 61 58 60 -7 5 0 0.88 0.0 0 M M M M M 10 1 M M
13 61 58 60 -7 5 0 0.08 0.0 0 M M M M M 10 1 M M
14 71 59 65 -2 0 0 0.00 0.0 0 M M M M M 9 1 M M
15 75 54 65 -1 0 0 0.00 0.0 0 M M M M M 2 M M
16 78 56 67 1 0 2 0.00 0.0 0 M M M M M 0 M M
17 84 59 72 6 0 7 0.00 0.0 0 M M M M M 2 1 M M
18 76 61 69 4 0 4 0.00 0.0 0 M M M M M 3 M M
19 80 61 71 6 0 6 0.00 0.0 0 M M M M M 7 M M
20 85 63 74 9 0 9 0.00 0.0 0 M M M M M 5 1 M M
21 68 51 60 -5 5 0 0.00 0.0 0 M M M M M 4 M M
22 67 43 55 -9 10 0 0.00 0.0 0 M M M M M 0 M M
23 66 50 58 -6 7 0 0.10 0.0 0 M M M M M 6 M M
24 73 44 59 -5 6 0 T 0.0 0 M M M M M 5 12 M M
25 64 58 61 -3 4 0 0.11 0.0 0 M M M M M 10 1 M M
26 62 56 59 -4 6 0 0.00 0.0 0 M M M M M 10 1 M M
27 56 50 53 -10 12 0 0.00 0.0 0 M M M M M 10 M M
28 61 52 57 -6 8 0 0.00 0.0 0 M M M M M 10 M M
29 59 55 57 -5 8 0 0.02 0.0 0 M M M M M 10 1 M M
30 64 56 60 -2 5 0 0.02 0.0 0 M M M M M 10 1 M M
================================================================================
SM 2181 1691 105 98 1.29 0.0 M M 164
================================================================================
AV 72.7 56.4 M FASTST M M 5 MAX(MPH)
MISC ----> M M M M
================================================================================
NOTES:
# LAST OF SEVERAL OCCURRENCES
COLUMN 17 PEAK WIND IN M.P.H.
PRELIMINARY LOCAL CLIMATOLOGICAL DATA (WS FORM: F-6) , PAGE 2
STATION: LAREDO
MONTH: NOVEMBER
YEAR: 2023
LATITUDE: 27 31 N
LONGITUDE: 99 28 W
[TEMPERATURE DATA] [PRECIPITATION DATA] SYMBOLS USED IN COLUMN 16
AVERAGE MONTHLY: 64.5 TOTAL FOR MONTH: 1.29 1 = FOG OR MIST
DPTR FM NORMAL: -1.8 DPTR FM NORMAL: 0.25 2 = FOG REDUCING VISIBILITY
HIGHEST: 92 ON 8 GRTST 24HR 0.88 ON 12-12 TO 1/4 MILE OR LESS
LOWEST: 41 ON 1 3 = THUNDER
SNOW, ICE PELLETS, HAIL 4 = ICE PELLETS
TOTAL MONTH: 0.0 INCH 5 = HAIL
GRTST 24HR 0.0 6 = FREEZING RAIN OR DRIZZLE
GRTST DEPTH: 0 7 = DUSTSTORM OR SANDSTORM:
VSBY 1/2 MILE OR LESS
8 = SMOKE OR HAZE
[NO. OF DAYS WITH] [WEATHER - DAYS WITH] 9 = BLOWING SNOW
X = TORNADO
MAX 32 OR BELOW: 0 0.01 INCH OR MORE: 9
MAX 90 OR ABOVE: 1 0.10 INCH OR MORE: 3
MIN 32 OR BELOW: 0 0.50 INCH OR MORE: 1
MIN 0 OR BELOW: 0 1.00 INCH OR MORE: 0
[HDD (BASE 65) ]
TOTAL THIS MO. 105 CLEAR (SCALE 0-3) 10
DPTR FM NORMAL 12 PTCLDY (SCALE 4-7) 9
TOTAL FM JUL 1 130 CLOUDY (SCALE 8-10) 11
DPTR FM NORMAL 23
[CDD (BASE 65) ]
TOTAL THIS MO. 98
DPTR FM NORMAL -34 [PRESSURE DATA]
TOTAL FM JAN 1 5111 HIGHEST SLP 30.50 ON 1
DPTR FM NORMAL 806 LOWEST SLP 29.60 ON 20
[REMARKS]
#FINAL-11-23#