000
CXUS54 KCRP 011605
CLMLRD
CLIMATE REPORT
NATIONAL WEATHER SERVICE CORPUS CHRISTI TX
1031 AM CDT SUN OCT 01 2023
...................................
...THE LAREDO CLIMATE SUMMARY FOR THE MONTH OF SEPTEMBER 2023...
CLIMATE NORMAL PERIOD 1991 TO 2020
CLIMATE RECORD PERIOD 1900 TO 2023
WEATHER OBSERVED NORMAL DEPART LAST YEAR`S
VALUE DATE(S) VALUE FROM VALUE DATE(S)
NORMAL
................................................................
TEMPERATURE (F)
RECORD
HIGH 115 09/05/1985
LOW 45 09/29/1918
HIGHEST 106 09/05 98 8 98 09/20
09/08
LOWEST 72 09/15 68 4 60 09/28
AVG. MAXIMUM 100.7 93.5 7.2 93.6
AVG. MINIMUM 76.9 72.4 4.5 72.9
MEAN 88.8 83.0 5.8 83.3
DAYS MAX >= 90 30 24.0 6.0 27
DAYS MAX <= 32 0 0.0 0.0 0
DAYS MIN <= 32 0 0.0 0.0 0
DAYS MIN <= 0 0 0.0 0.0 0
PRECIPITATION (INCHES)
RECORD
MAXIMUM 12.94 1923
MINIMUM 0.00 1911
1909
1908
TOTALS 3.33 3.64 -0.31 1.18
DAILY AVG. 0.11 0.12 -0.01 0.04
DAYS >= .01 2 MM MM 4
DAYS >= .10 2 MM MM 1
DAYS >= .50 1 MM MM 1
DAYS >= 1.00 1 MM MM 1
GREATEST
24 HR. TOTAL 3.09 09/15 TO 09/15 1.15 09/04 TO 09/04
STORM TOTAL MM 1.15
(MM/DD(HH)) MM
SNOWFALL (INCHES)
RECORDS
TOTAL MM MM
24 HR TOTAL MM
TOTALS 0.0 MM MM 0.0
SINCE 7/1 0.0 MM MM MM
SNOWDEPTH AVG. 0 0
DAYS >= 1.0 0 MM MM
GREATEST
SNOW DEPTH 0 0
24 HR TOTAL 0.0 MM
DEGREE DAYS
HEATING TOTAL 0 0 0 0
SINCE 7/1 0 0 0 MM
COOLING TOTAL 722 539 183 554
SINCE 1/1 4626 3811 815 MM
................................................................
WIND (MPH)
AVERAGE WIND SPEED MM
HIGHEST WIND SPEED/DIRECTION MM DATE MM
HIGHEST GUST SPEED/DIRECTION MM DATE MM
SKY COVER
AVERAGE SKY COVER 0.07
AVERAGE RH (PERCENT) 59
WEATHER CONDITIONS. NUMBER OF DAYS WITH
THUNDERSTORM 1 MIXED PRECIP 0
HEAVY RAIN 1 RAIN 2
LIGHT RAIN 3 FREEZING RAIN 0
LT FREEZING RAIN 0 HAIL 0
HEAVY SNOW 0 SNOW 0
LIGHT SNOW 0 SLEET 0
FOG 2 FOG W/VIS <= 1/4 MILE 0
HAZE 2
- INDICATES NEGATIVE NUMBERS.
R INDICATES RECORD WAS SET OR TIED.
MM INDICATES DATA IS MISSING.
T INDICATES TRACE AMOUNT.
$$
EMF