000
CXUS54 KLZK 011230
CF6LRF
PRELIMINARY LOCAL CLIMATOLOGICAL DATA (WS FORM: F-6)
STATION: JACKSONVILLE/LITTLE ROCK AFB
MONTH: JULY
YEAR: 2023
LATITUDE: 34 55 N
LONGITUDE: 92 9 W
TEMPERATURE IN F: :PCPN: SNOW: WIND :SUNSHINE: SKY :PK WND
================================================================================
1 2 3 4 5 6A 6B 7 8 9 10 11 12 13 14 15 16 17 18
12Z AVG MX 2MIN
DY MAX MIN AVG DEP HDD CDD WTR SNW DPTH SPD SPD DIR MIN PSBL S-S WX SPD DR
================================================================================
1 98 76 87 6 0 22 0.00 0.0 M 6.7 16 220 M M 2 24 250
2 98 74 86 5 0 21 0.00 0.0 M 7.5 21 230 M M 2 24 230
3 93 71 82 1 0 17 0.00 0.0 M 2.7 23 220 M M 2 3 31 230
4 89 72 81 0 0 16 T 0.0 M 3.9 8 150 M M 5 M M
5 94 69 82 1 0 17 0.00 0.0 M 3.4 10 200 M M 1 M M
6 93 72 83 2 0 18 T 0.0 M 4.0 15 240 M M 6 M M
7 89 72 81 -1 0 16 0.75 0.0 0 4.0 12 220 M M 6 13 M M
8 88 75 82 0 0 17 0.04 0.0 0 3.5 13 260 M M 6 3 M M
9 76 68 72 -10 0 7 0.71 0.0 0 3.4 10 70 M M 7 13 M M
10 85 63 74 -8 0 9 0.00 0.0 0 2.3 7 30 M M 1 M M
11 85 62 74 -8 0 9 T 0.0 0 4.4 12 150 M M 3 M M
12 86 74 80 -2 0 15 0.00 0.0 M 5.2 14 230 M M 6 1 M M
13 90 73 82 0 0 17 0.39 0.0 M 4.7 12 240 M M 7 13 M M
14 88 72 80 -2 0 15 0.92 0.0 0 4.8 18 330 M M 7 13 37 330
15 91 70 81 -1 0 16 0.44 0.0 0 3.9 9 330 M M 5 13 M M
16 90 70 80 -2 0 15 T 0.0 M 2.2 7 270 M M 0 M M
17 94 70 82 0 0 17 0.01 0.0 M 4.4 18 260 M M 2 8 25 260
18 98 77 88 6 0 23 0.00 0.0 M 5.9 15 230 M M 0 20 210
19 97 81 89 6 0 24 0.00 0.0 M 9.6 17 230 M M 1 20 240
20 98 78 88 5 0 23 0.00 0.0 M 5.6 10 190 M M 5 18 190
21 85 71 78 -5 0 13 0.70 0.0 0 2.9 29 270 M M 5 123 41 270
22 86 69 78 -5 0 13 0.00 0.0 0 2.6 9 10 M M 3 8 M M
23 91 67 79 -4 0 14 0.00 0.0 0 4.3 10 280 M M 0 M M
24 95 68 82 -1 0 17 0.00 0.0 0 4.0 9 200 M M 1 M M
25 96 68 82 -1 0 17 0.00 0.0 0 5.1 12 200 M M 1 20 190
26 96 78 87 4 0 22 0.01 0.0 M 6.4 12 240 M M 4 M M
27 99 74 87 4 0 22 0.00 0.0 M 6.2 13 210 M M 3 20 210
28 99 72 86 3 0 21 0.00 0.0 0 5.0 12 160 M M 0 21 190
29 99 72 86 3 0 21 0.00 0.0 0 3.6 9 310 M M 0 M M
30 99 73 86 3 0 21 0.00 0.0 0 3.0 7 360 M M 2 M M
31 93 70 82 -1 0 17 0.20 0.0 0 4.0 15 330 M M 2 13 31 320
================================================================================
SM 2858 2221 0 532 4.17 0.0 139.2 M 95
================================================================================
AV 92.2 71.6 4.5 FASTST M M 3 MAX(MPH)
MISC ----> 29 270 41 270
================================================================================
NOTES:
# LAST OF SEVERAL OCCURRENCES
COLUMN 17 PEAK WIND IN M.P.H.
PRELIMINARY LOCAL CLIMATOLOGICAL DATA (WS FORM: F-6) , PAGE 2
STATION: JACKSONVILLE/LITTLE ROCK AFB
MONTH: JULY
YEAR: 2023
LATITUDE: 34 55 N
LONGITUDE: 92 9 W
[TEMPERATURE DATA] [PRECIPITATION DATA] SYMBOLS USED IN COLUMN 16
AVERAGE MONTHLY: 81.9 TOTAL FOR MONTH: 4.17 1 = FOG OR MIST
DPTR FM NORMAL: -0.3 DPTR FM NORMAL: M 2 = FOG REDUCING VISIBILITY
HIGHEST: 99 ON 30,29 GRTST 24HR 0.92 ON 14-14 TO 1/4 MILE OR LESS
LOWEST: 62 ON 11 3 = THUNDER
SNOW, ICE PELLETS, HAIL 4 = ICE PELLETS
TOTAL MONTH: 0.0 INCH 5 = HAIL
GRTST 24HR 0.0 6 = FREEZING RAIN OR DRIZZLE
GRTST DEPTH: 0 7 = DUSTSTORM OR SANDSTORM:
VSBY 1/2 MILE OR LESS
8 = SMOKE OR HAZE
[NO. OF DAYS WITH] [WEATHER - DAYS WITH] 9 = BLOWING SNOW
X = TORNADO
MAX 32 OR BELOW: 0 0.01 INCH OR MORE: 10
MAX 90 OR ABOVE: 21 0.10 INCH OR MORE: 7
MIN 32 OR BELOW: 0 0.50 INCH OR MORE: 4
MIN 0 OR BELOW: 0 1.00 INCH OR MORE: 0
[HDD (BASE 65) ]
TOTAL THIS MO. 0 CLEAR (SCALE 0-3) 18
DPTR FM NORMAL -6 PTCLDY (SCALE 4-7) 13
TOTAL FM JUL 1 0 CLOUDY (SCALE 8-10) 0
DPTR FM NORMAL -6
[CDD (BASE 65) ]
TOTAL THIS MO. 532
DPTR FM NORMAL -2 [PRESSURE DATA]
TOTAL FM JAN 1 1205 HIGHEST SLP M ON M
DPTR FM NORMAL 27 LOWEST SLP M ON M
[REMARKS]
#FINAL-07-23#